122.164.80.23 - - [05/Jan/2025:12:40:20 +0530] "GET /uploads/images/202410/img_1920x_6719f5ae1a6871-49565685-70376581.jpg HTTP/1.1" 200 1473865 "https://www.selectionsilks.com/georgette-umbrella-kurtis-644" "Mozilla/5.0 (Linux; Android 10; K) AppleWebKit/537.36 (KHTML, like Gecko) Chrome/131.0.0.0 Mobile Safari/537.36"
122.164.80.23 - - [05/Jan/2025:12:40:22 +0530] "GET /uploads/images/202410/img_1920x_6719f3bce3fdd6-82945537-14206981.jpg HTTP/1.1" 200 1413569 "https://www.selectionsilks.com/georgette-umbrella-kurtis-644" "Mozilla/5.0 (Linux; Android 10; K) AppleWebKit/537.36 (KHTML, like Gecko) Chrome/131.0.0.0 Mobile Safari/537.36"
122.164.80.23 - - [05/Jan/2025:12:40:22 +0530] "GET /uploads/images/202410/img_1920x_6719f3c97cbf62-68846271-26372035.jpg HTTP/1.1" 200 1338030 "https://www.selectionsilks.com/georgette-umbrella-kurtis-644" "Mozilla/5.0 (Linux; Android 10; K) AppleWebKit/537.36 (KHTML, like Gecko) Chrome/131.0.0.0 Mobile Safari/537.36"
122.164.80.23 - - [05/Jan/2025:12:40:43 +0530] "GET /uploads/images/202308/img_1920x_64d110fc4252d1-63339404-33412150.jpg HTTP/1.1" 200 634167 "https://www.selectionsilks.com/georgette-umbrella-kurtis-644" "Mozilla/5.0 (Linux; Android 10; K) AppleWebKit/537.36 (KHTML, like Gecko) Chrome/131.0.0.0 Mobile Safari/537.36"
122.164.80.23 - - [05/Jan/2025:12:40:43 +0530] "GET /uploads/images/202308/img_1920x_64d110e91cef71-00797094-37141692.jpg HTTP/1.1" 200 677978 "https://www.selectionsilks.com/georgette-umbrella-kurtis-644" "Mozilla/5.0 (Linux; Android 10; K) AppleWebKit/537.36 (KHTML, like Gecko) Chrome/131.0.0.0 Mobile Safari/537.36"
122.164.80.23 - - [05/Jan/2025:12:40:43 +0530] "GET /uploads/images/202410/img_1920x_6717469f8a0207-59380853-54154861.jpg HTTP/1.1" 200 1662817 "https://www.selectionsilks.com/georgette-umbrella-kurtis-644" "Mozilla/5.0 (Linux; Android 10; K) AppleWebKit/537.36 (KHTML, like Gecko) Chrome/131.0.0.0 Mobile Safari/537.36"
122.164.80.23 - - [05/Jan/2025:12:40:43 +0530] "GET /uploads/images/202308/img_1920x_64de272f2d6771-67625073-10141390.jpg HTTP/1.1" 200 1180513 "https://www.selectionsilks.com/georgette-umbrella-kurtis-644" "Mozilla/5.0 (Linux; Android 10; K) AppleWebKit/537.36 (KHTML, like Gecko) Chrome/131.0.0.0 Mobile Safari/537.36"
122.164.80.23 - - [05/Jan/2025:12:40:43 +0530] "GET /uploads/images/202308/img_1920x_64de2717436f74-99278387-43125261.jpg HTTP/1.1" 200 1223212 "https://www.selectionsilks.com/georgette-umbrella-kurtis-644" "Mozilla/5.0 (Linux; Android 10; K) AppleWebKit/537.36 (KHTML, like Gecko) Chrome/131.0.0.0 Mobile Safari/537.36"
122.164.80.23 - - [05/Jan/2025:12:40:43 +0530] "GET /uploads/images/202410/img_1920x_66ffdd974744d9-96033045-82433111.jpg HTTP/1.1" 200 2055809 "https://www.selectionsilks.com/georgette-umbrella-kurtis-644" "Mozilla/5.0 (Linux; Android 10; K) AppleWebKit/537.36 (KHTML, like Gecko) Chrome/131.0.0.0 Mobile Safari/537.36"
122.164.80.23 - - [05/Jan/2025:12:40:43 +0530] "GET /uploads/images/202410/img_1920x_66ffdd9a8111a3-11446321-70611316.jpg HTTP/1.1" 200 1550436 "https://www.selectionsilks.com/georgette-umbrella-kurtis-644" "Mozilla/5.0 (Linux; Android 10; K) AppleWebKit/537.36 (KHTML, like Gecko) Chrome/131.0.0.0 Mobile Safari/537.36"
122.164.80.23 - - [05/Jan/2025:12:40:43 +0530] "GET /uploads/images/202410/img_1920x_6717469359cec3-34624883-18158605.jpg HTTP/1.1" 200 1738709 "https://www.selectionsilks.com/georgette-umbrella-kurtis-644" "Mozilla/5.0 (Linux; Android 10; K) AppleWebKit/537.36 (KHTML, like Gecko) Chrome/131.0.0.0 Mobile Safari/537.36"
122.164.80.23 - - [05/Jan/2025:12:40:45 +0530] "GET /uploads/images/202410/img_1920x_67077f046b8387-30351924-20601383.jpg HTTP/1.1" 200 2035431 "https://www.selectionsilks.com/georgette-umbrella-kurtis-644" "Mozilla/5.0 (Linux; Android 10; K) AppleWebKit/537.36 (KHTML, like Gecko) Chrome/131.0.0.0 Mobile Safari/537.36"
122.164.80.23 - - [05/Jan/2025:12:40:45 +0530] "GET /uploads/images/202410/img_1920x_67077efb340122-64344631-40220352.jpg HTTP/1.1" 200 1989790 "https://www.selectionsilks.com/georgette-umbrella-kurtis-644" "Mozilla/5.0 (Linux; Android 10; K) AppleWebKit/537.36 (KHTML, like Gecko) Chrome/131.0.0.0 Mobile Safari/537.36"
122.164.80.23 - - [05/Jan/2025:12:40:49 +0530] "POST /select-variation-option-post HTTP/1.1" 200 120 "https://www.selectionsilks.com/georgette-umbrella-kurtis-644" "Mozilla/5.0 (Linux; Android 10; K) AppleWebKit/537.36 (KHTML, like Gecko) Chrome/131.0.0.0 Mobile Safari/537.36"
122.164.80.23 - - [05/Jan/2025:12:40:51 +0530] "POST /add-to-cart HTTP/1.1" 200 48 "https://www.selectionsilks.com/georgette-umbrella-kurtis-644" "Mozilla/5.0 (Linux; Android 10; K) AppleWebKit/537.36 (KHTML, like Gecko) Chrome/131.0.0.0 Mobile Safari/537.36"
122.164.80.23 - - [05/Jan/2025:12:40:56 +0530] "GET /cart HTTP/1.1" 200 9276 "https://www.selectionsilks.com/georgette-umbrella-kurtis-644" "Mozilla/5.0 (Linux; Android 10; K) AppleWebKit/537.36 (KHTML, like Gecko) Chrome/131.0.0.0 Mobile Safari/537.36"
122.164.80.23 - - [05/Jan/2025:12:40:56 +0530] "GET /assets/img/payment/visa.svg HTTP/1.1" 200 1464 "https://www.selectionsilks.com/cart" "Mozilla/5.0 (Linux; Android 10; K) AppleWebKit/537.36 (KHTML, like Gecko) Chrome/131.0.0.0 Mobile Safari/537.36"
122.164.80.23 - - [05/Jan/2025:12:40:56 +0530] "GET /assets/img/payment/mastercard.svg HTTP/1.1" 200 3545 "https://www.selectionsilks.com/cart" "Mozilla/5.0 (Linux; Android 10; K) AppleWebKit/537.36 (KHTML, like Gecko) Chrome/131.0.0.0 Mobile Safari/537.36"
122.164.80.23 - - [05/Jan/2025:12:40:56 +0530] "GET /assets/img/payment/maestro.svg HTTP/1.1" 200 3474 "https://www.selectionsilks.com/cart" "Mozilla/5.0 (Linux; Android 10; K) AppleWebKit/537.36 (KHTML, like Gecko) Chrome/131.0.0.0 Mobile Safari/537.36"
122.164.80.23 - - [05/Jan/2025:12:40:56 +0530] "GET /assets/img/payment/amex.svg HTTP/1.1" 200 3959 "https://www.selectionsilks.com/cart" "Mozilla/5.0 (Linux; Android 10; K) AppleWebKit/537.36 (KHTML, like Gecko) Chrome/131.0.0.0 Mobile Safari/537.36"
122.164.80.23 - - [05/Jan/2025:12:40:56 +0530] "GET /assets/img/payment/discover.svg HTTP/1.1" 200 4851 "https://www.selectionsilks.com/cart" "Mozilla/5.0 (Linux; Android 10; K) AppleWebKit/537.36 (KHTML, like Gecko) Chrome/131.0.0.0 Mobile Safari/537.36"
122.164.80.23 - - [05/Jan/2025:12:41:00 +0530] "GET /cart/shipping HTTP/1.1" 200 15893 "https://www.selectionsilks.com/cart" "Mozilla/5.0 (Linux; Android 10; K) AppleWebKit/537.36 (KHTML, like Gecko) Chrome/131.0.0.0 Mobile Safari/537.36"
64.233.173.137 - - [05/Jan/2025:12:41:01 +0530] "GET /cart HTTP/1.1" 200 8434 "-" "Mozilla/5.0 (Linux; Android 7.0; SM-G930V Build/NRD90M) AppleWebKit/537.36 (KHTML, like Gecko) Chrome/59.0.3071.125 Mobile Safari/537.36 (compatible; Google-Read-Aloud; +https://support.google.com/webmasters/answer/1061943)"
122.164.80.23 - - [05/Jan/2025:12:41:03 +0530] "POST /ajax_controller/get_states HTTP/1.1" 200 487 "https://www.selectionsilks.com/cart/shipping" "Mozilla/5.0 (Linux; Android 10; K) AppleWebKit/537.36 (KHTML, like Gecko) Chrome/131.0.0.0 Mobile Safari/537.36"
122.164.80.23 - - [05/Jan/2025:12:41:03 +0530] "POST /ajax_controller/get_states HTTP/1.1" 200 487 "https://www.selectionsilks.com/cart/shipping" "Mozilla/5.0 (Linux; Android 10; K) AppleWebKit/537.36 (KHTML, like Gecko) Chrome/131.0.0.0 Mobile Safari/537.36"
64.233.173.137 - - [05/Jan/2025:12:41:03 +0530] "GET /cart HTTP/1.1" 200 8437 "-" "Mozilla/5.0 (Linux; Android 7.0; SM-G930V Build/NRD90M) AppleWebKit/537.36 (KHTML, like Gecko) Chrome/59.0.3071.125 Mobile Safari/537.36 (compatible; Google-Read-Aloud; +https://support.google.com/webmasters/answer/1061943)"
64.233.173.136 - - [05/Jan/2025:12:41:03 +0530] "GET /cart HTTP/1.1" 200 8436 "-" "Mozilla/5.0 (Linux; Android 7.0; SM-G930V Build/NRD90M) AppleWebKit/537.36 (KHTML, like Gecko) Chrome/59.0.3071.125 Mobile Safari/537.36 (compatible; Google-Read-Aloud; +https://support.google.com/webmasters/answer/1061943)"
64.233.173.136 - - [05/Jan/2025:12:41:05 +0530] "GET /cart/shipping HTTP/1.1" 307 20 "-" "Mozilla/5.0 (Linux; Android 7.0; SM-G930V Build/NRD90M) AppleWebKit/537.36 (KHTML, like Gecko) Chrome/59.0.3071.125 Mobile Safari/537.36 (compatible; Google-Read-Aloud; +https://support.google.com/webmasters/answer/1061943)"
64.233.173.136 - - [05/Jan/2025:12:41:05 +0530] "GET /cart HTTP/1.1" 200 8438 "-" "Mozilla/5.0 (Linux; Android 7.0; SM-G930V Build/NRD90M) AppleWebKit/537.36 (KHTML, like Gecko) Chrome/59.0.3071.125 Mobile Safari/537.36 (compatible; Google-Read-Aloud; +https://support.google.com/webmasters/answer/1061943)"
64.233.173.136 - - [05/Jan/2025:12:41:06 +0530] "GET /cart HTTP/1.1" 200 8434 "-" "Mozilla/5.0 (Linux; Android 7.0; SM-G930V Build/NRD90M) AppleWebKit/537.36 (KHTML, like Gecko) Chrome/59.0.3071.125 Mobile Safari/537.36 (compatible; Google-Read-Aloud; +https://support.google.com/webmasters/answer/1061943)"
64.233.173.137 - - [05/Jan/2025:12:40:18 +0530] "GET /georgette-umbrella-kurtis-644 HTTP/1.1" 200 18574 "-" "Mozilla/5.0 (Linux; Android 7.0; SM-G930V Build/NRD90M) AppleWebKit/537.36 (KHTML, like Gecko) Chrome/59.0.3071.125 Mobile Safari/537.36 (compatible; Google-Read-Aloud; +https://support.google.com/webmasters/answer/1061943)"
122.164.80.23 - - [05/Jan/2025:12:41:43 +0530] "POST /cart_controller/get_shipping_methods_by_location HTTP/1.1" 200 920 "https://www.selectionsilks.com/cart/shipping" "Mozilla/5.0 (Linux; Android 10; K) AppleWebKit/537.36 (KHTML, like Gecko) Chrome/131.0.0.0 Mobile Safari/537.36"
122.164.80.23 - - [05/Jan/2025:12:41:48 +0530] "POST /shipping-post HTTP/1.1" 303 20 "https://www.selectionsilks.com/cart/shipping" "Mozilla/5.0 (Linux; Android 10; K) AppleWebKit/537.36 (KHTML, like Gecko) Chrome/131.0.0.0 Mobile Safari/537.36"
122.164.80.23 - - [05/Jan/2025:12:41:48 +0530] "GET /cart/payment-method HTTP/1.1" 200 9470 "https://www.selectionsilks.com/cart/shipping" "Mozilla/5.0 (Linux; Android 10; K) AppleWebKit/537.36 (KHTML, like Gecko) Chrome/131.0.0.0 Mobile Safari/537.36"
64.233.173.137 - - [05/Jan/2025:12:41:54 +0530] "GET /cart/payment-method HTTP/1.1" 307 20 "-" "Mozilla/5.0 (Linux; Android 7.0; SM-G930V Build/NRD90M) AppleWebKit/537.36 (KHTML, like Gecko) Chrome/59.0.3071.125 Mobile Safari/537.36 (compatible; Google-Read-Aloud; +https://support.google.com/webmasters/answer/1061943)"
64.233.173.136 - - [05/Jan/2025:12:41:55 +0530] "GET /cart HTTP/1.1" 200 8433 "-" "Mozilla/5.0 (Linux; Android 7.0; SM-G930V Build/NRD90M) AppleWebKit/537.36 (KHTML, like Gecko) Chrome/59.0.3071.125 Mobile Safari/537.36 (compatible; Google-Read-Aloud; +https://support.google.com/webmasters/answer/1061943)"
195.35.23.211 - - [05/Jan/2025:12:42:28 +0530] "GET /3-idiots/product/earpods-usb-c-oG6KEZ HTTP/2" 200 235160 "-" "Mozilla/5.0 (Windows NT 10.0; Win64; x64) AppleWebKit/537.36 (KHTML, like Gecko) Chrome/91.0.4472.124 Safari/537.36"
195.35.23.211 - - [05/Jan/2025:12:43:29 +0530] "GET /3-idiots/product/earpods-usb-c-oG6KEZ HTTP/2" 200 235160 "-" "Mozilla/5.0 (Windows NT 10.0; Win64; x64) AppleWebKit/537.36 (KHTML, like Gecko) Firefox/89.0"
54.36.148.245 - - [05/Jan/2025:12:43:31 +0530] "GET /burqas/daily-wear-28?search=&p_max=799 HTTP/2" 200 11638 "-" "Mozilla/5.0 (compatible; AhrefsBot/7.0; +http://ahrefs.com/robot/)"
195.35.23.211 - - [05/Jan/2025:12:43:33 +0530] "GET /3-idiots/product/earpods-usb-c-oG6KEZ HTTP/2" 200 235160 "-" "Mozilla/5.0 (Windows NT 10.0; Win64; x64; rv:89.0) Gecko/20100101 Firefox/89.0"
122.164.80.23 - - [05/Jan/2025:12:43:53 +0530] "GET /cart/payment-method HTTP/1.1" 200 9473 "https://www.selectionsilks.com/cart/shipping" "Mozilla/5.0 (Linux; Android 10; K) AppleWebKit/537.36 (KHTML, like Gecko) Chrome/131.0.0.0 Mobile Safari/537.36"
122.164.80.23 - - [05/Jan/2025:12:43:54 +0530] "GET / HTTP/1.1" 200 23222 "https://www.selectionsilks.com/cart/payment-method" "Mozilla/5.0 (Linux; Android 10; K) AppleWebKit/537.36 (KHTML, like Gecko) Chrome/131.0.0.0 Mobile Safari/537.36"
122.164.80.23 - - [05/Jan/2025:12:43:55 +0530] "GET /uploads/images/offer_bg.jpg HTTP/1.1" 200 31436 "https://www.selectionsilks.com/" "Mozilla/5.0 (Linux; Android 10; K) AppleWebKit/537.36 (KHTML, like Gecko) Chrome/131.0.0.0 Mobile Safari/537.36"
122.164.80.23 - - [05/Jan/2025:12:43:55 +0530] "GET /uploads/slider/slider_64cac47e899a92-30413237-95351462.jpg HTTP/1.1" 200 85053 "https://www.selectionsilks.com/" "Mozilla/5.0 (Linux; Android 10; K) AppleWebKit/537.36 (KHTML, like Gecko) Chrome/131.0.0.0 Mobile Safari/537.36"
122.164.80.23 - - [05/Jan/2025:12:43:56 +0530] "GET /uploads/category/category_64e1a430421e95-69842911-49098696.jpg HTTP/1.1" 200 50528 "https://www.selectionsilks.com/" "Mozilla/5.0 (Linux; Android 10; K) AppleWebKit/537.36 (KHTML, like Gecko) Chrome/131.0.0.0 Mobile Safari/537.36"
122.164.80.23 - - [05/Jan/2025:12:43:56 +0530] "GET /uploads/category/category_66f3b624bbf6d1-76153243-65645408.jpg HTTP/1.1" 200 57389 "https://www.selectionsilks.com/" "Mozilla/5.0 (Linux; Android 10; K) AppleWebKit/537.36 (KHTML, like Gecko) Chrome/131.0.0.0 Mobile Safari/537.36"
122.164.80.23 - - [05/Jan/2025:12:43:55 +0530] "GET /uploads/category/category_64ca0dfc1d7687-64118209-20216497.jpg HTTP/1.1" 200 55411 "https://www.selectionsilks.com/" "Mozilla/5.0 (Linux; Android 10; K) AppleWebKit/537.36 (KHTML, like Gecko) Chrome/131.0.0.0 Mobile Safari/537.36"
122.164.80.23 - - [05/Jan/2025:12:43:56 +0530] "GET /uploads/slider/slider_64d5d6c965bec5-89055606-92676844.jpg HTTP/1.1" 200 87746 "https://www.selectionsilks.com/" "Mozilla/5.0 (Linux; Android 10; K) AppleWebKit/537.36 (KHTML, like Gecko) Chrome/131.0.0.0 Mobile Safari/537.36"
122.164.80.23 - - [05/Jan/2025:12:43:56 +0530] "GET /uploads/category/category_66f3b5b49bb833-83481689-15613788.jpg HTTP/1.1" 200 83608 "https://www.selectionsilks.com/" "Mozilla/5.0 (Linux; Android 10; K) AppleWebKit/537.36 (KHTML, like Gecko) Chrome/131.0.0.0 Mobile Safari/537.36"
122.164.80.23 - - [05/Jan/2025:12:43:55 +0530] "GET /uploads/category/category_64ca0c0d401f49-80781686-96044666.jpg HTTP/1.1" 200 91614 "https://www.selectionsilks.com/" "Mozilla/5.0 (Linux; Android 10; K) AppleWebKit/537.36 (KHTML, like Gecko) Chrome/131.0.0.0 Mobile Safari/537.36"
122.164.80.23 - - [05/Jan/2025:12:43:55 +0530] "GET /uploads/slider/slider_64d5d65b6a6c86-43332181-85150130.jpg HTTP/1.1" 200 87824 "https://www.selectionsilks.com/" "Mozilla/5.0 (Linux; Android 10; K) AppleWebKit/537.36 (KHTML, like Gecko) Chrome/131.0.0.0 Mobile Safari/537.36"
122.164.80.23 - - [05/Jan/2025:12:43:56 +0530] "GET /uploads/category/category_66f50cbd370622-21103913-82633908.jpg HTTP/1.1" 200 94521 "https://www.selectionsilks.com/" "Mozilla/5.0 (Linux; Android 10; K) AppleWebKit/537.36 (KHTML, like Gecko) Chrome/131.0.0.0 Mobile Safari/537.36"
122.164.80.23 - - [05/Jan/2025:12:43:59 +0530] "GET /uploads/images/202410/img_1920x_6719f33b2e9b82-54605840-21582925.jpg HTTP/1.1" 200 1101510 "https://www.selectionsilks.com/" "Mozilla/5.0 (Linux; Android 10; K) AppleWebKit/537.36 (KHTML, like Gecko) Chrome/131.0.0.0 Mobile Safari/537.36"
122.164.80.23 - - [05/Jan/2025:12:43:59 +0530] "GET /uploads/images/202410/img_1920x_6719f3351fd409-06404108-86947439.jpg HTTP/1.1" 200 1352195 "https://www.selectionsilks.com/" "Mozilla/5.0 (Linux; Android 10; K) AppleWebKit/537.36 (KHTML, like Gecko) Chrome/131.0.0.0 Mobile Safari/537.36"
122.164.80.23 - - [05/Jan/2025:12:43:59 +0530] "GET /uploads/images/202410/img_1920x_6719eb308a2ad7-42557883-90946799.jpg HTTP/1.1" 200 1326998 "https://www.selectionsilks.com/" "Mozilla/5.0 (Linux; Android 10; K) AppleWebKit/537.36 (KHTML, like Gecko) Chrome/131.0.0.0 Mobile Safari/537.36"
122.164.80.23 - - [05/Jan/2025:12:43:59 +0530] "GET /uploads/images/202410/img_1920x_6719eb4037dca0-93748419-77018552.jpg HTTP/1.1" 200 1231149 "https://www.selectionsilks.com/" "Mozilla/5.0 (Linux; Android 10; K) AppleWebKit/537.36 (KHTML, like Gecko) Chrome/131.0.0.0 Mobile Safari/537.36"
122.164.80.23 - - [05/Jan/2025:12:43:59 +0530] "GET /uploads/images/202410/img_1920x_6719e9f7928a17-93935849-57270580.jpg HTTP/1.1" 200 1302144 "https://www.selectionsilks.com/" "Mozilla/5.0 (Linux; Android 10; K) AppleWebKit/537.36 (KHTML, like Gecko) Chrome/131.0.0.0 Mobile Safari/537.36"
64.233.173.138 - - [05/Jan/2025:12:44:01 +0530] "GET /assets/vendor/bootstrap/js/bootstrap.bundle.min.js HTTP/1.1" 200 20914 "https://www.selectionsilks.com/" "Mozilla/5.0 (Linux; Android 7.0; SM-G930V Build/NRD90M) AppleWebKit/537.36 (KHTML, like Gecko) Chrome/59.0.3071.125 Mobile Safari/537.36 (compatible; Google-Read-Aloud; +https://support.google.com/webmasters/answer/1061943)"
122.164.80.23 - - [05/Jan/2025:12:43:59 +0530] "GET /uploads/images/202410/img_1920x_6719e9efd20311-99449978-53698127.jpg HTTP/1.1" 200 1398015 "https://www.selectionsilks.com/" "Mozilla/5.0 (Linux; Android 10; K) AppleWebKit/537.36 (KHTML, like Gecko) Chrome/131.0.0.0 Mobile Safari/537.36"
122.164.80.23 - - [05/Jan/2025:12:43:59 +0530] "GET /uploads/images/202410/img_1920x_671748957b99c0-03563162-88735968.jpg HTTP/1.1" 200 1902362 "https://www.selectionsilks.com/" "Mozilla/5.0 (Linux; Android 10; K) AppleWebKit/537.36 (KHTML, like Gecko) Chrome/131.0.0.0 Mobile Safari/537.36"
122.164.80.23 - - [05/Jan/2025:12:43:59 +0530] "GET /uploads/images/202410/img_1920x_671747717cd750-42313302-57308605.jpg HTTP/1.1" 200 1737430 "https://www.selectionsilks.com/" "Mozilla/5.0 (Linux; Android 10; K) AppleWebKit/537.36 (KHTML, like Gecko) Chrome/131.0.0.0 Mobile Safari/537.36"
122.164.80.23 - - [05/Jan/2025:12:43:59 +0530] "GET /uploads/images/202410/img_1920x_67174725790776-59642635-92696364.jpg HTTP/1.1" 200 1773989 "https://www.selectionsilks.com/" "Mozilla/5.0 (Linux; Android 10; K) AppleWebKit/537.36 (KHTML, like Gecko) Chrome/131.0.0.0 Mobile Safari/537.36"
122.164.80.23 - - [05/Jan/2025:12:44:01 +0530] "GET /uploads/images/202410/img_1920x_67174373cdd4f4-00769166-31437212.jpg HTTP/1.1" 200 1632292 "https://www.selectionsilks.com/" "Mozilla/5.0 (Linux; Android 10; K) AppleWebKit/537.36 (KHTML, like Gecko) Chrome/131.0.0.0 Mobile Safari/537.36"
122.164.80.23 - - [05/Jan/2025:12:44:01 +0530] "GET /uploads/images/202410/img_1920x_67174382bb0132-46282003-95108348.jpg HTTP/1.1" 200 1827407 "https://www.selectionsilks.com/" "Mozilla/5.0 (Linux; Android 10; K) AppleWebKit/537.36 (KHTML, like Gecko) Chrome/131.0.0.0 Mobile Safari/537.36"
122.164.80.23 - - [05/Jan/2025:12:44:01 +0530] "GET /uploads/images/202410/img_1920x_671742349b25a5-63980720-39199251.jpg HTTP/1.1" 200 1250872 "https://www.selectionsilks.com/" "Mozilla/5.0 (Linux; Android 10; K) AppleWebKit/537.36 (KHTML, like Gecko) Chrome/131.0.0.0 Mobile Safari/537.36"
122.164.80.23 - - [05/Jan/2025:12:44:01 +0530] "GET /uploads/images/202410/img_1920x_67173891f269d1-02580067-85091350.jpg HTTP/1.1" 200 1526631 "https://www.selectionsilks.com/" "Mozilla/5.0 (Linux; Android 10; K) AppleWebKit/537.36 (KHTML, like Gecko) Chrome/131.0.0.0 Mobile Safari/537.36"
122.164.80.23 - - [05/Jan/2025:12:44:01 +0530] "GET /uploads/images/202410/img_1920x_67173cad1d1fa6-56943975-44920874.jpg HTTP/1.1" 200 1594774 "https://www.selectionsilks.com/" "Mozilla/5.0 (Linux; Android 10; K) AppleWebKit/537.36 (KHTML, like Gecko) Chrome/131.0.0.0 Mobile Safari/537.36"
122.164.80.23 - - [05/Jan/2025:12:44:01 +0530] "GET /uploads/images/202410/img_1920x_6717422d854f11-60403331-74246930.jpg HTTP/1.1" 200 1549255 "https://www.selectionsilks.com/" "Mozilla/5.0 (Linux; Android 10; K) AppleWebKit/537.36 (KHTML, like Gecko) Chrome/131.0.0.0 Mobile Safari/537.36"
122.164.80.23 - - [05/Jan/2025:12:44:01 +0530] "GET /uploads/images/202410/img_1920x_6717388c300114-49280588-47244777.jpg HTTP/1.1" 200 1649633 "https://www.selectionsilks.com/" "Mozilla/5.0 (Linux; Android 10; K) AppleWebKit/537.36 (KHTML, like Gecko) Chrome/131.0.0.0 Mobile Safari/537.36"
122.164.80.23 - - [05/Jan/2025:12:44:01 +0530] "GET /uploads/images/202410/img_1920x_671740d460b496-95407527-50480988.jpg HTTP/1.1" 200 1980306 "https://www.selectionsilks.com/" "Mozilla/5.0 (Linux; Android 10; K) AppleWebKit/537.36 (KHTML, like Gecko) Chrome/131.0.0.0 Mobile Safari/537.36"
122.164.80.23 - - [05/Jan/2025:12:44:02 +0530] "GET /uploads/images/202410/img_1920x_67169963d39b63-87527824-17854757.jpg HTTP/1.1" 200 1592008 "https://www.selectionsilks.com/" "Mozilla/5.0 (Linux; Android 10; K) AppleWebKit/537.36 (KHTML, like Gecko) Chrome/131.0.0.0 Mobile Safari/537.36"
122.164.80.23 - - [05/Jan/2025:12:44:01 +0530] "GET /uploads/images/202410/img_1920x_67173ca46d8b99-87915265-54530851.jpg HTTP/1.1" 200 1980099 "https://www.selectionsilks.com/" "Mozilla/5.0 (Linux; Android 10; K) AppleWebKit/537.36 (KHTML, like Gecko) Chrome/131.0.0.0 Mobile Safari/537.36"
103.182.68.172 - - [05/Jan/2025:12:28:58 +0530] "GET /a/simple-lightbox.css?v2.14.0 HTTP/2" 200 1000 "https://www.a1tex.in/" "Mozilla/5.0 (Linux; Android 10; K) AppleWebKit/537.36 (KHTML, like Gecko) Chrome/131.0.0.0 Mobile Safari/537.36"
103.182.68.172 - - [05/Jan/2025:12:28:58 +0530] "GET /a/simple-lightbox.js?v2.14.0 HTTP/2" 200 13205 "https://www.a1tex.in/" "Mozilla/5.0 (Linux; Android 10; K) AppleWebKit/537.36 (KHTML, like Gecko) Chrome/131.0.0.0 Mobile Safari/537.36"
54.36.148.94 - - [05/Jan/2025:12:38:52 +0530] "GET /kurtis?p_max=499&page=4 HTTP/2" 200 14457 "-" "Mozilla/5.0 (compatible; AhrefsBot/7.0; +http://ahrefs.com/robot/)"
122.164.80.23 - - [05/Jan/2025:12:40:10 +0530] "GET /georgette-umbrella-kurtis-644 HTTP/2" 200 18593 "-" "Mozilla/5.0 (Linux; Android 10; K) AppleWebKit/537.36 (KHTML, like Gecko) Chrome/131.0.0.0 Mobile Safari/537.36"
122.164.80.23 - - [05/Jan/2025:12:40:11 +0530] "GET /assets/vendor/font-icons/css/mds-icons.min.css HTTP/2" 200 909 "https://www.selectionsilks.com/georgette-umbrella-kurtis-644" "Mozilla/5.0 (Linux; Android 10; K) AppleWebKit/537.36 (KHTML, like Gecko) Chrome/131.0.0.0 Mobile Safari/537.36"
122.164.80.23 - - [05/Jan/2025:12:40:11 +0530] "GET /assets/vendor/bootstrap/css/bootstrap.min.css HTTP/2" 200 21534 "https://www.selectionsilks.com/georgette-umbrella-kurtis-644" "Mozilla/5.0 (Linux; Android 10; K) AppleWebKit/537.36 (KHTML, like Gecko) Chrome/131.0.0.0 Mobile Safari/537.36"
122.164.80.23 - - [05/Jan/2025:12:40:11 +0530] "GET /assets/css/style-2.1.min.css HTTP/2" 200 25986 "https://www.selectionsilks.com/georgette-umbrella-kurtis-644" "Mozilla/5.0 (Linux; Android 10; K) AppleWebKit/537.36 (KHTML, like Gecko) Chrome/131.0.0.0 Mobile Safari/537.36"
122.164.80.23 - - [05/Jan/2025:12:40:11 +0530] "GET /assets/css/plugins-2.1.css HTTP/2" 200 21328 "https://www.selectionsilks.com/georgette-umbrella-kurtis-644" "Mozilla/5.0 (Linux; Android 10; K) AppleWebKit/537.36 (KHTML, like Gecko) Chrome/131.0.0.0 Mobile Safari/537.36"
122.164.80.23 - - [05/Jan/2025:12:40:11 +0530] "GET /uploads/logo/logo_6437ea46311e6.jpg HTTP/2" 200 41196 "https://www.selectionsilks.com/georgette-umbrella-kurtis-644" "Mozilla/5.0 (Linux; Android 10; K) AppleWebKit/537.36 (KHTML, like Gecko) Chrome/131.0.0.0 Mobile Safari/537.36"
122.164.80.23 - - [05/Jan/2025:12:40:11 +0530] "GET /assets/img/img_bg_product_small.png HTTP/2" 200 119 "https://www.selectionsilks.com/georgette-umbrella-kurtis-644" "Mozilla/5.0 (Linux; Android 10; K) AppleWebKit/537.36 (KHTML, like Gecko) Chrome/131.0.0.0 Mobile Safari/537.36"
64.233.173.138 - - [05/Jan/2025:12:41:07 +0530] "GET /cart HTTP/1.1" 200 8435 "-" "Mozilla/5.0 (Linux; Android 7.0; SM-G930V Build/NRD90M) AppleWebKit/537.36 (KHTML, like Gecko) Chrome/59.0.3071.125 Mobile Safari/537.36 (compatible; Google-Read-Aloud; +https://support.google.com/webmasters/answer/1061943)"
64.233.173.137 - - [05/Jan/2025:12:44:00 +0530] "GET / HTTP/1.1" 200 23287 "-" "Mozilla/5.0 (Linux; Android 7.0; SM-G930V Build/NRD90M) AppleWebKit/537.36 (KHTML, like Gecko) Chrome/59.0.3071.125 Mobile Safari/537.36 (compatible; Google-Read-Aloud; +https://support.google.com/webmasters/answer/1061943)"
64.233.173.138 - - [05/Jan/2025:12:44:01 +0530] "GET /assets/js/script-2.1.min.js HTTP/1.1" 200 8507 "https://www.selectionsilks.com/" "Mozilla/5.0 (Linux; Android 7.0; SM-G930V Build/NRD90M) AppleWebKit/537.36 (KHTML, like Gecko) Chrome/59.0.3071.125 Mobile Safari/537.36 (compatible; Google-Read-Aloud; +https://support.google.com/webmasters/answer/1061943)"
64.233.173.138 - - [05/Jan/2025:12:44:01 +0530] "GET /assets/js/jquery-3.5.1.min.js HTTP/1.1" 200 30280 "https://www.selectionsilks.com/" "Mozilla/5.0 (Linux; Android 7.0; SM-G930V Build/NRD90M) AppleWebKit/537.36 (KHTML, like Gecko) Chrome/59.0.3071.125 Mobile Safari/537.36 (compatible; Google-Read-Aloud; +https://support.google.com/webmasters/answer/1061943)"
64.233.173.137 - - [05/Jan/2025:12:44:14 +0530] "GET /rss-feeds HTTP/1.1" 200 8834 "-" "Mozilla/5.0 (Linux; Android 7.0; SM-G930V Build/NRD90M) AppleWebKit/537.36 (KHTML, like Gecko) Chrome/59.0.3071.125 Mobile Safari/537.36 (compatible; Google-Read-Aloud; +https://support.google.com/webmasters/answer/1061943)"
66.102.6.34 - - [05/Jan/2025:12:44:15 +0530] "GET /rss-feeds HTTP/1.1" 200 8826 "-" "Mozilla/5.0 (Linux; Android 7.0; SM-G930V Build/NRD90M) AppleWebKit/537.36 (KHTML, like Gecko) Chrome/59.0.3071.125 Mobile Safari/537.36 (compatible; Google-Read-Aloud; +https://support.google.com/webmasters/answer/1061943)"
66.102.6.34 - - [05/Jan/2025:12:44:16 +0530] "GET /assets/vendor/font-icons/css/mds-icons.min.css HTTP/1.1" 200 909 "https://www.selectionsilks.com/rss-feeds" "Mozilla/5.0 (Linux; Android 7.0; SM-G930V Build/NRD90M) AppleWebKit/537.36 (KHTML, like Gecko) Chrome/59.0.3071.125 Mobile Safari/537.36 (compatible; Google-Read-Aloud; +https://support.google.com/webmasters/answer/1061943)"
66.102.6.33 - - [05/Jan/2025:12:44:16 +0530] "GET /assets/css/style-2.1.min.css HTTP/1.1" 200 25986 "https://www.selectionsilks.com/rss-feeds" "Mozilla/5.0 (Linux; Android 7.0; SM-G930V Build/NRD90M) AppleWebKit/537.36 (KHTML, like Gecko) Chrome/59.0.3071.125 Mobile Safari/537.36 (compatible; Google-Read-Aloud; +https://support.google.com/webmasters/answer/1061943)"
66.102.6.33 - - [05/Jan/2025:12:44:16 +0530] "GET /assets/js/jquery-3.5.1.min.js HTTP/1.1" 200 30280 "https://www.selectionsilks.com/rss-feeds" "Mozilla/5.0 (Linux; Android 7.0; SM-G930V Build/NRD90M) AppleWebKit/537.36 (KHTML, like Gecko) Chrome/59.0.3071.125 Mobile Safari/537.36 (compatible; Google-Read-Aloud; +https://support.google.com/webmasters/answer/1061943)"
66.102.6.34 - - [05/Jan/2025:12:44:16 +0530] "GET /assets/css/style-2.1.min.css HTTP/1.1" 200 25986 "https://www.selectionsilks.com/rss-feeds" "Mozilla/5.0 (Linux; Android 7.0; SM-G930V Build/NRD90M) AppleWebKit/537.36 (KHTML, like Gecko) Chrome/59.0.3071.125 Mobile Safari/537.36 (compatible; Google-Read-Aloud; +https://support.google.com/webmasters/answer/1061943)"
66.102.6.32 - - [05/Jan/2025:12:44:16 +0530] "GET /assets/vendor/bootstrap/js/bootstrap.bundle.min.js HTTP/1.1" 200 20914 "https://www.selectionsilks.com/rss-feeds" "Mozilla/5.0 (Linux; Android 7.0; SM-G930V Build/NRD90M) AppleWebKit/537.36 (KHTML, like Gecko) Chrome/59.0.3071.125 Mobile Safari/537.36 (compatible; Google-Read-Aloud; +https://support.google.com/webmasters/answer/1061943)"
66.102.6.33 - - [05/Jan/2025:12:44:16 +0530] "GET /assets/vendor/bootstrap/css/bootstrap.min.css HTTP/1.1" 200 21534 "https://www.selectionsilks.com/rss-feeds" "Mozilla/5.0 (Linux; Android 7.0; SM-G930V Build/NRD90M) AppleWebKit/537.36 (KHTML, like Gecko) Chrome/59.0.3071.125 Mobile Safari/537.36 (compatible; Google-Read-Aloud; +https://support.google.com/webmasters/answer/1061943)"
66.102.6.33 - - [05/Jan/2025:12:44:16 +0530] "GET /assets/js/plugins-2.1.js HTTP/1.1" 200 80986 "https://www.selectionsilks.com/rss-feeds" "Mozilla/5.0 (Linux; Android 7.0; SM-G930V Build/NRD90M) AppleWebKit/537.36 (KHTML, like Gecko) Chrome/59.0.3071.125 Mobile Safari/537.36 (compatible; Google-Read-Aloud; +https://support.google.com/webmasters/answer/1061943)"
66.102.6.34 - - [05/Jan/2025:12:44:16 +0530] "GET /assets/js/script-2.1.min.js HTTP/1.1" 200 8507 "https://www.selectionsilks.com/rss-feeds" "Mozilla/5.0 (Linux; Android 7.0; SM-G930V Build/NRD90M) AppleWebKit/537.36 (KHTML, like Gecko) Chrome/59.0.3071.125 Mobile Safari/537.36 (compatible; Google-Read-Aloud; +https://support.google.com/webmasters/answer/1061943)"
103.182.68.172 - - [05/Jan/2025:12:45:26 +0530] "GET /a/simple-lightbox.css?v2.14.0 HTTP/2" 200 1000 "https://www.a1tex.in/" "Mozilla/5.0 (Windows NT 10.0; Win64; x64) AppleWebKit/537.36 (KHTML, like Gecko) Chrome/131.0.0.0 Safari/537.36"
64.233.173.137 - - [05/Jan/2025:12:40:17 +0530] "GET /georgette-umbrella-kurtis-644 HTTP/1.1" 200 18661 "-" "Mozilla/5.0 (Linux; Android 7.0; SM-G930V Build/NRD90M) AppleWebKit/537.36 (KHTML, like Gecko) Chrome/59.0.3071.125 Mobile Safari/537.36 (compatible; Google-Read-Aloud; +https://support.google.com/webmasters/answer/1061943)"
195.35.23.211 - - [05/Jan/2025:12:41:43 +0530] "GET /3-idiots/product/earpods-usb-c-oG6KEZ HTTP/2" 200 235160 "-" "Mozilla/5.0 (Windows NT 10.0; Win64; x64; rv:89.0) Gecko/20100101 Firefox/89.0"
195.35.23.211 - - [05/Jan/2025:12:42:05 +0530] "GET /3-idiots/product/earpods-usb-c-oG6KEZ HTTP/2" 200 235160 "-" "Mozilla/5.0 (Windows NT 10.0; Win64; x64) AppleWebKit/537.36 (KHTML, like Gecko) Chrome/91.0.4472.124 Safari/537.36"
195.35.23.211 - - [05/Jan/2025:12:42:35 +0530] "GET /3-idiots/product/earpods-usb-c-oG6KEZ HTTP/2" 200 235160 "-" "Mozilla/5.0 (Windows NT 10.0; Win64; x64) AppleWebKit/537.36 (KHTML, like Gecko) Chrome/91.0.4472.124 Safari/537.36"
195.35.23.211 - - [05/Jan/2025:12:43:05 +0530] "GET /3-idiots/product/earpods-usb-c-oG6KEZ HTTP/2" 200 235160 "-" "Mozilla/5.0 (Windows NT 10.0; Win64; x64) AppleWebKit/537.36 (KHTML, like Gecko) Chrome/91.0.4472.124 Safari/537.36"
195.35.23.211 - - [05/Jan/2025:12:43:23 +0530] "GET /3-idiots/product/earpods-usb-c-oG6KEZ HTTP/2" 200 235160 "-" "Mozilla/5.0 (Windows NT 10.0; Win64; x64; rv:89.0) Gecko/20100101 Firefox/89.0"
66.102.6.32 - - [05/Jan/2025:12:44:15 +0530] "GET /rss-feeds HTTP/1.1" 200 8827 "-" "Mozilla/5.0 (Linux; Android 7.0; SM-G930V Build/NRD90M) AppleWebKit/537.36 (KHTML, like Gecko) Chrome/59.0.3071.125 Mobile Safari/537.36 (compatible; Google-Read-Aloud; +https://support.google.com/webmasters/answer/1061943)"
66.102.6.32 - - [05/Jan/2025:12:44:16 +0530] "GET /assets/css/plugins-2.1.css HTTP/1.1" 200 21328 "https://www.selectionsilks.com/rss-feeds" "Mozilla/5.0 (Linux; Android 7.0; SM-G930V Build/NRD90M) AppleWebKit/537.36 (KHTML, like Gecko) Chrome/59.0.3071.125 Mobile Safari/537.36 (compatible; Google-Read-Aloud; +https://support.google.com/webmasters/answer/1061943)"
66.102.6.33 - - [05/Jan/2025:12:44:16 +0530] "GET /assets/vendor/bootstrap/css/bootstrap.min.css HTTP/1.1" 200 21534 "https://www.selectionsilks.com/rss-feeds" "Mozilla/5.0 (Linux; Android 7.0; SM-G930V Build/NRD90M) AppleWebKit/537.36 (KHTML, like Gecko) Chrome/59.0.3071.125 Mobile Safari/537.36 (compatible; Google-Read-Aloud; +https://support.google.com/webmasters/answer/1061943)"
54.36.148.93 - - [05/Jan/2025:12:47:39 +0530] "GET /products?search=&page=12 HTTP/2" 200 14754 "-" "Mozilla/5.0 (compatible; AhrefsBot/7.0; +http://ahrefs.com/robot/)"
103.139.35.58 - - [05/Jan/2025:12:49:11 +0530] "GET /a/simple-lightbox.css?v2.14.0 HTTP/2" 200 1000 "https://www.a1tex.in/" "Mozilla/5.0 (Linux; Android 10; K) AppleWebKit/537.36 (KHTML, like Gecko) Chrome/131.0.0.0 Mobile Safari/537.36"
103.139.35.58 - - [05/Jan/2025:12:49:11 +0530] "GET /a/simple-lightbox.js?v2.14.0 HTTP/2" 200 13205 "https://www.a1tex.in/" "Mozilla/5.0 (Linux; Android 10; K) AppleWebKit/537.36 (KHTML, like Gecko) Chrome/131.0.0.0 Mobile Safari/537.36"
152.58.196.32 - - [05/Jan/2025:12:55:45 +0530] "GET /a/simple-lightbox.css?v2.14.0 HTTP/2" 200 1000 "https://www.a1tex.in/" "Mozilla/5.0 (iPhone; CPU iPhone OS 18_2 like Mac OS X) AppleWebKit/605.1.15 (KHTML, like Gecko) Version/18.2 Mobile/15E148 Safari/604.1"
152.58.196.32 - - [05/Jan/2025:12:55:45 +0530] "GET /a/simple-lightbox.js?v2.14.0 HTTP/2" 200 13205 "https://www.a1tex.in/" "Mozilla/5.0 (iPhone; CPU iPhone OS 18_2 like Mac OS X) AppleWebKit/605.1.15 (KHTML, like Gecko) Version/18.2 Mobile/15E148 Safari/604.1"
185.191.171.8 - - [05/Jan/2025:12:58:18 +0530] "GET /profile/admin?p_cat=16&page=10 HTTP/1.1" 200 13694 "-" "Mozilla/5.0 (compatible; SemrushBot/7~bl; +http://www.semrush.com/bot.html)"
195.35.23.211 - - [05/Jan/2025:12:42:22 +0530] "GET /3-idiots/product/earpods-usb-c-oG6KEZ HTTP/2" 200 235160 "-" "Mozilla/5.0 (Windows NT 10.0; Win64; x64) AppleWebKit/537.36 (KHTML, like Gecko) Firefox/89.0"
64.233.173.137 - - [05/Jan/2025:12:43:59 +0530] "GET / HTTP/1.1" 200 23290 "-" "Mozilla/5.0 (Linux; Android 7.0; SM-G930V Build/NRD90M) AppleWebKit/537.36 (KHTML, like Gecko) Chrome/59.0.3071.125 Mobile Safari/537.36 (compatible; Google-Read-Aloud; +https://support.google.com/webmasters/answer/1061943)"
64.233.173.138 - - [05/Jan/2025:12:44:01 +0530] "GET /assets/js/plugins-2.1.js HTTP/1.1" 200 80986 "https://www.selectionsilks.com/" "Mozilla/5.0 (Linux; Android 7.0; SM-G930V Build/NRD90M) AppleWebKit/537.36 (KHTML, like Gecko) Chrome/59.0.3071.125 Mobile Safari/537.36 (compatible; Google-Read-Aloud; +https://support.google.com/webmasters/answer/1061943)"
66.102.6.32 - - [05/Jan/2025:12:44:16 +0530] "GET /assets/css/plugins-2.1.css HTTP/1.1" 200 21328 "https://www.selectionsilks.com/rss-feeds" "Mozilla/5.0 (Linux; Android 7.0; SM-G930V Build/NRD90M) AppleWebKit/537.36 (KHTML, like Gecko) Chrome/59.0.3071.125 Mobile Safari/537.36 (compatible; Google-Read-Aloud; +https://support.google.com/webmasters/answer/1061943)"
66.102.6.34 - - [05/Jan/2025:12:44:16 +0530] "GET /assets/vendor/font-icons/css/mds-icons.min.css HTTP/1.1" 200 909 "https://www.selectionsilks.com/rss-feeds" "Mozilla/5.0 (Linux; Android 7.0; SM-G930V Build/NRD90M) AppleWebKit/537.36 (KHTML, like Gecko) Chrome/59.0.3071.125 Mobile Safari/537.36 (compatible; Google-Read-Aloud; +https://support.google.com/webmasters/answer/1061943)"
66.102.6.32 - - [05/Jan/2025:12:44:16 +0530] "GET /assets/vendor/font-icons/font/mds-icons.woff2?79862638 HTTP/1.1" 200 15820 "https://www.selectionsilks.com/assets/vendor/font-icons/css/mds-icons.min.css" "Mozilla/5.0 (Linux; Android 7.0; SM-G930V Build/NRD90M) AppleWebKit/537.36 (KHTML, like Gecko) Chrome/59.0.3071.125 Mobile Safari/537.36 (compatible; Google-Read-Aloud; +https://support.google.com/webmasters/answer/1061943)"
54.36.148.92 - - [05/Jan/2025:12:51:36 +0530] "GET /nighty/34th-sleeve?search= HTTP/2" 200 12065 "-" "Mozilla/5.0 (compatible; AhrefsBot/7.0; +http://ahrefs.com/robot/)"
103.182.68.172 - - [05/Jan/2025:12:45:26 +0530] "GET /a/simple-lightbox.js?v2.14.0 HTTP/2" 200 13205 "https://www.a1tex.in/" "Mozilla/5.0 (Windows NT 10.0; Win64; x64) AppleWebKit/537.36 (KHTML, like Gecko) Chrome/131.0.0.0 Safari/537.36"
122.164.80.23 - - [05/Jan/2025:12:48:45 +0530] "GET / HTTP/1.1" 200 23220 "https://www.selectionsilks.com/cart/payment-method" "Mozilla/5.0 (Linux; Android 10; K) AppleWebKit/537.36 (KHTML, like Gecko) Chrome/131.0.0.0 Mobile Safari/537.36"
122.164.80.23 - - [05/Jan/2025:12:48:47 +0530] "GET /cart/payment-method HTTP/1.1" 200 9470 "https://www.selectionsilks.com/cart/shipping" "Mozilla/5.0 (Linux; Android 10; K) AppleWebKit/537.36 (KHTML, like Gecko) Chrome/131.0.0.0 Mobile Safari/537.36"
54.36.149.35 - - [05/Jan/2025:12:55:49 +0530] "GET /new-arrivals/nighty-55?search= HTTP/2" 200 11570 "-" "Mozilla/5.0 (compatible; AhrefsBot/7.0; +http://ahrefs.com/robot/)"
122.164.80.23 - - [05/Jan/2025:12:44:02 +0530] "GET /uploads/images/202410/img_1920x_67169950a0b787-93003736-41293242.jpg HTTP/1.1" 200 1627096 "https://www.selectionsilks.com/" "Mozilla/5.0 (Linux; Android 10; K) AppleWebKit/537.36 (KHTML, like Gecko) Chrome/131.0.0.0 Mobile Safari/537.36"
122.164.80.23 - - [05/Jan/2025:12:44:02 +0530] "GET /uploads/images/202410/img_1920x_6717380e9d2a48-83759401-23148379.jpg HTTP/1.1" 200 1664312 "https://www.selectionsilks.com/" "Mozilla/5.0 (Linux; Android 10; K) AppleWebKit/537.36 (KHTML, like Gecko) Chrome/131.0.0.0 Mobile Safari/537.36"
122.164.80.23 - - [05/Jan/2025:12:44:02 +0530] "GET /uploads/images/202410/img_1920x_6716971d7eeb20-03129274-34561006.jpg HTTP/1.1" 200 1475519 "https://www.selectionsilks.com/" "Mozilla/5.0 (Linux; Android 10; K) AppleWebKit/537.36 (KHTML, like Gecko) Chrome/131.0.0.0 Mobile Safari/537.36"
122.164.80.23 - - [05/Jan/2025:12:44:02 +0530] "GET /uploads/images/202410/img_1920x_67169785916ae7-75924953-78787817.jpg HTTP/1.1" 200 1709647 "https://www.selectionsilks.com/" "Mozilla/5.0 (Linux; Android 10; K) AppleWebKit/537.36 (KHTML, like Gecko) Chrome/131.0.0.0 Mobile Safari/537.36"
122.164.80.23 - - [05/Jan/2025:12:44:02 +0530] "GET /uploads/images/202410/img_1920x_6717381a3cefa5-48731935-82697392.jpg HTTP/1.1" 200 1621388 "https://www.selectionsilks.com/" "Mozilla/5.0 (Linux; Android 10; K) AppleWebKit/537.36 (KHTML, like Gecko) Chrome/131.0.0.0 Mobile Safari/537.36"
122.164.80.23 - - [05/Jan/2025:12:44:03 +0530] "GET /uploads/images/202410/img_1920x_6712017b1b8bc2-93150756-54260212.jpg HTTP/1.1" 200 1370071 "https://www.selectionsilks.com/" "Mozilla/5.0 (Linux; Android 10; K) AppleWebKit/537.36 (KHTML, like Gecko) Chrome/131.0.0.0 Mobile Safari/537.36"
122.164.80.23 - - [05/Jan/2025:12:44:02 +0530] "GET /uploads/images/202410/img_1920x_671697eb8f5243-60639794-58826554.jpg HTTP/1.1" 200 1732860 "https://www.selectionsilks.com/" "Mozilla/5.0 (Linux; Android 10; K) AppleWebKit/537.36 (KHTML, like Gecko) Chrome/131.0.0.0 Mobile Safari/537.36"
122.164.80.23 - - [05/Jan/2025:12:44:03 +0530] "GET /uploads/images/202410/img_1920x_6712001501cd78-75925657-62803069.jpg HTTP/1.1" 200 1716153 "https://www.selectionsilks.com/" "Mozilla/5.0 (Linux; Android 10; K) AppleWebKit/537.36 (KHTML, like Gecko) Chrome/131.0.0.0 Mobile Safari/537.36"
122.164.80.23 - - [05/Jan/2025:12:44:03 +0530] "GET /uploads/images/202410/img_1920x_67120177414605-30450364-42243975.jpg HTTP/1.1" 200 1550388 "https://www.selectionsilks.com/" "Mozilla/5.0 (Linux; Android 10; K) AppleWebKit/537.36 (KHTML, like Gecko) Chrome/131.0.0.0 Mobile Safari/537.36"
122.164.80.23 - - [05/Jan/2025:12:44:04 +0530] "GET /uploads/images/202410/img_1920x_670bd0159cb011-50831221-44064044.jpg HTTP/1.1" 200 878161 "https://www.selectionsilks.com/" "Mozilla/5.0 (Linux; Android 10; K) AppleWebKit/537.36 (KHTML, like Gecko) Chrome/131.0.0.0 Mobile Safari/537.36"
122.164.80.23 - - [05/Jan/2025:12:44:04 +0530] "GET /uploads/images/202410/img_1920x_670bd00f52aa00-49832079-31128721.jpg HTTP/1.1" 200 1036946 "https://www.selectionsilks.com/" "Mozilla/5.0 (Linux; Android 10; K) AppleWebKit/537.36 (KHTML, like Gecko) Chrome/131.0.0.0 Mobile Safari/537.36"
122.164.80.23 - - [05/Jan/2025:12:44:04 +0530] "GET /uploads/images/202410/img_1920x_670b8a8ca7db52-59671972-36256486.jpg HTTP/1.1" 200 1419817 "https://www.selectionsilks.com/" "Mozilla/5.0 (Linux; Android 10; K) AppleWebKit/537.36 (KHTML, like Gecko) Chrome/131.0.0.0 Mobile Safari/537.36"
122.164.80.23 - - [05/Jan/2025:12:44:04 +0530] "GET /uploads/images/202410/img_1920x_670b8a8f954267-73702123-71743463.jpg HTTP/1.1" 200 1180683 "https://www.selectionsilks.com/" "Mozilla/5.0 (Linux; Android 10; K) AppleWebKit/537.36 (KHTML, like Gecko) Chrome/131.0.0.0 Mobile Safari/537.36"
122.164.80.23 - - [05/Jan/2025:12:44:08 +0530] "GET /rss-feeds HTTP/1.1" 200 8776 "https://www.selectionsilks.com/" "Mozilla/5.0 (Linux; Android 10; K) AppleWebKit/537.36 (KHTML, like Gecko) Chrome/131.0.0.0 Mobile Safari/537.36"
103.182.68.172 - - [05/Jan/2025:12:59:00 +0530] "GET /a/simple-lightbox.css?v2.14.0 HTTP/1.1" 200 1000 "https://a1tex.in/" "Mozilla/5.0 (Windows NT 10.0; Win64; x64) AppleWebKit/537.36 (KHTML, like Gecko) Chrome/131.0.0.0 Safari/537.36"
103.182.68.172 - - [05/Jan/2025:12:59:00 +0530] "GET /a/simple-lightbox.js?v2.14.0 HTTP/1.1" 200 13205 "https://a1tex.in/" "Mozilla/5.0 (Windows NT 10.0; Win64; x64) AppleWebKit/537.36 (KHTML, like Gecko) Chrome/131.0.0.0 Safari/537.36"
111.92.67.49 - - [05/Jan/2025:13:02:05 +0530] "GET /a/simple-lightbox.css?v2.14.0 HTTP/1.1" 200 1000 "https://a1tex.in/" "Mozilla/5.0 (Linux; Android 14; V2239 Build/UP1A.231005.007; wv) AppleWebKit/537.36 (KHTML, like Gecko) Version/4.0 Chrome/131.0.6778.135 Mobile Safari/537.36 Instagram 361.0.0.46.88 Android (34/14; 440dpi; 1080x2204; vivo; V2239; V2239; mt6877; en_US; 674675147)"
111.92.67.49 - - [05/Jan/2025:13:02:05 +0530] "GET /a/simple-lightbox.js?v2.14.0 HTTP/1.1" 200 13205 "https://a1tex.in/" "Mozilla/5.0 (Linux; Android 14; V2239 Build/UP1A.231005.007; wv) AppleWebKit/537.36 (KHTML, like Gecko) Version/4.0 Chrome/131.0.6778.135 Mobile Safari/537.36 Instagram 361.0.0.46.88 Android (34/14; 440dpi; 1080x2204; vivo; V2239; V2239; mt6877; en_US; 674675147)"
117.254.37.114 - - [05/Jan/2025:13:02:40 +0530] "GET /a/simple-lightbox.css?v2.14.0 HTTP/2" 200 1000 "https://www.a1tex.in/" "Mozilla/5.0 (Linux; Android 10; K) AppleWebKit/537.36 (KHTML, like Gecko) Chrome/131.0.0.0 Mobile Safari/537.36"
117.254.37.114 - - [05/Jan/2025:13:02:40 +0530] "GET /a/simple-lightbox.js?v2.14.0 HTTP/2" 200 13205 "https://www.a1tex.in/" "Mozilla/5.0 (Linux; Android 10; K) AppleWebKit/537.36 (KHTML, like Gecko) Chrome/131.0.0.0 Mobile Safari/537.36"
223.187.116.176 - - [05/Jan/2025:13:05:47 +0530] "GET /a/simple-lightbox.css?v2.14.0 HTTP/2" 200 1000 "https://www.a1tex.in/" "Mozilla/5.0 (Linux; Android 10; K) AppleWebKit/537.36 (KHTML, like Gecko) Chrome/131.0.0.0 Mobile Safari/537.36"
223.187.116.176 - - [05/Jan/2025:13:05:47 +0530] "GET /a/simple-lightbox.js?v2.14.0 HTTP/2" 200 13205 "https://www.a1tex.in/" "Mozilla/5.0 (Linux; Android 10; K) AppleWebKit/537.36 (KHTML, like Gecko) Chrome/131.0.0.0 Mobile Safari/537.36"
54.36.149.62 - - [05/Jan/2025:13:06:31 +0530] "GET /new-arrivals/palazzo-sets-51?search= HTTP/2" 200 11582 "-" "Mozilla/5.0 (compatible; AhrefsBot/7.0; +http://ahrefs.com/robot/)"
223.187.116.176 - - [05/Jan/2025:13:08:26 +0530] "GET /a/simple-lightbox.css?v2.14.0 HTTP/2" 200 1000 "https://www.a1tex.in/" "Mozilla/5.0 (Linux; Android 10; K) AppleWebKit/537.36 (KHTML, like Gecko) Chrome/131.0.0.0 Mobile Safari/537.36"
54.36.148.159 - - [05/Jan/2025:13:17:39 +0530] "GET /party-wear-umbrella-kurtis-216 HTTP/2" 200 18351 "-" "Mozilla/5.0 (compatible; AhrefsBot/7.0; +http://ahrefs.com/robot/)"
157.49.224.240 - - [05/Jan/2025:13:18:33 +0530] "GET / HTTP/2" 200 23220 "-" "Mozilla/5.0 (Linux; Android 10; K) AppleWebKit/537.36 (KHTML, like Gecko) Chrome/131.0.0.0 Mobile Safari/537.36"
157.49.224.240 - - [05/Jan/2025:13:18:33 +0530] "GET /assets/vendor/font-icons/css/mds-icons.min.css HTTP/2" 200 909 "https://selectionsilks.com/" "Mozilla/5.0 (Linux; Android 10; K) AppleWebKit/537.36 (KHTML, like Gecko) Chrome/131.0.0.0 Mobile Safari/537.36"
157.49.224.240 - - [05/Jan/2025:13:18:33 +0530] "GET /assets/vendor/bootstrap/css/bootstrap.min.css HTTP/2" 200 21534 "https://selectionsilks.com/" "Mozilla/5.0 (Linux; Android 10; K) AppleWebKit/537.36 (KHTML, like Gecko) Chrome/131.0.0.0 Mobile Safari/537.36"
157.49.224.240 - - [05/Jan/2025:13:18:33 +0530] "GET /assets/css/style-2.1.min.css HTTP/2" 200 25986 "https://selectionsilks.com/" "Mozilla/5.0 (Linux; Android 10; K) AppleWebKit/537.36 (KHTML, like Gecko) Chrome/131.0.0.0 Mobile Safari/537.36"
157.49.224.240 - - [05/Jan/2025:13:18:33 +0530] "GET /assets/css/plugins-2.1.css HTTP/2" 200 21328 "https://selectionsilks.com/" "Mozilla/5.0 (Linux; Android 10; K) AppleWebKit/537.36 (KHTML, like Gecko) Chrome/131.0.0.0 Mobile Safari/537.36"
157.49.224.240 - - [05/Jan/2025:13:18:33 +0530] "GET /uploads/logo/logo_6437ea46311e6.jpg HTTP/2" 200 41196 "https://selectionsilks.com/" "Mozilla/5.0 (Linux; Android 10; K) AppleWebKit/537.36 (KHTML, like Gecko) Chrome/131.0.0.0 Mobile Safari/537.36"
157.49.224.240 - - [05/Jan/2025:13:18:33 +0530] "GET /assets/img/img_bg_product_small.png HTTP/2" 200 119 "https://selectionsilks.com/" "Mozilla/5.0 (Linux; Android 10; K) AppleWebKit/537.36 (KHTML, like Gecko) Chrome/131.0.0.0 Mobile Safari/537.36"
157.49.224.240 - - [05/Jan/2025:13:18:34 +0530] "GET /assets/js/jquery-3.5.1.min.js HTTP/2" 200 30280 "https://selectionsilks.com/" "Mozilla/5.0 (Linux; Android 10; K) AppleWebKit/537.36 (KHTML, like Gecko) Chrome/131.0.0.0 Mobile Safari/537.36"
157.49.224.240 - - [05/Jan/2025:13:18:34 +0530] "GET /assets/vendor/bootstrap/js/bootstrap.bundle.min.js HTTP/2" 200 20914 "https://selectionsilks.com/" "Mozilla/5.0 (Linux; Android 10; K) AppleWebKit/537.36 (KHTML, like Gecko) Chrome/131.0.0.0 Mobile Safari/537.36"
157.49.224.240 - - [05/Jan/2025:13:18:34 +0530] "GET /assets/js/plugins-2.1.js HTTP/2" 200 80986 "https://selectionsilks.com/" "Mozilla/5.0 (Linux; Android 10; K) AppleWebKit/537.36 (KHTML, like Gecko) Chrome/131.0.0.0 Mobile Safari/537.36"
157.49.224.240 - - [05/Jan/2025:13:18:34 +0530] "GET /assets/js/script-2.1.min.js HTTP/2" 200 8507 "https://selectionsilks.com/" "Mozilla/5.0 (Linux; Android 10; K) AppleWebKit/537.36 (KHTML, like Gecko) Chrome/131.0.0.0 Mobile Safari/537.36"
157.49.224.240 - - [05/Jan/2025:13:18:34 +0530] "GET /assets/vendor/font-icons/font/mds-icons.woff2?79862638 HTTP/2" 200 15820 "https://selectionsilks.com/assets/vendor/font-icons/css/mds-icons.min.css" "Mozilla/5.0 (Linux; Android 10; K) AppleWebKit/537.36 (KHTML, like Gecko) Chrome/131.0.0.0 Mobile Safari/537.36"
157.49.224.240 - - [05/Jan/2025:13:18:35 +0530] "GET /uploads/images/offer_bg.jpg HTTP/2" 200 31436 "https://selectionsilks.com/" "Mozilla/5.0 (Linux; Android 10; K) AppleWebKit/537.36 (KHTML, like Gecko) Chrome/131.0.0.0 Mobile Safari/537.36"
157.49.224.240 - - [05/Jan/2025:13:18:38 +0530] "GET /uploads/category/category_64ca0dfc1d7687-64118209-20216497.jpg HTTP/2" 200 55411 "https://selectionsilks.com/" "Mozilla/5.0 (Linux; Android 10; K) AppleWebKit/537.36 (KHTML, like Gecko) Chrome/131.0.0.0 Mobile Safari/537.36"
157.49.224.240 - - [05/Jan/2025:13:18:37 +0530] "GET /uploads/slider/slider_64cac47e899a92-30413237-95351462.jpg HTTP/2" 200 85053 "https://selectionsilks.com/" "Mozilla/5.0 (Linux; Android 10; K) AppleWebKit/537.36 (KHTML, like Gecko) Chrome/131.0.0.0 Mobile Safari/537.36"
157.49.224.240 - - [05/Jan/2025:13:18:38 +0530] "GET /uploads/category/category_64ca0c0d401f49-80781686-96044666.jpg HTTP/2" 200 91614 "https://selectionsilks.com/" "Mozilla/5.0 (Linux; Android 10; K) AppleWebKit/537.36 (KHTML, like Gecko) Chrome/131.0.0.0 Mobile Safari/537.36"
157.49.224.240 - - [05/Jan/2025:13:18:37 +0530] "GET /uploads/slider/slider_64d5d65b6a6c86-43332181-85150130.jpg HTTP/2" 200 87824 "https://selectionsilks.com/" "Mozilla/5.0 (Linux; Android 10; K) AppleWebKit/537.36 (KHTML, like Gecko) Chrome/131.0.0.0 Mobile Safari/537.36"
157.49.224.240 - - [05/Jan/2025:13:18:38 +0530] "GET /uploads/slider/slider_64d5d6c965bec5-89055606-92676844.jpg HTTP/2" 200 87746 "https://selectionsilks.com/" "Mozilla/5.0 (Linux; Android 10; K) AppleWebKit/537.36 (KHTML, like Gecko) Chrome/131.0.0.0 Mobile Safari/537.36"
157.49.224.240 - - [05/Jan/2025:13:18:39 +0530] "GET /uploads/category/category_66f3b5b49bb833-83481689-15613788.jpg HTTP/2" 200 83608 "https://selectionsilks.com/" "Mozilla/5.0 (Linux; Android 10; K) AppleWebKit/537.36 (KHTML, like Gecko) Chrome/131.0.0.0 Mobile Safari/537.36"
157.49.224.240 - - [05/Jan/2025:13:18:39 +0530] "GET /uploads/category/category_66f3b624bbf6d1-76153243-65645408.jpg HTTP/2" 200 57389 "https://selectionsilks.com/" "Mozilla/5.0 (Linux; Android 10; K) AppleWebKit/537.36 (KHTML, like Gecko) Chrome/131.0.0.0 Mobile Safari/537.36"
157.49.224.240 - - [05/Jan/2025:13:18:39 +0530] "GET /uploads/category/category_64e1a430421e95-69842911-49098696.jpg HTTP/2" 200 50528 "https://selectionsilks.com/" "Mozilla/5.0 (Linux; Android 10; K) AppleWebKit/537.36 (KHTML, like Gecko) Chrome/131.0.0.0 Mobile Safari/537.36"
157.49.224.240 - - [05/Jan/2025:13:18:39 +0530] "GET /uploads/category/category_66f50cbd370622-21103913-82633908.jpg HTTP/2" 200 94521 "https://selectionsilks.com/" "Mozilla/5.0 (Linux; Android 10; K) AppleWebKit/537.36 (KHTML, like Gecko) Chrome/131.0.0.0 Mobile Safari/537.36"
157.49.224.240 - - [05/Jan/2025:13:18:39 +0530] "GET /uploads/logo/logo_6437ea46311e62.jpg HTTP/2" 200 41196 "https://selectionsilks.com/" "Mozilla/5.0 (Linux; Android 10; K) AppleWebKit/537.36 (KHTML, like Gecko) Chrome/131.0.0.0 Mobile Safari/537.36"
157.49.224.240 - - [05/Jan/2025:13:18:39 +0530] "GET /uploads/images/202410/img_1920x_6719fc1ac12e11-73512216-24905217.jpg HTTP/2" 200 1422754 "https://selectionsilks.com/" "Mozilla/5.0 (Linux; Android 10; K) AppleWebKit/537.36 (KHTML, like Gecko) Chrome/131.0.0.0 Mobile Safari/537.36"
157.49.224.240 - - [05/Jan/2025:13:18:39 +0530] "GET /uploads/images/202410/img_1920x_6719fb6be09768-79053690-86467917.jpg HTTP/2" 200 1272426 "https://selectionsilks.com/" "Mozilla/5.0 (Linux; Android 10; K) AppleWebKit/537.36 (KHTML, like Gecko) Chrome/131.0.0.0 Mobile Safari/537.36"
157.49.224.240 - - [05/Jan/2025:13:18:39 +0530] "GET /uploads/images/202410/img_1920x_6719fc154ad949-36456355-31605418.jpg HTTP/2" 200 1391394 "https://selectionsilks.com/" "Mozilla/5.0 (Linux; Android 10; K) AppleWebKit/537.36 (KHTML, like Gecko) Chrome/131.0.0.0 Mobile Safari/537.36"
157.49.224.240 - - [05/Jan/2025:13:18:39 +0530] "GET /uploads/images/202410/img_1920x_6719fb65d1d018-14429226-55724912.jpg HTTP/2" 200 1480469 "https://selectionsilks.com/" "Mozilla/5.0 (Linux; Android 10; K) AppleWebKit/537.36 (KHTML, like Gecko) Chrome/131.0.0.0 Mobile Safari/537.36"
157.49.224.240 - - [05/Jan/2025:13:18:44 +0530] "GET /uploads/images/202410/img_1920x_6719f5b77b4889-22824513-51267946.jpg HTTP/2" 200 1314903 "https://selectionsilks.com/" "Mozilla/5.0 (Linux; Android 10; K) AppleWebKit/537.36 (KHTML, like Gecko) Chrome/131.0.0.0 Mobile Safari/537.36"
157.49.224.240 - - [05/Jan/2025:13:18:45 +0530] "GET /uploads/images/202410/img_1920x_6719f33b2e9b82-54605840-21582925.jpg HTTP/2" 200 1101510 "https://selectionsilks.com/" "Mozilla/5.0 (Linux; Android 10; K) AppleWebKit/537.36 (KHTML, like Gecko) Chrome/131.0.0.0 Mobile Safari/537.36"
