64.233.173.101 - - [23/Dec/2024:16:51:06 +0530] "GET /quiz/subject-exam.php?subject_id=2&&topics_id=2&&standared_id=2 HTTP/1.1" 200 7590 "-" "Mozilla/5.0 (Linux; Android 7.0; SM-G930V Build/NRD90M) AppleWebKit/537.36 (KHTML, like Gecko) Chrome/59.0.3071.125 Mobile Safari/537.36 (compatible; Google-Read-Aloud; +https://support.google.com/webmasters/answer/1061943)"
49.47.216.77 - - [23/Dec/2024:16:51:21 +0530] "GET /quiz/current-affair-exam.php?title_id=18&&question_id=114&&progressbar_id=3 HTTP/2" 200 8356 "https://tnpsctestbatch.com/quiz/current-affair-exam.php?title_id=18&&question_id=115&&progressbar_id=2" "Mozilla/5.0 (Windows NT 10.0; Win64; x64) AppleWebKit/537.36 (KHTML, like Gecko) Chrome/131.0.0.0 Safari/537.36"
49.47.216.77 - - [23/Dec/2024:16:51:23 +0530] "POST /api/get-current-affair-result.php HTTP/2" 200 64 "https://tnpsctestbatch.com/quiz/current-affair-exam.php?title_id=18&&question_id=114&&progressbar_id=3" "Mozilla/5.0 (Windows NT 10.0; Win64; x64) AppleWebKit/537.36 (KHTML, like Gecko) Chrome/131.0.0.0 Safari/537.36"
49.47.216.77 - - [23/Dec/2024:16:51:25 +0530] "GET /login.php?current-affair=1 HTTP/2" 200 6801 "https://tnpsctestbatch.com/quiz/current-affair-exam.php?title_id=18&&question_id=114&&progressbar_id=3" "Mozilla/5.0 (Windows NT 10.0; Win64; x64) AppleWebKit/537.36 (KHTML, like Gecko) Chrome/131.0.0.0 Safari/537.36"
49.47.216.77 - - [23/Dec/2024:16:51:25 +0530] "GET /fonts.googleapis.com/css2_a97383ec.css HTTP/2" 404 1251 "https://tnpsctestbatch.com/css/style.css" "Mozilla/5.0 (Windows NT 10.0; Win64; x64) AppleWebKit/537.36 (KHTML, like Gecko) Chrome/131.0.0.0 Safari/537.36"
49.47.216.77 - - [23/Dec/2024:16:51:25 +0530] "GET /fonts.googleapis.com/css2_72e2058f.css HTTP/2" 404 1251 "https://tnpsctestbatch.com/css/style.css" "Mozilla/5.0 (Windows NT 10.0; Win64; x64) AppleWebKit/537.36 (KHTML, like Gecko) Chrome/131.0.0.0 Safari/537.36"
49.47.216.77 - - [23/Dec/2024:16:51:31 +0530] "GET / HTTP/2" 200 9048 "-" "Mozilla/5.0 (Windows NT 10.0; Win64; x64) AppleWebKit/537.36 (KHTML, like Gecko) Chrome/131.0.0.0 Safari/537.36"
49.47.216.77 - - [23/Dec/2024:16:51:31 +0530] "GET /fonts.googleapis.com/css2_a97383ec.css HTTP/2" 404 1251 "https://tnpsctestbatch.com/css/style.css" "Mozilla/5.0 (Windows NT 10.0; Win64; x64) AppleWebKit/537.36 (KHTML, like Gecko) Chrome/131.0.0.0 Safari/537.36"
66.102.6.132 - - [23/Dec/2024:16:51:05 +0530] "GET /quiz/subject-exam.php?subject_id=2&&topics_id=2&&standared_id=2 HTTP/1.1" 200 7590 "-" "Mozilla/5.0 (Linux; Android 7.0; SM-G930V Build/NRD90M) AppleWebKit/537.36 (KHTML, like Gecko) Chrome/59.0.3071.125 Mobile Safari/537.36 (compatible; Google-Read-Aloud; +https://support.google.com/webmasters/answer/1061943)"
66.102.6.132 - - [23/Dec/2024:16:51:06 +0530] "GET /quiz/assets/css/bootstrap.min.css HTTP/1.1" 200 20363 "https://tnpsctestbatch.com/quiz/subject-exam.php?subject_id=2&&topics_id=2&&standared_id=2" "Mozilla/5.0 (Linux; Android 7.0; SM-G930V Build/NRD90M) AppleWebKit/537.36 (KHTML, like Gecko) Chrome/59.0.3071.125 Mobile Safari/537.36 (compatible; Google-Read-Aloud; +https://support.google.com/webmasters/answer/1061943)"
103.208.231.91 - - [23/Dec/2024:16:51:14 +0530] "GET /quiz/subject-exam.php?subject_id=2&&topics_id=2&&standared_id=2&&question_id=23&&payments_ids=2&&payment_questions=2 HTTP/1.1" 200 7664 "https://tnpsctestbatch.com/quiz/subject-exam.php?subject_id=2&&topics_id=2&&standared_id=2" "Mozilla/5.0 (Linux; Android 10; K) AppleWebKit/537.36 (KHTML, like Gecko) Chrome/131.0.0.0 Mobile Safari/537.36"
103.208.231.91 - - [23/Dec/2024:16:51:15 +0530] "POST /api/get-subject-result.php HTTP/1.1" 200 408 "https://tnpsctestbatch.com/quiz/subject-exam.php?subject_id=2&&topics_id=2&&standared_id=2&&question_id=23&&payments_ids=2&&payment_questions=2" "Mozilla/5.0 (Linux; Android 10; K) AppleWebKit/537.36 (KHTML, like Gecko) Chrome/131.0.0.0 Mobile Safari/537.36"
103.208.231.91 - - [23/Dec/2024:16:51:22 +0530] "POST /api/get-subject-result.php HTTP/1.1" 200 64 "https://tnpsctestbatch.com/quiz/subject-exam.php?subject_id=2&&topics_id=2&&standared_id=2&&question_id=23&&payments_ids=2&&payment_questions=2" "Mozilla/5.0 (Linux; Android 10; K) AppleWebKit/537.36 (KHTML, like Gecko) Chrome/131.0.0.0 Mobile Safari/537.36"
103.208.231.91 - - [23/Dec/2024:16:51:29 +0530] "GET /quiz/subject-exam.php?subject_id=2&&topics_id=2&&standared_id=2&&question_id=22&&payments_ids=3&&payment_questions=3 HTTP/1.1" 200 7555 "https://tnpsctestbatch.com/quiz/subject-exam.php?subject_id=2&&topics_id=2&&standared_id=2&&question_id=23&&payments_ids=2&&payment_questions=2" "Mozilla/5.0 (Linux; Android 10; K) AppleWebKit/537.36 (KHTML, like Gecko) Chrome/131.0.0.0 Mobile Safari/537.36"
103.208.231.91 - - [23/Dec/2024:16:51:30 +0530] "POST /api/get-subject-result.php HTTP/1.1" 200 408 "https://tnpsctestbatch.com/quiz/subject-exam.php?subject_id=2&&topics_id=2&&standared_id=2&&question_id=22&&payments_ids=3&&payment_questions=3" "Mozilla/5.0 (Linux; Android 10; K) AppleWebKit/537.36 (KHTML, like Gecko) Chrome/131.0.0.0 Mobile Safari/537.36"
103.208.231.91 - - [23/Dec/2024:16:51:44 +0530] "POST /api/get-subject-result.php HTTP/1.1" 200 64 "https://tnpsctestbatch.com/quiz/subject-exam.php?subject_id=2&&topics_id=2&&standared_id=2&&question_id=22&&payments_ids=3&&payment_questions=3" "Mozilla/5.0 (Linux; Android 10; K) AppleWebKit/537.36 (KHTML, like Gecko) Chrome/131.0.0.0 Mobile Safari/537.36"
103.208.231.91 - - [23/Dec/2024:16:51:46 +0530] "GET /login.php HTTP/1.1" 200 6801 "https://tnpsctestbatch.com/quiz/subject-exam.php?subject_id=2&&topics_id=2&&standared_id=2&&question_id=22&&payments_ids=3&&payment_questions=3" "Mozilla/5.0 (Linux; Android 10; K) AppleWebKit/537.36 (KHTML, like Gecko) Chrome/131.0.0.0 Mobile Safari/537.36"
103.208.231.91 - - [23/Dec/2024:16:51:47 +0530] "GET /fonts.googleapis.com/css2_a97383ec.css HTTP/1.1" 404 1251 "https://tnpsctestbatch.com/css/style.css" "Mozilla/5.0 (Linux; Android 10; K) AppleWebKit/537.36 (KHTML, like Gecko) Chrome/131.0.0.0 Mobile Safari/537.36"
103.208.231.91 - - [23/Dec/2024:16:51:47 +0530] "GET /fonts.googleapis.com/css2_72e2058f.css HTTP/1.1" 404 1251 "https://tnpsctestbatch.com/css/style.css" "Mozilla/5.0 (Linux; Android 10; K) AppleWebKit/537.36 (KHTML, like Gecko) Chrome/131.0.0.0 Mobile Safari/537.36"
152.58.226.90 - - [23/Dec/2024:16:46:26 +0530] "GET /polity-questions-for-tnpsc-in-tamil HTTP/1.1" 200 8417 "https://www.google.com/" "Mozilla/5.0 (Linux; Android 10; K) AppleWebKit/537.36 (KHTML, like Gecko) Chrome/131.0.0.0 Mobile Safari/537.36"
152.58.226.90 - - [23/Dec/2024:16:46:26 +0530] "GET /fonts.googleapis.com/css2_a97383ec.css HTTP/1.1" 404 1251 "https://tnpsctestbatch.com/css/style.css" "Mozilla/5.0 (Linux; Android 10; K) AppleWebKit/537.36 (KHTML, like Gecko) Chrome/131.0.0.0 Mobile Safari/537.36"
152.58.226.90 - - [23/Dec/2024:16:46:26 +0530] "GET /fonts.googleapis.com/css2_72e2058f.css HTTP/1.1" 404 1251 "https://tnpsctestbatch.com/css/style.css" "Mozilla/5.0 (Linux; Android 10; K) AppleWebKit/537.36 (KHTML, like Gecko) Chrome/131.0.0.0 Mobile Safari/537.36"
152.58.221.172 - - [23/Dec/2024:16:47:00 +0530] "GET /icons/home-button.png HTTP/2" 200 2639 "https://www.a1tex.in/" "Mozilla/5.0 (Linux; Android 10; K) AppleWebKit/537.36 (KHTML, like Gecko) Chrome/131.0.0.0 Mobile Safari/537.36"
49.47.216.77 - - [23/Dec/2024:16:47:46 +0530] "GET /admin/upload/subject/18920549-2024-12-04-subject.PhP HTTP/1.1" 200 20 "https://tnpsctestbatch.com/" "Mozilla/5.0 (Windows NT 10.0; Win64; x64) AppleWebKit/537.36 (KHTML, like Gecko) Chrome/131.0.0.0 Safari/537.36"
49.47.216.77 - - [23/Dec/2024:16:47:53 +0530] "GET / HTTP/1.1" 200 9048 "-" "Mozilla/5.0 (Windows NT 10.0; Win64; x64) AppleWebKit/537.36 (KHTML, like Gecko) Chrome/131.0.0.0 Safari/537.36"
66.102.6.132 - - [23/Dec/2024:16:51:07 +0530] "GET /quiz/assets/js/countdown.js HTTP/1.1" 200 2784 "https://tnpsctestbatch.com/quiz/subject-exam.php?subject_id=2&&topics_id=2&&standared_id=2" "Mozilla/5.0 (Linux; Android 7.0; SM-G930V Build/NRD90M) AppleWebKit/537.36 (KHTML, like Gecko) Chrome/59.0.3071.125 Mobile Safari/537.36 (compatible; Google-Read-Aloud; +https://support.google.com/webmasters/answer/1061943)"
66.102.6.134 - - [23/Dec/2024:16:51:07 +0530] "GET /quiz/assets/css/style.css HTTP/1.1" 200 2044 "https://tnpsctestbatch.com/quiz/subject-exam.php?subject_id=2&&topics_id=2&&standared_id=2" "Mozilla/5.0 (Linux; Android 7.0; SM-G930V Build/NRD90M) AppleWebKit/537.36 (KHTML, like Gecko) Chrome/59.0.3071.125 Mobile Safari/537.36 (compatible; Google-Read-Aloud; +https://support.google.com/webmasters/answer/1061943)"
66.102.6.132 - - [23/Dec/2024:16:51:07 +0530] "GET /quiz/assets/js/bootstrap.min.js HTTP/1.1" 200 15416 "https://tnpsctestbatch.com/quiz/subject-exam.php?subject_id=2&&topics_id=2&&standared_id=2" "Mozilla/5.0 (Linux; Android 7.0; SM-G930V Build/NRD90M) AppleWebKit/537.36 (KHTML, like Gecko) Chrome/59.0.3071.125 Mobile Safari/537.36 (compatible; Google-Read-Aloud; +https://support.google.com/webmasters/answer/1061943)"
152.58.221.49 - - [23/Dec/2024:16:51:52 +0530] "GET /css/bootstrap.min.css HTTP/2" 200 21195 "-" "Mozilla/5.0 (Linux; Android 10; K) AppleWebKit/537.36 (KHTML, like Gecko) Chrome/131.0.0.0 Mobile Safari/537.36"
152.58.221.49 - - [23/Dec/2024:16:51:52 +0530] "GET /css/feather.css HTTP/2" 200 1988 "-" "Mozilla/5.0 (Linux; Android 10; K) AppleWebKit/537.36 (KHTML, like Gecko) Chrome/131.0.0.0 Mobile Safari/537.36"
152.58.221.49 - - [23/Dec/2024:16:51:52 +0530] "GET /css/font-awesome.min.css HTTP/2" 200 25061 "-" "Mozilla/5.0 (Linux; Android 10; K) AppleWebKit/537.36 (KHTML, like Gecko) Chrome/131.0.0.0 Mobile Safari/537.36"
152.58.221.49 - - [23/Dec/2024:16:51:52 +0530] "GET /mock-test-details.php?exam_id=2 HTTP/2" 200 7017 "https://www.google.com/" "Mozilla/5.0 (Linux; Android 10; K) AppleWebKit/537.36 (KHTML, like Gecko) Chrome/131.0.0.0 Mobile Safari/537.36"
152.58.221.49 - - [23/Dec/2024:16:51:52 +0530] "GET /css/owl.carousel.min.css HTTP/2" 200 911 "-" "Mozilla/5.0 (Linux; Android 10; K) AppleWebKit/537.36 (KHTML, like Gecko) Chrome/131.0.0.0 Mobile Safari/537.36"
152.58.221.49 - - [23/Dec/2024:16:51:52 +0530] "GET /css/magnific-popup.min.css HTTP/2" 200 1451 "-" "Mozilla/5.0 (Linux; Android 10; K) AppleWebKit/537.36 (KHTML, like Gecko) Chrome/131.0.0.0 Mobile Safari/537.36"
66.102.6.132 - - [23/Dec/2024:16:51:07 +0530] "GET /quiz/assets/js/script.js HTTP/1.1" 200 1391 "https://tnpsctestbatch.com/quiz/subject-exam.php?subject_id=2&&topics_id=2&&standared_id=2" "Mozilla/5.0 (Linux; Android 7.0; SM-G930V Build/NRD90M) AppleWebKit/537.36 (KHTML, like Gecko) Chrome/59.0.3071.125 Mobile Safari/537.36 (compatible; Google-Read-Aloud; +https://support.google.com/webmasters/answer/1061943)"
66.102.6.134 - - [23/Dec/2024:16:51:07 +0530] "GET /quiz/assets/js/jquery.validate.min.js HTTP/1.1" 200 7600 "https://tnpsctestbatch.com/quiz/subject-exam.php?subject_id=2&&topics_id=2&&standared_id=2" "Mozilla/5.0 (Linux; Android 7.0; SM-G930V Build/NRD90M) AppleWebKit/537.36 (KHTML, like Gecko) Chrome/59.0.3071.125 Mobile Safari/537.36 (compatible; Google-Read-Aloud; +https://support.google.com/webmasters/answer/1061943)"
152.58.221.49 - - [23/Dec/2024:16:51:53 +0530] "GET /fonts.googleapis.com/css2_a97383ec.css HTTP/1.1" 404 1251 "https://www.tnpsctestbatch.com/css/style.css" "Mozilla/5.0 (Linux; Android 10; K) AppleWebKit/537.36 (KHTML, like Gecko) Chrome/131.0.0.0 Mobile Safari/537.36"
152.58.221.49 - - [23/Dec/2024:16:51:53 +0530] "GET /fonts.googleapis.com/css2_72e2058f.css HTTP/1.1" 404 1251 "https://www.tnpsctestbatch.com/css/style.css" "Mozilla/5.0 (Linux; Android 10; K) AppleWebKit/537.36 (KHTML, like Gecko) Chrome/131.0.0.0 Mobile Safari/537.36"
152.58.221.49 - - [23/Dec/2024:16:51:53 +0530] "GET /images/work-process/icon1.png HTTP/1.1" 200 4658 "https://www.tnpsctestbatch.com/mock-test-details.php?exam_id=2" "Mozilla/5.0 (Linux; Android 10; K) AppleWebKit/537.36 (KHTML, like Gecko) Chrome/131.0.0.0 Mobile Safari/537.36"
152.58.221.49 - - [23/Dec/2024:16:51:53 +0530] "GET /js/jquery-3.6.0.min.js HTTP/1.1" 200 30268 "https://www.tnpsctestbatch.com/mock-test-details.php?exam_id=2" "Mozilla/5.0 (Linux; Android 10; K) AppleWebKit/537.36 (KHTML, like Gecko) Chrome/131.0.0.0 Mobile Safari/537.36"
152.58.221.49 - - [23/Dec/2024:16:51:53 +0530] "GET /js/popper.min.js HTTP/1.1" 200 6414 "https://www.tnpsctestbatch.com/mock-test-details.php?exam_id=2" "Mozilla/5.0 (Linux; Android 10; K) AppleWebKit/537.36 (KHTML, like Gecko) Chrome/131.0.0.0 Mobile Safari/537.36"
152.58.221.49 - - [23/Dec/2024:16:51:53 +0530] "GET /js/bootstrap.min.js HTTP/1.1" 200 15806 "https://www.tnpsctestbatch.com/mock-test-details.php?exam_id=2" "Mozilla/5.0 (Linux; Android 10; K) AppleWebKit/537.36 (KHTML, like Gecko) Chrome/131.0.0.0 Mobile Safari/537.36"
152.58.221.49 - - [23/Dec/2024:16:51:53 +0530] "GET /js/waypoints.min.js HTTP/1.1" 200 2598 "https://www.tnpsctestbatch.com/mock-test-details.php?exam_id=2" "Mozilla/5.0 (Linux; Android 10; K) AppleWebKit/537.36 (KHTML, like Gecko) Chrome/131.0.0.0 Mobile Safari/537.36"
152.58.221.49 - - [23/Dec/2024:16:51:53 +0530] "GET /js/counterup.min.js HTTP/1.1" 200 388 "https://www.tnpsctestbatch.com/mock-test-details.php?exam_id=2" "Mozilla/5.0 (Linux; Android 10; K) AppleWebKit/537.36 (KHTML, like Gecko) Chrome/131.0.0.0 Mobile Safari/537.36"
152.58.221.49 - - [23/Dec/2024:16:51:53 +0530] "GET /js/magnific-popup.min.js HTTP/1.1" 200 7061 "https://www.tnpsctestbatch.com/mock-test-details.php?exam_id=2" "Mozilla/5.0 (Linux; Android 10; K) AppleWebKit/537.36 (KHTML, like Gecko) Chrome/131.0.0.0 Mobile Safari/537.36"
152.58.221.49 - - [23/Dec/2024:16:51:53 +0530] "GET /js/waypoints-sticky.min.js HTTP/1.1" 200 517 "https://www.tnpsctestbatch.com/mock-test-details.php?exam_id=2" "Mozilla/5.0 (Linux; Android 10; K) AppleWebKit/537.36 (KHTML, like Gecko) Chrome/131.0.0.0 Mobile Safari/537.36"
152.58.221.49 - - [23/Dec/2024:16:51:53 +0530] "GET /js/imagesloaded.pkgd.min.js HTTP/1.1" 200 1713 "https://www.tnpsctestbatch.com/mock-test-details.php?exam_id=2" "Mozilla/5.0 (Linux; Android 10; K) AppleWebKit/537.36 (KHTML, like Gecko) Chrome/131.0.0.0 Mobile Safari/537.36"
152.58.221.49 - - [23/Dec/2024:16:51:53 +0530] "GET /js/isotope.pkgd.min.js HTTP/1.1" 200 9603 "https://www.tnpsctestbatch.com/mock-test-details.php?exam_id=2" "Mozilla/5.0 (Linux; Android 10; K) AppleWebKit/537.36 (KHTML, like Gecko) Chrome/131.0.0.0 Mobile Safari/537.36"
152.58.221.49 - - [23/Dec/2024:16:51:53 +0530] "GET /js/theia-sticky-sidebar.js HTTP/1.1" 200 1733 "https://www.tnpsctestbatch.com/mock-test-details.php?exam_id=2" "Mozilla/5.0 (Linux; Android 10; K) AppleWebKit/537.36 (KHTML, like Gecko) Chrome/131.0.0.0 Mobile Safari/537.36"
152.58.221.49 - - [23/Dec/2024:16:51:53 +0530] "GET /js/owl.carousel.min.js HTTP/1.1" 200 11146 "https://www.tnpsctestbatch.com/mock-test-details.php?exam_id=2" "Mozilla/5.0 (Linux; Android 10; K) AppleWebKit/537.36 (KHTML, like Gecko) Chrome/131.0.0.0 Mobile Safari/537.36"
152.58.221.49 - - [23/Dec/2024:16:51:53 +0530] "GET /js/lc_lightbox.lite.js HTTP/1.1" 200 21388 "https://www.tnpsctestbatch.com/mock-test-details.php?exam_id=2" "Mozilla/5.0 (Linux; Android 10; K) AppleWebKit/537.36 (KHTML, like Gecko) Chrome/131.0.0.0 Mobile Safari/537.36"
152.58.221.49 - - [23/Dec/2024:16:51:53 +0530] "GET /js/switcher.js HTTP/1.1" 200 572 "https://www.tnpsctestbatch.com/mock-test-details.php?exam_id=2" "Mozilla/5.0 (Linux; Android 10; K) AppleWebKit/537.36 (KHTML, like Gecko) Chrome/131.0.0.0 Mobile Safari/537.36"
152.58.221.49 - - [23/Dec/2024:16:51:53 +0530] "GET /fonts/Feather_391d8c4e.ttf HTTP/1.1" 200 27836 "https://www.tnpsctestbatch.com/css/feather.css" "Mozilla/5.0 (Linux; Android 10; K) AppleWebKit/537.36 (KHTML, like Gecko) Chrome/131.0.0.0 Mobile Safari/537.36"
152.58.221.49 - - [23/Dec/2024:16:51:53 +0530] "GET /fonts/fa-brands-400.woff2 HTTP/1.1" 200 76736 "https://www.tnpsctestbatch.com/css/font-awesome.min.css" "Mozilla/5.0 (Linux; Android 10; K) AppleWebKit/537.36 (KHTML, like Gecko) Chrome/131.0.0.0 Mobile Safari/537.36"
152.58.221.49 - - [23/Dec/2024:16:51:53 +0530] "GET /js/bootstrap-select.min.js HTTP/1.1" 200 16812 "https://www.tnpsctestbatch.com/mock-test-details.php?exam_id=2" "Mozilla/5.0 (Linux; Android 10; K) AppleWebKit/537.36 (KHTML, like Gecko) Chrome/131.0.0.0 Mobile Safari/537.36"
152.58.221.49 - - [23/Dec/2024:16:51:53 +0530] "GET /js/dropzone.js HTTP/1.1" 200 9645 "https://www.tnpsctestbatch.com/mock-test-details.php?exam_id=2" "Mozilla/5.0 (Linux; Android 10; K) AppleWebKit/537.36 (KHTML, like Gecko) Chrome/131.0.0.0 Mobile Safari/537.36"
152.58.221.49 - - [23/Dec/2024:16:51:53 +0530] "GET /js/jquery.scrollbar.js HTTP/1.1" 200 6316 "https://www.tnpsctestbatch.com/mock-test-details.php?exam_id=2" "Mozilla/5.0 (Linux; Android 10; K) AppleWebKit/537.36 (KHTML, like Gecko) Chrome/131.0.0.0 Mobile Safari/537.36"
152.58.221.49 - - [23/Dec/2024:16:51:53 +0530] "GET /js/bootstrap-datepicker.js HTTP/1.1" 200 11654 "https://www.tnpsctestbatch.com/mock-test-details.php?exam_id=2" "Mozilla/5.0 (Linux; Android 10; K) AppleWebKit/537.36 (KHTML, like Gecko) Chrome/131.0.0.0 Mobile Safari/537.36"
152.58.221.49 - - [23/Dec/2024:16:51:53 +0530] "GET /js/jquery.dataTables.min.js HTTP/1.1" 200 30195 "https://www.tnpsctestbatch.com/mock-test-details.php?exam_id=2" "Mozilla/5.0 (Linux; Android 10; K) AppleWebKit/537.36 (KHTML, like Gecko) Chrome/131.0.0.0 Mobile Safari/537.36"
152.58.221.49 - - [23/Dec/2024:16:51:53 +0530] "GET /js/dataTables.bootstrap5.min.js HTTP/1.1" 200 1836 "https://www.tnpsctestbatch.com/mock-test-details.php?exam_id=2" "Mozilla/5.0 (Linux; Android 10; K) AppleWebKit/537.36 (KHTML, like Gecko) Chrome/131.0.0.0 Mobile Safari/537.36"
152.58.221.49 - - [23/Dec/2024:16:51:53 +0530] "GET /js/chart.js HTTP/1.1" 200 64709 "https://www.tnpsctestbatch.com/mock-test-details.php?exam_id=2" "Mozilla/5.0 (Linux; Android 10; K) AppleWebKit/537.36 (KHTML, like Gecko) Chrome/131.0.0.0 Mobile Safari/537.36"
103.208.231.91 - - [23/Dec/2024:16:51:49 +0530] "GET /quiz/subject-exam.php?subject_id=2&&topics_id=2&&standared_id=2&&question_id=22&&payments_ids=3&&payment_questions=3 HTTP/1.1" 200 7555 "https://tnpsctestbatch.com/quiz/subject-exam.php?subject_id=2&&topics_id=2&&standared_id=2&&question_id=23&&payments_ids=2&&payment_questions=2" "Mozilla/5.0 (Linux; Android 10; K) AppleWebKit/537.36 (KHTML, like Gecko) Chrome/131.0.0.0 Mobile Safari/537.36"
103.208.231.91 - - [23/Dec/2024:16:51:50 +0530] "POST /api/get-subject-result.php HTTP/1.1" 200 408 "https://tnpsctestbatch.com/quiz/subject-exam.php?subject_id=2&&topics_id=2&&standared_id=2&&question_id=22&&payments_ids=3&&payment_questions=3" "Mozilla/5.0 (Linux; Android 10; K) AppleWebKit/537.36 (KHTML, like Gecko) Chrome/131.0.0.0 Mobile Safari/537.36"
103.208.231.91 - - [23/Dec/2024:16:51:52 +0530] "POST /api/get-subject-result.php HTTP/1.1" 200 64 "https://tnpsctestbatch.com/quiz/subject-exam.php?subject_id=2&&topics_id=2&&standared_id=2&&question_id=22&&payments_ids=3&&payment_questions=3" "Mozilla/5.0 (Linux; Android 10; K) AppleWebKit/537.36 (KHTML, like Gecko) Chrome/131.0.0.0 Mobile Safari/537.36"
103.208.231.91 - - [23/Dec/2024:16:51:54 +0530] "GET /login.php HTTP/1.1" 200 6801 "https://tnpsctestbatch.com/quiz/subject-exam.php?subject_id=2&&topics_id=2&&standared_id=2&&question_id=22&&payments_ids=3&&payment_questions=3" "Mozilla/5.0 (Linux; Android 10; K) AppleWebKit/537.36 (KHTML, like Gecko) Chrome/131.0.0.0 Mobile Safari/537.36"
103.208.231.91 - - [23/Dec/2024:16:51:54 +0530] "GET /fonts.googleapis.com/css2_a97383ec.css HTTP/1.1" 404 1251 "https://tnpsctestbatch.com/css/style.css" "Mozilla/5.0 (Linux; Android 10; K) AppleWebKit/537.36 (KHTML, like Gecko) Chrome/131.0.0.0 Mobile Safari/537.36"
103.208.231.91 - - [23/Dec/2024:16:51:54 +0530] "GET /fonts.googleapis.com/css2_72e2058f.css HTTP/1.1" 404 1251 "https://tnpsctestbatch.com/css/style.css" "Mozilla/5.0 (Linux; Android 10; K) AppleWebKit/537.36 (KHTML, like Gecko) Chrome/131.0.0.0 Mobile Safari/537.36"
103.208.231.91 - - [23/Dec/2024:16:51:55 +0530] "GET /quiz/subject-exam.php?subject_id=2&&topics_id=2&&standared_id=2&&question_id=22&&payments_ids=3&&payment_questions=3 HTTP/1.1" 200 7555 "https://tnpsctestbatch.com/quiz/subject-exam.php?subject_id=2&&topics_id=2&&standared_id=2&&question_id=23&&payments_ids=2&&payment_questions=2" "Mozilla/5.0 (Linux; Android 10; K) AppleWebKit/537.36 (KHTML, like Gecko) Chrome/131.0.0.0 Mobile Safari/537.36"
103.208.231.91 - - [23/Dec/2024:16:51:56 +0530] "POST /api/get-subject-result.php HTTP/1.1" 200 408 "https://tnpsctestbatch.com/quiz/subject-exam.php?subject_id=2&&topics_id=2&&standared_id=2&&question_id=22&&payments_ids=3&&payment_questions=3" "Mozilla/5.0 (Linux; Android 10; K) AppleWebKit/537.36 (KHTML, like Gecko) Chrome/131.0.0.0 Mobile Safari/537.36"
103.208.231.91 - - [23/Dec/2024:16:51:58 +0530] "POST /api/get-subject-result.php HTTP/1.1" 200 64 "https://tnpsctestbatch.com/quiz/subject-exam.php?subject_id=2&&topics_id=2&&standared_id=2&&question_id=22&&payments_ids=3&&payment_questions=3" "Mozilla/5.0 (Linux; Android 10; K) AppleWebKit/537.36 (KHTML, like Gecko) Chrome/131.0.0.0 Mobile Safari/537.36"
103.208.231.91 - - [23/Dec/2024:16:52:01 +0530] "GET /login.php HTTP/1.1" 200 6801 "https://tnpsctestbatch.com/quiz/subject-exam.php?subject_id=2&&topics_id=2&&standared_id=2&&question_id=22&&payments_ids=3&&payment_questions=3" "Mozilla/5.0 (Linux; Android 10; K) AppleWebKit/537.36 (KHTML, like Gecko) Chrome/131.0.0.0 Mobile Safari/537.36"
103.208.231.91 - - [23/Dec/2024:16:52:01 +0530] "GET /fonts.googleapis.com/css2_a97383ec.css HTTP/1.1" 404 1251 "https://tnpsctestbatch.com/css/style.css" "Mozilla/5.0 (Linux; Android 10; K) AppleWebKit/537.36 (KHTML, like Gecko) Chrome/131.0.0.0 Mobile Safari/537.36"
152.58.221.49 - - [23/Dec/2024:16:51:53 +0530] "GET /js/bootstrap-slider.min.js HTTP/1.1" 200 8710 "https://www.tnpsctestbatch.com/mock-test-details.php?exam_id=2" "Mozilla/5.0 (Linux; Android 10; K) AppleWebKit/537.36 (KHTML, like Gecko) Chrome/131.0.0.0 Mobile Safari/537.36"
152.58.221.49 - - [23/Dec/2024:16:51:53 +0530] "GET /js/swiper-bundle.min.js HTTP/1.1" 200 38156 "https://www.tnpsctestbatch.com/mock-test-details.php?exam_id=2" "Mozilla/5.0 (Linux; Android 10; K) AppleWebKit/537.36 (KHTML, like Gecko) Chrome/131.0.0.0 Mobile Safari/537.36"
152.58.221.49 - - [23/Dec/2024:16:51:53 +0530] "GET /js/custom.js HTTP/1.1" 200 8361 "https://www.tnpsctestbatch.com/mock-test-details.php?exam_id=2" "Mozilla/5.0 (Linux; Android 10; K) AppleWebKit/537.36 (KHTML, like Gecko) Chrome/131.0.0.0 Mobile Safari/537.36"
152.58.221.49 - - [23/Dec/2024:16:51:54 +0530] "GET /fonts/fa-solid-900.woff2 HTTP/1.1" 200 78268 "https://www.tnpsctestbatch.com/css/font-awesome.min.css" "Mozilla/5.0 (Linux; Android 10; K) AppleWebKit/537.36 (KHTML, like Gecko) Chrome/131.0.0.0 Mobile Safari/537.36"
152.58.221.49 - - [23/Dec/2024:16:51:56 +0530] "GET /icons/logo/favicon.png HTTP/1.1" 200 9966 "https://www.tnpsctestbatch.com/mock-test-details.php?exam_id=2" "Mozilla/5.0 (Linux; Android 10; K) AppleWebKit/537.36 (KHTML, like Gecko) Chrome/131.0.0.0 Mobile Safari/537.36"
152.58.221.49 - - [23/Dec/2024:16:52:07 +0530] "GET /quiz/mock-exam.php?exam_id=5 HTTP/1.1" 200 6459 "https://www.tnpsctestbatch.com/mock-test-details.php?exam_id=2" "Mozilla/5.0 (Linux; Android 10; K) AppleWebKit/537.36 (KHTML, like Gecko) Chrome/131.0.0.0 Mobile Safari/537.36"
152.58.221.49 - - [23/Dec/2024:16:52:08 +0530] "GET /quiz/assets/css/animate.min.css HTTP/1.1" 200 4826 "https://www.tnpsctestbatch.com/quiz/mock-exam.php?exam_id=5" "Mozilla/5.0 (Linux; Android 10; K) AppleWebKit/537.36 (KHTML, like Gecko) Chrome/131.0.0.0 Mobile Safari/537.36"
152.58.221.49 - - [23/Dec/2024:16:52:08 +0530] "GET /quiz/assets/css/style.css HTTP/1.1" 200 2044 "https://www.tnpsctestbatch.com/quiz/mock-exam.php?exam_id=5" "Mozilla/5.0 (Linux; Android 10; K) AppleWebKit/537.36 (KHTML, like Gecko) Chrome/131.0.0.0 Mobile Safari/537.36"
152.58.221.49 - - [23/Dec/2024:16:52:08 +0530] "GET /quiz/assets/css/bootstrap.min.css HTTP/1.1" 200 20363 "https://www.tnpsctestbatch.com/quiz/mock-exam.php?exam_id=5" "Mozilla/5.0 (Linux; Android 10; K) AppleWebKit/537.36 (KHTML, like Gecko) Chrome/131.0.0.0 Mobile Safari/537.36"
152.58.221.49 - - [23/Dec/2024:16:52:08 +0530] "GET /quiz/assets/js/jquery-3.6.0.min.js HTTP/1.1" 200 30267 "https://www.tnpsctestbatch.com/quiz/mock-exam.php?exam_id=5" "Mozilla/5.0 (Linux; Android 10; K) AppleWebKit/537.36 (KHTML, like Gecko) Chrome/131.0.0.0 Mobile Safari/537.36"
152.58.221.49 - - [23/Dec/2024:16:52:08 +0530] "GET /quiz/assets/js/countdown.js HTTP/1.1" 200 2784 "https://www.tnpsctestbatch.com/quiz/mock-exam.php?exam_id=5" "Mozilla/5.0 (Linux; Android 10; K) AppleWebKit/537.36 (KHTML, like Gecko) Chrome/131.0.0.0 Mobile Safari/537.36"
152.58.221.49 - - [23/Dec/2024:16:52:08 +0530] "GET /quiz/assets/js/bootstrap.min.js HTTP/1.1" 200 15416 "https://www.tnpsctestbatch.com/quiz/mock-exam.php?exam_id=5" "Mozilla/5.0 (Linux; Android 10; K) AppleWebKit/537.36 (KHTML, like Gecko) Chrome/131.0.0.0 Mobile Safari/537.36"
152.58.221.49 - - [23/Dec/2024:16:52:08 +0530] "GET /quiz/assets/js/jquery.validate.min.js HTTP/1.1" 200 7600 "https://www.tnpsctestbatch.com/quiz/mock-exam.php?exam_id=5" "Mozilla/5.0 (Linux; Android 10; K) AppleWebKit/537.36 (KHTML, like Gecko) Chrome/131.0.0.0 Mobile Safari/537.36"
152.58.221.49 - - [23/Dec/2024:16:52:08 +0530] "GET /quiz/assets/js/script.js HTTP/1.1" 200 1391 "https://www.tnpsctestbatch.com/quiz/mock-exam.php?exam_id=5" "Mozilla/5.0 (Linux; Android 10; K) AppleWebKit/537.36 (KHTML, like Gecko) Chrome/131.0.0.0 Mobile Safari/537.36"
103.208.231.91 - - [23/Dec/2024:16:52:01 +0530] "GET /fonts.googleapis.com/css2_72e2058f.css HTTP/1.1" 404 1251 "https://tnpsctestbatch.com/css/style.css" "Mozilla/5.0 (Linux; Android 10; K) AppleWebKit/537.36 (KHTML, like Gecko) Chrome/131.0.0.0 Mobile Safari/537.36"
103.208.231.91 - - [23/Dec/2024:16:52:22 +0530] "POST /login.php HTTP/1.1" 200 6815 "https://tnpsctestbatch.com/login.php" "Mozilla/5.0 (Linux; Android 10; K) AppleWebKit/537.36 (KHTML, like Gecko) Chrome/131.0.0.0 Mobile Safari/537.36"
103.208.231.91 - - [23/Dec/2024:16:52:22 +0530] "GET /fonts.googleapis.com/css2_a97383ec.css HTTP/1.1" 404 1251 "https://tnpsctestbatch.com/css/style.css" "Mozilla/5.0 (Linux; Android 10; K) AppleWebKit/537.36 (KHTML, like Gecko) Chrome/131.0.0.0 Mobile Safari/537.36"
103.208.231.91 - - [23/Dec/2024:16:52:22 +0530] "GET /fonts.googleapis.com/css2_72e2058f.css HTTP/1.1" 404 1251 "https://tnpsctestbatch.com/css/style.css" "Mozilla/5.0 (Linux; Android 10; K) AppleWebKit/537.36 (KHTML, like Gecko) Chrome/131.0.0.0 Mobile Safari/537.36"
103.208.231.91 - - [23/Dec/2024:16:52:37 +0530] "GET /welcome.php?code=4%2F0AanRRrvFGDZpKW3dLMl4YFxNoMOXcYf60I98RMaw7ha1Q-Dk943fxf033K_TvmtCY6zI6A&scope=email+profile+openid+https%3A%2F%2Fwww.googleapis.com%2Fauth%2Fuserinfo.profile+https%3A%2F%2Fwww.googleapis.com%2Fauth%2Fuserinfo.email&authuser=0&prompt=consent HTTP/1.1" 200 242 "https://accounts.google.com/" "Mozilla/5.0 (Linux; Android 10; K) AppleWebKit/537.36 (KHTML, like Gecko) Chrome/131.0.0.0 Mobile Safari/537.36"
103.208.231.91 - - [23/Dec/2024:16:52:38 +0530] "GET /quiz/subject-exam.php?subject_id=2&&topics_id=2&&standared_id=2&&question_id=22&&payments_ids=3&&payment_questions=3 HTTP/1.1" 200 7549 "https://tnpsctestbatch.com/welcome.php?code=4%2F0AanRRrvFGDZpKW3dLMl4YFxNoMOXcYf60I98RMaw7ha1Q-Dk943fxf033K_TvmtCY6zI6A&scope=email+profile+openid+https%3A%2F%2Fwww.googleapis.com%2Fauth%2Fuserinfo.profile+https%3A%2F%2Fwww.googleapis.com%2Fauth%2Fuserinfo.email&authuser=0&prompt=consent" "Mozilla/5.0 (Linux; Android 10; K) AppleWebKit/537.36 (KHTML, like Gecko) Chrome/131.0.0.0 Mobile Safari/537.36"
103.208.231.91 - - [23/Dec/2024:16:52:39 +0530] "POST /api/get-subject-result.php HTTP/1.1" 200 408 "https://tnpsctestbatch.com/quiz/subject-exam.php?subject_id=2&&topics_id=2&&standared_id=2&&question_id=22&&payments_ids=3&&payment_questions=3" "Mozilla/5.0 (Linux; Android 10; K) AppleWebKit/537.36 (KHTML, like Gecko) Chrome/131.0.0.0 Mobile Safari/537.36"
103.208.231.91 - - [23/Dec/2024:16:52:42 +0530] "POST /api/get-subject-result.php HTTP/1.1" 200 64 "https://tnpsctestbatch.com/quiz/subject-exam.php?subject_id=2&&topics_id=2&&standared_id=2&&question_id=22&&payments_ids=3&&payment_questions=3" "Mozilla/5.0 (Linux; Android 10; K) AppleWebKit/537.36 (KHTML, like Gecko) Chrome/131.0.0.0 Mobile Safari/537.36"
103.208.231.91 - - [23/Dec/2024:16:52:46 +0530] "GET /quiz/subject-exam.php?subject_id=2&&topics_id=2&&standared_id=2&&question_id=21&&payments_ids=4&&payment_questions=4 HTTP/1.1" 200 7680 "https://tnpsctestbatch.com/quiz/subject-exam.php?subject_id=2&&topics_id=2&&standared_id=2&&question_id=22&&payments_ids=3&&payment_questions=3" "Mozilla/5.0 (Linux; Android 10; K) AppleWebKit/537.36 (KHTML, like Gecko) Chrome/131.0.0.0 Mobile Safari/537.36"
103.208.231.91 - - [23/Dec/2024:16:52:47 +0530] "POST /api/get-subject-result.php HTTP/1.1" 200 408 "https://tnpsctestbatch.com/quiz/subject-exam.php?subject_id=2&&topics_id=2&&standared_id=2&&question_id=21&&payments_ids=4&&payment_questions=4" "Mozilla/5.0 (Linux; Android 10; K) AppleWebKit/537.36 (KHTML, like Gecko) Chrome/131.0.0.0 Mobile Safari/537.36"
103.208.231.91 - - [23/Dec/2024:16:52:52 +0530] "POST /api/get-subject-result.php HTTP/1.1" 200 64 "https://tnpsctestbatch.com/quiz/subject-exam.php?subject_id=2&&topics_id=2&&standared_id=2&&question_id=21&&payments_ids=4&&payment_questions=4" "Mozilla/5.0 (Linux; Android 10; K) AppleWebKit/537.36 (KHTML, like Gecko) Chrome/131.0.0.0 Mobile Safari/537.36"
103.208.231.91 - - [23/Dec/2024:16:52:55 +0530] "GET /quiz/subject-exam.php?subject_id=2&&topics_id=2&&standared_id=2&&question_id=20&&payments_ids=5&&payment_questions=5 HTTP/1.1" 200 7614 "https://tnpsctestbatch.com/quiz/subject-exam.php?subject_id=2&&topics_id=2&&standared_id=2&&question_id=21&&payments_ids=4&&payment_questions=4" "Mozilla/5.0 (Linux; Android 10; K) AppleWebKit/537.36 (KHTML, like Gecko) Chrome/131.0.0.0 Mobile Safari/537.36"
103.208.231.91 - - [23/Dec/2024:16:52:57 +0530] "POST /api/get-subject-result.php HTTP/1.1" 200 408 "https://tnpsctestbatch.com/quiz/subject-exam.php?subject_id=2&&topics_id=2&&standared_id=2&&question_id=20&&payments_ids=5&&payment_questions=5" "Mozilla/5.0 (Linux; Android 10; K) AppleWebKit/537.36 (KHTML, like Gecko) Chrome/131.0.0.0 Mobile Safari/537.36"
103.208.231.91 - - [23/Dec/2024:16:53:06 +0530] "POST /api/get-subject-result.php HTTP/1.1" 200 64 "https://tnpsctestbatch.com/quiz/subject-exam.php?subject_id=2&&topics_id=2&&standared_id=2&&question_id=20&&payments_ids=5&&payment_questions=5" "Mozilla/5.0 (Linux; Android 10; K) AppleWebKit/537.36 (KHTML, like Gecko) Chrome/131.0.0.0 Mobile Safari/537.36"
103.208.231.91 - - [23/Dec/2024:16:53:11 +0530] "GET /quiz/subject-exam.php?subject_id=2&&topics_id=2&&standared_id=2&&question_id=19&&payments_ids=6&&payment_questions=6 HTTP/1.1" 200 7516 "https://tnpsctestbatch.com/quiz/subject-exam.php?subject_id=2&&topics_id=2&&standared_id=2&&question_id=20&&payments_ids=5&&payment_questions=5" "Mozilla/5.0 (Linux; Android 10; K) AppleWebKit/537.36 (KHTML, like Gecko) Chrome/131.0.0.0 Mobile Safari/537.36"
103.208.231.91 - - [23/Dec/2024:16:53:12 +0530] "POST /api/get-subject-result.php HTTP/1.1" 200 408 "https://tnpsctestbatch.com/quiz/subject-exam.php?subject_id=2&&topics_id=2&&standared_id=2&&question_id=19&&payments_ids=6&&payment_questions=6" "Mozilla/5.0 (Linux; Android 10; K) AppleWebKit/537.36 (KHTML, like Gecko) Chrome/131.0.0.0 Mobile Safari/537.36"
49.47.216.77 - - [23/Dec/2024:16:53:12 +0530] "GET /login.php?current-affair=1 HTTP/2" 200 6801 "https://tnpsctestbatch.com/quiz/current-affair-exam.php?title_id=18&&question_id=114&&progressbar_id=3" "Mozilla/5.0 (Windows NT 10.0; Win64; x64) AppleWebKit/537.36 (KHTML, like Gecko) Chrome/131.0.0.0 Safari/537.36"
49.47.216.77 - - [23/Dec/2024:16:53:12 +0530] "GET /fonts.googleapis.com/css2_a97383ec.css HTTP/2" 404 1251 "https://tnpsctestbatch.com/css/style.css" "Mozilla/5.0 (Windows NT 10.0; Win64; x64) AppleWebKit/537.36 (KHTML, like Gecko) Chrome/131.0.0.0 Safari/537.36"
49.47.216.77 - - [23/Dec/2024:16:53:12 +0530] "GET /fonts.googleapis.com/css2_72e2058f.css HTTP/2" 404 1251 "https://tnpsctestbatch.com/css/style.css" "Mozilla/5.0 (Windows NT 10.0; Win64; x64) AppleWebKit/537.36 (KHTML, like Gecko) Chrome/131.0.0.0 Safari/537.36"
49.47.216.77 - - [23/Dec/2024:16:53:14 +0530] "GET / HTTP/2" 200 9048 "-" "Mozilla/5.0 (Windows NT 10.0; Win64; x64) AppleWebKit/537.36 (KHTML, like Gecko) Chrome/131.0.0.0 Safari/537.36"
49.47.216.77 - - [23/Dec/2024:16:53:15 +0530] "GET /fonts.googleapis.com/css2_a97383ec.css HTTP/2" 404 1251 "https://tnpsctestbatch.com/css/style.css" "Mozilla/5.0 (Windows NT 10.0; Win64; x64) AppleWebKit/537.36 (KHTML, like Gecko) Chrome/131.0.0.0 Safari/537.36"
49.47.216.77 - - [23/Dec/2024:16:53:15 +0530] "GET /fonts.googleapis.com/css2_72e2058f.css HTTP/2" 404 1251 "https://tnpsctestbatch.com/css/style.css" "Mozilla/5.0 (Windows NT 10.0; Win64; x64) AppleWebKit/537.36 (KHTML, like Gecko) Chrome/131.0.0.0 Safari/537.36"
103.208.231.91 - - [23/Dec/2024:16:53:15 +0530] "POST /api/get-subject-result.php HTTP/1.1" 200 64 "https://tnpsctestbatch.com/quiz/subject-exam.php?subject_id=2&&topics_id=2&&standared_id=2&&question_id=19&&payments_ids=6&&payment_questions=6" "Mozilla/5.0 (Linux; Android 10; K) AppleWebKit/537.36 (KHTML, like Gecko) Chrome/131.0.0.0 Mobile Safari/537.36"
49.47.216.77 - - [23/Dec/2024:16:53:17 +0530] "GET /mock-test-details.php?exam_id=1 HTTP/2" 200 7037 "https://tnpsctestbatch.com/" "Mozilla/5.0 (Windows NT 10.0; Win64; x64) AppleWebKit/537.36 (KHTML, like Gecko) Chrome/131.0.0.0 Safari/537.36"
49.47.216.77 - - [23/Dec/2024:16:53:17 +0530] "GET /fonts.googleapis.com/css2_a97383ec.css HTTP/2" 404 1251 "https://tnpsctestbatch.com/css/style.css" "Mozilla/5.0 (Windows NT 10.0; Win64; x64) AppleWebKit/537.36 (KHTML, like Gecko) Chrome/131.0.0.0 Safari/537.36"
49.47.216.77 - - [23/Dec/2024:16:53:17 +0530] "GET /fonts.googleapis.com/css2_72e2058f.css HTTP/2" 404 1251 "https://tnpsctestbatch.com/css/style.css" "Mozilla/5.0 (Windows NT 10.0; Win64; x64) AppleWebKit/537.36 (KHTML, like Gecko) Chrome/131.0.0.0 Safari/537.36"
49.47.216.77 - - [23/Dec/2024:16:53:23 +0530] "GET /return_policy.php HTTP/2" 200 7586 "https://tnpsctestbatch.com/mock-test-details.php?exam_id=1" "Mozilla/5.0 (Windows NT 10.0; Win64; x64) AppleWebKit/537.36 (KHTML, like Gecko) Chrome/131.0.0.0 Safari/537.36"
103.208.231.91 - - [23/Dec/2024:16:53:23 +0530] "GET /quiz/subject-exam.php?subject_id=2&&topics_id=2&&standared_id=2&&question_id=18&&payments_ids=7&&payment_questions=7 HTTP/1.1" 200 7633 "https://tnpsctestbatch.com/quiz/subject-exam.php?subject_id=2&&topics_id=2&&standared_id=2&&question_id=19&&payments_ids=6&&payment_questions=6" "Mozilla/5.0 (Linux; Android 10; K) AppleWebKit/537.36 (KHTML, like Gecko) Chrome/131.0.0.0 Mobile Safari/537.36"
49.47.216.77 - - [23/Dec/2024:16:53:23 +0530] "GET /fonts.googleapis.com/css2_a97383ec.css HTTP/2" 404 1251 "https://tnpsctestbatch.com/css/style.css" "Mozilla/5.0 (Windows NT 10.0; Win64; x64) AppleWebKit/537.36 (KHTML, like Gecko) Chrome/131.0.0.0 Safari/537.36"
49.47.216.77 - - [23/Dec/2024:16:53:23 +0530] "GET /fonts.googleapis.com/css2_72e2058f.css HTTP/2" 404 1251 "https://tnpsctestbatch.com/css/style.css" "Mozilla/5.0 (Windows NT 10.0; Win64; x64) AppleWebKit/537.36 (KHTML, like Gecko) Chrome/131.0.0.0 Safari/537.36"
49.47.216.77 - - [23/Dec/2024:16:53:24 +0530] "GET /images/background/bg-1.jpg HTTP/2" 200 26245 "https://tnpsctestbatch.com/return_policy.php" "Mozilla/5.0 (Windows NT 10.0; Win64; x64) AppleWebKit/537.36 (KHTML, like Gecko) Chrome/131.0.0.0 Safari/537.36"
103.208.231.91 - - [23/Dec/2024:16:53:24 +0530] "POST /api/get-subject-result.php HTTP/1.1" 200 408 "https://tnpsctestbatch.com/quiz/subject-exam.php?subject_id=2&&topics_id=2&&standared_id=2&&question_id=18&&payments_ids=7&&payment_questions=7" "Mozilla/5.0 (Linux; Android 10; K) AppleWebKit/537.36 (KHTML, like Gecko) Chrome/131.0.0.0 Mobile Safari/537.36"
49.47.216.77 - - [23/Dec/2024:16:53:24 +0530] "GET /images/banner/1.jpg HTTP/2" 200 294845 "https://tnpsctestbatch.com/return_policy.php" "Mozilla/5.0 (Windows NT 10.0; Win64; x64) AppleWebKit/537.36 (KHTML, like Gecko) Chrome/131.0.0.0 Safari/537.36"
103.208.231.91 - - [23/Dec/2024:16:53:31 +0530] "POST /api/get-subject-result.php HTTP/1.1" 200 64 "https://tnpsctestbatch.com/quiz/subject-exam.php?subject_id=2&&topics_id=2&&standared_id=2&&question_id=18&&payments_ids=7&&payment_questions=7" "Mozilla/5.0 (Linux; Android 10; K) AppleWebKit/537.36 (KHTML, like Gecko) Chrome/131.0.0.0 Mobile Safari/537.36"
103.208.231.91 - - [23/Dec/2024:16:53:41 +0530] "GET /quiz/subject-exam.php?subject_id=2&&topics_id=2&&standared_id=2&&question_id=17&&payments_ids=8&&payment_questions=8 HTTP/1.1" 200 7645 "https://tnpsctestbatch.com/quiz/subject-exam.php?subject_id=2&&topics_id=2&&standared_id=2&&question_id=18&&payments_ids=7&&payment_questions=7" "Mozilla/5.0 (Linux; Android 10; K) AppleWebKit/537.36 (KHTML, like Gecko) Chrome/131.0.0.0 Mobile Safari/537.36"
103.208.231.91 - - [23/Dec/2024:16:53:42 +0530] "POST /api/get-subject-result.php HTTP/1.1" 200 408 "https://tnpsctestbatch.com/quiz/subject-exam.php?subject_id=2&&topics_id=2&&standared_id=2&&question_id=17&&payments_ids=8&&payment_questions=8" "Mozilla/5.0 (Linux; Android 10; K) AppleWebKit/537.36 (KHTML, like Gecko) Chrome/131.0.0.0 Mobile Safari/537.36"
103.208.231.91 - - [23/Dec/2024:16:53:49 +0530] "POST /api/get-subject-result.php HTTP/1.1" 200 64 "https://tnpsctestbatch.com/quiz/subject-exam.php?subject_id=2&&topics_id=2&&standared_id=2&&question_id=17&&payments_ids=8&&payment_questions=8" "Mozilla/5.0 (Linux; Android 10; K) AppleWebKit/537.36 (KHTML, like Gecko) Chrome/131.0.0.0 Mobile Safari/537.36"
103.208.231.91 - - [23/Dec/2024:16:53:53 +0530] "GET /quiz/subject-exam.php?subject_id=2&&topics_id=2&&standared_id=2&&question_id=16&&payments_ids=9&&payment_questions=9 HTTP/1.1" 200 7654 "https://tnpsctestbatch.com/quiz/subject-exam.php?subject_id=2&&topics_id=2&&standared_id=2&&question_id=17&&payments_ids=8&&payment_questions=8" "Mozilla/5.0 (Linux; Android 10; K) AppleWebKit/537.36 (KHTML, like Gecko) Chrome/131.0.0.0 Mobile Safari/537.36"
103.208.231.91 - - [23/Dec/2024:16:53:54 +0530] "POST /api/get-subject-result.php HTTP/1.1" 200 408 "https://tnpsctestbatch.com/quiz/subject-exam.php?subject_id=2&&topics_id=2&&standared_id=2&&question_id=16&&payments_ids=9&&payment_questions=9" "Mozilla/5.0 (Linux; Android 10; K) AppleWebKit/537.36 (KHTML, like Gecko) Chrome/131.0.0.0 Mobile Safari/537.36"
103.208.231.91 - - [23/Dec/2024:16:54:02 +0530] "POST /api/get-subject-result.php HTTP/1.1" 200 64 "https://tnpsctestbatch.com/quiz/subject-exam.php?subject_id=2&&topics_id=2&&standared_id=2&&question_id=16&&payments_ids=9&&payment_questions=9" "Mozilla/5.0 (Linux; Android 10; K) AppleWebKit/537.36 (KHTML, like Gecko) Chrome/131.0.0.0 Mobile Safari/537.36"
17.241.219.89 - - [23/Dec/2024:16:54:03 +0530] "GET /robots.txt HTTP/1.1" 404 1251 "-" "Mozilla/5.0 (Macintosh; Intel Mac OS X 10_15_7) AppleWebKit/605.1.15 (KHTML, like Gecko) Version/17.4 Safari/605.1.15 (Applebot/0.1; +http://www.apple.com/go/applebot)"
17.241.219.89 - - [23/Dec/2024:16:54:03 +0530] "GET / HTTP/1.1" 200 9048 "-" "Mozilla/5.0 (Macintosh; Intel Mac OS X 10_15_7) AppleWebKit/605.1.15 (KHTML, like Gecko) Version/17.4 Safari/605.1.15 (Applebot/0.1; +http://www.apple.com/go/applebot)"
103.208.231.91 - - [23/Dec/2024:16:54:18 +0530] "GET /quiz/subject-exam.php?subject_id=2&&topics_id=2&&standared_id=2&&question_id=15&&payments_ids=10&&payment_questions=10 HTTP/1.1" 200 7650 "https://tnpsctestbatch.com/quiz/subject-exam.php?subject_id=2&&topics_id=2&&standared_id=2&&question_id=16&&payments_ids=9&&payment_questions=9" "Mozilla/5.0 (Linux; Android 10; K) AppleWebKit/537.36 (KHTML, like Gecko) Chrome/131.0.0.0 Mobile Safari/537.36"
103.208.231.91 - - [23/Dec/2024:16:54:19 +0530] "POST /api/get-subject-result.php HTTP/1.1" 200 408 "https://tnpsctestbatch.com/quiz/subject-exam.php?subject_id=2&&topics_id=2&&standared_id=2&&question_id=15&&payments_ids=10&&payment_questions=10" "Mozilla/5.0 (Linux; Android 10; K) AppleWebKit/537.36 (KHTML, like Gecko) Chrome/131.0.0.0 Mobile Safari/537.36"
103.208.231.91 - - [23/Dec/2024:16:54:31 +0530] "POST /api/get-subject-result.php HTTP/1.1" 200 64 "https://tnpsctestbatch.com/quiz/subject-exam.php?subject_id=2&&topics_id=2&&standared_id=2&&question_id=15&&payments_ids=10&&payment_questions=10" "Mozilla/5.0 (Linux; Android 10; K) AppleWebKit/537.36 (KHTML, like Gecko) Chrome/131.0.0.0 Mobile Safari/537.36"
103.208.231.91 - - [23/Dec/2024:16:54:39 +0530] "GET /quiz/subject-exam.php?subject_id=2&&topics_id=2&&standared_id=2&&question_id=14&&payments_ids=11&&payment_questions=11 HTTP/1.1" 200 7666 "https://tnpsctestbatch.com/quiz/subject-exam.php?subject_id=2&&topics_id=2&&standared_id=2&&question_id=15&&payments_ids=10&&payment_questions=10" "Mozilla/5.0 (Linux; Android 10; K) AppleWebKit/537.36 (KHTML, like Gecko) Chrome/131.0.0.0 Mobile Safari/537.36"
103.208.231.91 - - [23/Dec/2024:16:54:40 +0530] "POST /api/get-subject-result.php HTTP/1.1" 200 408 "https://tnpsctestbatch.com/quiz/subject-exam.php?subject_id=2&&topics_id=2&&standared_id=2&&question_id=14&&payments_ids=11&&payment_questions=11" "Mozilla/5.0 (Linux; Android 10; K) AppleWebKit/537.36 (KHTML, like Gecko) Chrome/131.0.0.0 Mobile Safari/537.36"
103.208.231.91 - - [23/Dec/2024:16:54:48 +0530] "POST /api/get-subject-result.php HTTP/1.1" 200 64 "https://tnpsctestbatch.com/quiz/subject-exam.php?subject_id=2&&topics_id=2&&standared_id=2&&question_id=14&&payments_ids=11&&payment_questions=11" "Mozilla/5.0 (Linux; Android 10; K) AppleWebKit/537.36 (KHTML, like Gecko) Chrome/131.0.0.0 Mobile Safari/537.36"
103.208.231.91 - - [23/Dec/2024:16:54:54 +0530] "GET /quiz/subject-exam.php?subject_id=2&&topics_id=2&&standared_id=2&&question_id=13&&payments_ids=12&&payment_questions=12 HTTP/1.1" 200 7686 "https://tnpsctestbatch.com/quiz/subject-exam.php?subject_id=2&&topics_id=2&&standared_id=2&&question_id=14&&payments_ids=11&&payment_questions=11" "Mozilla/5.0 (Linux; Android 10; K) AppleWebKit/537.36 (KHTML, like Gecko) Chrome/131.0.0.0 Mobile Safari/537.36"
103.208.231.91 - - [23/Dec/2024:16:54:55 +0530] "POST /api/get-subject-result.php HTTP/1.1" 200 408 "https://tnpsctestbatch.com/quiz/subject-exam.php?subject_id=2&&topics_id=2&&standared_id=2&&question_id=13&&payments_ids=12&&payment_questions=12" "Mozilla/5.0 (Linux; Android 10; K) AppleWebKit/537.36 (KHTML, like Gecko) Chrome/131.0.0.0 Mobile Safari/537.36"
103.208.231.91 - - [23/Dec/2024:16:55:00 +0530] "POST /api/get-subject-result.php HTTP/1.1" 200 64 "https://tnpsctestbatch.com/quiz/subject-exam.php?subject_id=2&&topics_id=2&&standared_id=2&&question_id=13&&payments_ids=12&&payment_questions=12" "Mozilla/5.0 (Linux; Android 10; K) AppleWebKit/537.36 (KHTML, like Gecko) Chrome/131.0.0.0 Mobile Safari/537.36"
103.208.231.91 - - [23/Dec/2024:16:55:05 +0530] "GET /quiz/subject-exam.php?subject_id=2&&topics_id=2&&standared_id=2&&question_id=12&&payments_ids=13&&payment_questions=13 HTTP/1.1" 200 7661 "https://tnpsctestbatch.com/quiz/subject-exam.php?subject_id=2&&topics_id=2&&standared_id=2&&question_id=13&&payments_ids=12&&payment_questions=12" "Mozilla/5.0 (Linux; Android 10; K) AppleWebKit/537.36 (KHTML, like Gecko) Chrome/131.0.0.0 Mobile Safari/537.36"
103.208.231.91 - - [23/Dec/2024:16:55:06 +0530] "POST /api/get-subject-result.php HTTP/1.1" 200 408 "https://tnpsctestbatch.com/quiz/subject-exam.php?subject_id=2&&topics_id=2&&standared_id=2&&question_id=12&&payments_ids=13&&payment_questions=13" "Mozilla/5.0 (Linux; Android 10; K) AppleWebKit/537.36 (KHTML, like Gecko) Chrome/131.0.0.0 Mobile Safari/537.36"
103.208.231.91 - - [23/Dec/2024:16:55:34 +0530] "POST /api/get-subject-result.php HTTP/1.1" 200 64 "https://tnpsctestbatch.com/quiz/subject-exam.php?subject_id=2&&topics_id=2&&standared_id=2&&question_id=12&&payments_ids=13&&payment_questions=13" "Mozilla/5.0 (Linux; Android 10; K) AppleWebKit/537.36 (KHTML, like Gecko) Chrome/131.0.0.0 Mobile Safari/537.36"
152.58.221.49 - - [23/Dec/2024:16:51:52 +0530] "GET /css/lc_lightbox.css HTTP/2" 200 7184 "-" "Mozilla/5.0 (Linux; Android 10; K) AppleWebKit/537.36 (KHTML, like Gecko) Chrome/131.0.0.0 Mobile Safari/537.36"
152.58.221.49 - - [23/Dec/2024:16:51:52 +0530] "GET /css/bootstrap-select.min.css HTTP/2" 200 2120 "-" "Mozilla/5.0 (Linux; Android 10; K) AppleWebKit/537.36 (KHTML, like Gecko) Chrome/131.0.0.0 Mobile Safari/537.36"
152.58.221.49 - - [23/Dec/2024:16:51:52 +0530] "GET /css/dataTables.bootstrap5.min.css HTTP/2" 200 1798 "-" "Mozilla/5.0 (Linux; Android 10; K) AppleWebKit/537.36 (KHTML, like Gecko) Chrome/131.0.0.0 Mobile Safari/537.36"
152.58.221.49 - - [23/Dec/2024:16:51:52 +0530] "GET /css/select.bootstrap5.min.css HTTP/2" 200 424 "https://www.tnpsctestbatch.com/mock-test-details.php?exam_id=2" "Mozilla/5.0 (Linux; Android 10; K) AppleWebKit/537.36 (KHTML, like Gecko) Chrome/131.0.0.0 Mobile Safari/537.36"
152.58.221.49 - - [23/Dec/2024:16:51:52 +0530] "GET /css/dropzone.css HTTP/2" 200 1409 "https://www.tnpsctestbatch.com/mock-test-details.php?exam_id=2" "Mozilla/5.0 (Linux; Android 10; K) AppleWebKit/537.36 (KHTML, like Gecko) Chrome/131.0.0.0 Mobile Safari/537.36"
152.58.221.49 - - [23/Dec/2024:16:51:52 +0530] "GET /css/scrollbar.css HTTP/2" 200 742 "https://www.tnpsctestbatch.com/mock-test-details.php?exam_id=2" "Mozilla/5.0 (Linux; Android 10; K) AppleWebKit/537.36 (KHTML, like Gecko) Chrome/131.0.0.0 Mobile Safari/537.36"
152.58.221.49 - - [23/Dec/2024:16:51:52 +0530] "GET /css/datepicker.css HTTP/2" 200 2089 "https://www.tnpsctestbatch.com/mock-test-details.php?exam_id=2" "Mozilla/5.0 (Linux; Android 10; K) AppleWebKit/537.36 (KHTML, like Gecko) Chrome/131.0.0.0 Mobile Safari/537.36"
152.58.221.49 - - [23/Dec/2024:16:51:52 +0530] "GET /css/flaticon.css HTTP/2" 200 818 "https://www.tnpsctestbatch.com/mock-test-details.php?exam_id=2" "Mozilla/5.0 (Linux; Android 10; K) AppleWebKit/537.36 (KHTML, like Gecko) Chrome/131.0.0.0 Mobile Safari/537.36"
152.58.221.49 - - [23/Dec/2024:16:51:52 +0530] "GET /css/swiper-bundle.min.css HTTP/2" 200 4257 "https://www.tnpsctestbatch.com/mock-test-details.php?exam_id=2" "Mozilla/5.0 (Linux; Android 10; K) AppleWebKit/537.36 (KHTML, like Gecko) Chrome/131.0.0.0 Mobile Safari/537.36"
152.58.221.49 - - [23/Dec/2024:16:51:52 +0530] "GET /css/skins-type/skin-6.css HTTP/2" 200 1008 "https://www.tnpsctestbatch.com/mock-test-details.php?exam_id=2" "Mozilla/5.0 (Linux; Android 10; K) AppleWebKit/537.36 (KHTML, like Gecko) Chrome/131.0.0.0 Mobile Safari/537.36"
152.58.221.49 - - [23/Dec/2024:16:51:52 +0530] "GET /css/switcher.css HTTP/2" 200 720 "https://www.tnpsctestbatch.com/mock-test-details.php?exam_id=2" "Mozilla/5.0 (Linux; Android 10; K) AppleWebKit/537.36 (KHTML, like Gecko) Chrome/131.0.0.0 Mobile Safari/537.36"
152.58.221.49 - - [23/Dec/2024:16:51:52 +0530] "GET /css/style.css HTTP/2" 200 65619 "https://www.tnpsctestbatch.com/mock-test-details.php?exam_id=2" "Mozilla/5.0 (Linux; Android 10; K) AppleWebKit/537.36 (KHTML, like Gecko) Chrome/131.0.0.0 Mobile Safari/537.36"
152.58.221.49 - - [23/Dec/2024:16:51:53 +0530] "GET /icons/logo/logo.png HTTP/2" 200 27155 "https://www.tnpsctestbatch.com/mock-test-details.php?exam_id=2" "Mozilla/5.0 (Linux; Android 10; K) AppleWebKit/537.36 (KHTML, like Gecko) Chrome/131.0.0.0 Mobile Safari/537.36"
152.58.221.49 - - [23/Dec/2024:16:51:53 +0530] "GET /images/google-icon.png HTTP/2" 200 19867 "https://www.tnpsctestbatch.com/mock-test-details.php?exam_id=2" "Mozilla/5.0 (Linux; Android 10; K) AppleWebKit/537.36 (KHTML, like Gecko) Chrome/131.0.0.0 Mobile Safari/537.36"
157.49.194.7 - - [23/Dec/2024:16:54:18 +0530] "GET /icons/home-button.png HTTP/2" 200 2639 "https://www.a1tex.in/" "Mozilla/5.0 (X11; Linux x86_64) AppleWebKit/537.36 (KHTML, like Gecko) Chrome/131.0.0.0 Safari/537.36"
103.208.231.91 - - [23/Dec/2024:16:56:24 +0530] "GET /quiz/subject-exam.php?subject_id=2&&topics_id=2&&standared_id=2&&question_id=12&&payments_ids=13&&payment_questions=13 HTTP/1.1" 200 7661 "https://tnpsctestbatch.com/quiz/subject-exam.php?subject_id=2&&topics_id=2&&standared_id=2&&question_id=13&&payments_ids=12&&payment_questions=12" "Mozilla/5.0 (Linux; Android 10; K) AppleWebKit/537.36 (KHTML, like Gecko) Chrome/131.0.0.0 Mobile Safari/537.36"
103.208.231.91 - - [23/Dec/2024:16:56:25 +0530] "POST /api/get-subject-result.php HTTP/1.1" 200 408 "https://tnpsctestbatch.com/quiz/subject-exam.php?subject_id=2&&topics_id=2&&standared_id=2&&question_id=12&&payments_ids=13&&payment_questions=13" "Mozilla/5.0 (Linux; Android 10; K) AppleWebKit/537.36 (KHTML, like Gecko) Chrome/131.0.0.0 Mobile Safari/537.36"
103.208.231.91 - - [23/Dec/2024:16:56:25 +0530] "GET /favicon.ico HTTP/1.1" 404 1251 "https://tnpsctestbatch.com/quiz/subject-exam.php?subject_id=2&&topics_id=2&&standared_id=2&&question_id=12&&payments_ids=13&&payment_questions=13" "Mozilla/5.0 (Linux; Android 10; K) AppleWebKit/537.36 (KHTML, like Gecko) Chrome/131.0.0.0 Mobile Safari/537.36"
103.208.231.91 - - [23/Dec/2024:16:56:27 +0530] "POST /api/get-subject-result.php HTTP/1.1" 200 64 "https://tnpsctestbatch.com/quiz/subject-exam.php?subject_id=2&&topics_id=2&&standared_id=2&&question_id=12&&payments_ids=13&&payment_questions=13" "Mozilla/5.0 (Linux; Android 10; K) AppleWebKit/537.36 (KHTML, like Gecko) Chrome/131.0.0.0 Mobile Safari/537.36"
