152.58.212.36 - - [20/Dec/2024:15:18:54 +0530] "GET /uploads/images/202410/img_x300_6711fdde23ef97-15338574-53166149.jpg HTTP/1.1" 200 31862 "https://selectionsilks.com/grand-salwar-gowns-620" "Mozilla/5.0 (Linux; Android 10; K) AppleWebKit/537.36 (KHTML, like Gecko) Chrome/131.0.0.0 Mobile Safari/537.36"
152.58.212.36 - - [20/Dec/2024:15:18:54 +0530] "GET /uploads/images/202410/img_x300_6711fdd99c0c45-87604270-26520506.jpg HTTP/1.1" 200 31095 "https://selectionsilks.com/grand-salwar-gowns-620" "Mozilla/5.0 (Linux; Android 10; K) AppleWebKit/537.36 (KHTML, like Gecko) Chrome/131.0.0.0 Mobile Safari/537.36"
64.233.173.6 - - [20/Dec/2024:15:18:58 +0530] "GET /grand-salwar-gowns-620 HTTP/1.1" 200 18502 "-" "Mozilla/5.0 (Linux; Android 7.0; SM-G930V Build/NRD90M) AppleWebKit/537.36 (KHTML, like Gecko) Chrome/59.0.3071.125 Mobile Safari/537.36 (compatible; Google-Read-Aloud; +https://support.google.com/webmasters/answer/1061943)"
66.102.6.98 - - [20/Dec/2024:15:19:00 +0530] "GET /grand-salwar-gowns-620 HTTP/1.1" 200 18498 "-" "Mozilla/5.0 (Linux; Android 7.0; SM-G930V Build/NRD90M) AppleWebKit/537.36 (KHTML, like Gecko) Chrome/59.0.3071.125 Mobile Safari/537.36 (compatible; Google-Read-Aloud; +https://support.google.com/webmasters/answer/1061943)"
157.49.96.22 - - [20/Dec/2024:15:24:44 +0530] "GET /assets/img/img_bg_product_small.png HTTP/1.1" 200 119 "https://selectionsilks.com/" "Mozilla/5.0 (Linux; Android 11; vivo 1904) AppleWebKit/537.36 (KHTML, like Gecko) Version/4.0 Chrome/87.0.4280.141 Mobile Safari/537.36 VivoBrowser/13.2.3.0"
157.49.96.22 - - [20/Dec/2024:15:24:44 +0530] "GET /uploads/logo/logo_6437ea46311e6.jpg HTTP/1.1" 200 41196 "https://selectionsilks.com/" "Mozilla/5.0 (Linux; Android 11; vivo 1904) AppleWebKit/537.36 (KHTML, like Gecko) Version/4.0 Chrome/87.0.4280.141 Mobile Safari/537.36 VivoBrowser/13.2.3.0"
157.49.96.22 - - [20/Dec/2024:15:24:44 +0530] "GET /assets/vendor/font-icons/font/mds-icons.woff2?79862638 HTTP/1.1" 200 15820 "https://selectionsilks.com/assets/vendor/font-icons/css/mds-icons.min.css" "Mozilla/5.0 (Linux; Android 11; vivo 1904) AppleWebKit/537.36 (KHTML, like Gecko) Version/4.0 Chrome/87.0.4280.141 Mobile Safari/537.36 VivoBrowser/13.2.3.0"
157.49.96.22 - - [20/Dec/2024:15:24:44 +0530] "GET /uploads/images/offer_bg.jpg HTTP/1.1" 200 31436 "https://selectionsilks.com/" "Mozilla/5.0 (Linux; Android 11; vivo 1904) AppleWebKit/537.36 (KHTML, like Gecko) Version/4.0 Chrome/87.0.4280.141 Mobile Safari/537.36 VivoBrowser/13.2.3.0"
157.49.96.22 - - [20/Dec/2024:15:24:46 +0530] "GET /assets/js/jquery-3.5.1.min.js HTTP/1.1" 200 30280 "https://selectionsilks.com/" "Mozilla/5.0 (Linux; Android 11; vivo 1904) AppleWebKit/537.36 (KHTML, like Gecko) Version/4.0 Chrome/87.0.4280.141 Mobile Safari/537.36 VivoBrowser/13.2.3.0"
157.49.96.22 - - [20/Dec/2024:15:24:46 +0530] "GET /assets/vendor/bootstrap/js/bootstrap.bundle.min.js HTTP/1.1" 200 20914 "https://selectionsilks.com/" "Mozilla/5.0 (Linux; Android 11; vivo 1904) AppleWebKit/537.36 (KHTML, like Gecko) Version/4.0 Chrome/87.0.4280.141 Mobile Safari/537.36 VivoBrowser/13.2.3.0"
157.49.96.22 - - [20/Dec/2024:15:24:46 +0530] "GET /assets/js/plugins-2.1.js HTTP/1.1" 200 80986 "https://selectionsilks.com/" "Mozilla/5.0 (Linux; Android 11; vivo 1904) AppleWebKit/537.36 (KHTML, like Gecko) Version/4.0 Chrome/87.0.4280.141 Mobile Safari/537.36 VivoBrowser/13.2.3.0"
157.49.96.22 - - [20/Dec/2024:15:24:46 +0530] "GET /assets/js/script-2.1.min.js HTTP/1.1" 200 8507 "https://selectionsilks.com/" "Mozilla/5.0 (Linux; Android 11; vivo 1904) AppleWebKit/537.36 (KHTML, like Gecko) Version/4.0 Chrome/87.0.4280.141 Mobile Safari/537.36 VivoBrowser/13.2.3.0"
157.49.96.22 - - [20/Dec/2024:15:24:49 +0530] "GET /uploads/slider/slider_64cac47e899a92-30413237-95351462.jpg HTTP/1.1" 200 85053 "https://selectionsilks.com/" "Mozilla/5.0 (Linux; Android 11; vivo 1904) AppleWebKit/537.36 (KHTML, like Gecko) Version/4.0 Chrome/87.0.4280.141 Mobile Safari/537.36 VivoBrowser/13.2.3.0"
185.191.171.13 - - [20/Dec/2024:15:24:02 +0530] "GET /grand-salwar-gowns-623 HTTP/1.1" 200 18525 "-" "Mozilla/5.0 (compatible; SemrushBot/7~bl; +http://www.semrush.com/bot.html)"
152.58.212.36 - - [20/Dec/2024:15:25:31 +0530] "GET / HTTP/1.1" 200 23164 "-" "Mozilla/5.0 (Linux; Android 10; K) AppleWebKit/537.36 (KHTML, like Gecko) Chrome/131.0.0.0 Mobile Safari/537.36"
152.58.212.36 - - [20/Dec/2024:15:25:34 +0530] "GET / HTTP/1.1" 200 23163 "-" "Mozilla/5.0 (Linux; Android 10; K) AppleWebKit/537.36 (KHTML, like Gecko) Chrome/131.0.0.0 Mobile Safari/537.36"
152.58.212.36 - - [20/Dec/2024:15:25:48 +0530] "GET /grand-umbrella-kurti-642 HTTP/1.1" 200 18518 "https://selectionsilks.com/" "Mozilla/5.0 (Linux; Android 10; K) AppleWebKit/537.36 (KHTML, like Gecko) Chrome/131.0.0.0 Mobile Safari/537.36"
152.58.212.36 - - [20/Dec/2024:15:25:48 +0530] "GET /uploads/images/202410/img_x300_6716951233c0d5-45879422-57730425.jpg HTTP/1.1" 200 33899 "https://selectionsilks.com/grand-umbrella-kurti-642" "Mozilla/5.0 (Linux; Android 10; K) AppleWebKit/537.36 (KHTML, like Gecko) Chrome/131.0.0.0 Mobile Safari/537.36"
152.58.212.36 - - [20/Dec/2024:15:25:49 +0530] "GET /uploads/images/202410/img_x300_671694dea02f80-51933280-46449598.jpg HTTP/1.1" 200 32926 "https://selectionsilks.com/grand-umbrella-kurti-642" "Mozilla/5.0 (Linux; Android 10; K) AppleWebKit/537.36 (KHTML, like Gecko) Chrome/131.0.0.0 Mobile Safari/537.36"
152.58.212.36 - - [20/Dec/2024:15:25:55 +0530] "GET / HTTP/1.1" 200 23162 "-" "Mozilla/5.0 (Linux; Android 10; K) AppleWebKit/537.36 (KHTML, like Gecko) Chrome/131.0.0.0 Mobile Safari/537.36"
157.49.96.22 - - [20/Dec/2024:15:26:02 +0530] "GET /uploads/images/202410/img_1920x_6719fc1ac12e11-73512216-24905217.jpg HTTP/1.1" 200 1422754 "https://selectionsilks.com/" "Mozilla/5.0 (Linux; Android 11; vivo 1904) AppleWebKit/537.36 (KHTML, like Gecko) Version/4.0 Chrome/87.0.4280.141 Mobile Safari/537.36 VivoBrowser/13.2.3.0"
157.49.96.22 - - [20/Dec/2024:15:26:08 +0530] "GET /kurtis/combo-3 HTTP/1.1" 200 14171 "https://selectionsilks.com/" "Mozilla/5.0 (Linux; Android 11; vivo 1904) AppleWebKit/537.36 (KHTML, like Gecko) Version/4.0 Chrome/87.0.4280.141 Mobile Safari/537.36 VivoBrowser/13.2.3.0"
152.58.212.36 - - [20/Dec/2024:15:26:07 +0530] "GET /uploads/images/202410/img_1920x_670fca83955c06-21288885-41739437.jpg HTTP/1.1" 200 1599279 "https://selectionsilks.com/" "Mozilla/5.0 (Linux; Android 10; K) AppleWebKit/537.36 (KHTML, like Gecko) Chrome/131.0.0.0 Mobile Safari/537.36"
152.58.212.36 - - [20/Dec/2024:15:26:07 +0530] "GET /uploads/images/202410/img_1920x_670fc9cd1c16e6-72693096-71916084.jpg HTTP/1.1" 200 1810038 "https://selectionsilks.com/" "Mozilla/5.0 (Linux; Android 10; K) AppleWebKit/537.36 (KHTML, like Gecko) Chrome/131.0.0.0 Mobile Safari/537.36"
152.58.212.36 - - [20/Dec/2024:15:26:07 +0530] "GET /uploads/images/202410/img_1920x_670fc9d1abca40-59714252-53700698.jpg HTTP/1.1" 200 1843825 "https://selectionsilks.com/" "Mozilla/5.0 (Linux; Android 10; K) AppleWebKit/537.36 (KHTML, like Gecko) Chrome/131.0.0.0 Mobile Safari/537.36"
152.58.212.36 - - [20/Dec/2024:15:26:07 +0530] "GET /uploads/images/202410/img_1920x_670fca7fc252d5-00489359-93028062.jpg HTTP/1.1" 200 1378727 "https://selectionsilks.com/" "Mozilla/5.0 (Linux; Android 10; K) AppleWebKit/537.36 (KHTML, like Gecko) Chrome/131.0.0.0 Mobile Safari/537.36"
152.58.212.36 - - [20/Dec/2024:15:26:10 +0530] "GET /uploads/images/202410/img_1920x_670fc9277c34e8-40223478-85105853.jpg HTTP/1.1" 304 0 "https://selectionsilks.com/" "Mozilla/5.0 (Linux; Android 10; K) AppleWebKit/537.36 (KHTML, like Gecko) Chrome/131.0.0.0 Mobile Safari/537.36"
152.58.212.36 - - [20/Dec/2024:15:26:10 +0530] "GET /uploads/images/202410/img_1920x_670fc75d0f4fc7-95795900-98321299.jpg HTTP/1.1" 304 0 "https://selectionsilks.com/" "Mozilla/5.0 (Linux; Android 10; K) AppleWebKit/537.36 (KHTML, like Gecko) Chrome/131.0.0.0 Mobile Safari/537.36"
152.58.212.36 - - [20/Dec/2024:15:26:10 +0530] "GET /uploads/images/202410/img_1920x_670fc7632b7fb2-85471562-11751122.jpg HTTP/1.1" 304 0 "https://selectionsilks.com/" "Mozilla/5.0 (Linux; Android 10; K) AppleWebKit/537.36 (KHTML, like Gecko) Chrome/131.0.0.0 Mobile Safari/537.36"
152.58.212.36 - - [20/Dec/2024:15:26:10 +0530] "GET /uploads/images/202410/img_1920x_670fc92b0f5ec3-15899397-90664910.jpg HTTP/1.1" 200 1396947 "https://selectionsilks.com/" "Mozilla/5.0 (Linux; Android 10; K) AppleWebKit/537.36 (KHTML, like Gecko) Chrome/131.0.0.0 Mobile Safari/537.36"
152.58.212.36 - - [20/Dec/2024:15:26:10 +0530] "GET /uploads/images/202410/img_1920x_670eaca292bd29-14051540-77728603.jpg HTTP/1.1" 304 0 "https://selectionsilks.com/" "Mozilla/5.0 (Linux; Android 10; K) AppleWebKit/537.36 (KHTML, like Gecko) Chrome/131.0.0.0 Mobile Safari/537.36"
152.58.212.36 - - [20/Dec/2024:15:26:10 +0530] "GET /uploads/images/202410/img_1920x_670fc49bac3b20-91861577-34124446.jpg HTTP/1.1" 200 1409752 "https://selectionsilks.com/" "Mozilla/5.0 (Linux; Android 10; K) AppleWebKit/537.36 (KHTML, like Gecko) Chrome/131.0.0.0 Mobile Safari/537.36"
152.58.212.36 - - [20/Dec/2024:15:26:10 +0530] "GET /uploads/images/202410/img_1920x_670eac9cbafde7-73566105-54911251.jpg HTTP/1.1" 200 1381812 "https://selectionsilks.com/" "Mozilla/5.0 (Linux; Android 10; K) AppleWebKit/537.36 (KHTML, like Gecko) Chrome/131.0.0.0 Mobile Safari/537.36"
152.58.212.36 - - [20/Dec/2024:15:26:10 +0530] "GET /uploads/images/202410/img_1920x_670fc4a6579231-02915003-59066880.jpg HTTP/1.1" 200 1374288 "https://selectionsilks.com/" "Mozilla/5.0 (Linux; Android 10; K) AppleWebKit/537.36 (KHTML, like Gecko) Chrome/131.0.0.0 Mobile Safari/537.36"
152.58.212.36 - - [20/Dec/2024:15:26:11 +0530] "GET /uploads/images/202410/img_1920x_670eac3e778817-07533553-13825818.jpg HTTP/1.1" 200 1222534 "https://selectionsilks.com/" "Mozilla/5.0 (Linux; Android 10; K) AppleWebKit/537.36 (KHTML, like Gecko) Chrome/131.0.0.0 Mobile Safari/537.36"
152.58.212.36 - - [20/Dec/2024:15:26:11 +0530] "GET /uploads/images/202410/img_1920x_670eac34ea6b91-08308096-40730592.jpg HTTP/1.1" 200 1264439 "https://selectionsilks.com/" "Mozilla/5.0 (Linux; Android 10; K) AppleWebKit/537.36 (KHTML, like Gecko) Chrome/131.0.0.0 Mobile Safari/537.36"
152.58.212.36 - - [20/Dec/2024:15:26:11 +0530] "GET /uploads/images/202410/img_1920x_670eabbba06024-43586939-25360222.jpg HTTP/1.1" 200 1639185 "https://selectionsilks.com/" "Mozilla/5.0 (Linux; Android 10; K) AppleWebKit/537.36 (KHTML, like Gecko) Chrome/131.0.0.0 Mobile Safari/537.36"
152.58.212.36 - - [20/Dec/2024:15:26:11 +0530] "GET /uploads/images/202410/img_1920x_670eabb5d2c289-59196502-47518345.jpg HTTP/1.1" 200 1573663 "https://selectionsilks.com/" "Mozilla/5.0 (Linux; Android 10; K) AppleWebKit/537.36 (KHTML, like Gecko) Chrome/131.0.0.0 Mobile Safari/537.36"
157.49.96.22 - - [20/Dec/2024:15:26:03 +0530] "GET /uploads/images/202410/img_1920x_6719fc154ad949-36456355-31605418.jpg HTTP/1.1" 200 0 "https://selectionsilks.com/" "Mozilla/5.0 (Linux; Android 11; vivo 1904) AppleWebKit/537.36 (KHTML, like Gecko) Version/4.0 Chrome/87.0.4280.141 Mobile Safari/537.36 VivoBrowser/13.2.3.0"
152.58.212.36 - - [20/Dec/2024:15:26:12 +0530] "GET /uploads/images/202410/img_1920x_670eaab8961c82-52216243-86485972.jpg HTTP/1.1" 200 1264560 "https://selectionsilks.com/" "Mozilla/5.0 (Linux; Android 10; K) AppleWebKit/537.36 (KHTML, like Gecko) Chrome/131.0.0.0 Mobile Safari/537.36"
152.58.212.36 - - [20/Dec/2024:15:26:12 +0530] "GET /uploads/images/202410/img_1920x_670eaac08dff17-93973132-32042870.jpg HTTP/1.1" 200 1173551 "https://selectionsilks.com/" "Mozilla/5.0 (Linux; Android 10; K) AppleWebKit/537.36 (KHTML, like Gecko) Chrome/131.0.0.0 Mobile Safari/537.36"
152.58.212.36 - - [20/Dec/2024:15:26:11 +0530] "GET /uploads/images/202410/img_1920x_670eab206d9ab9-83807433-54303790.jpg HTTP/1.1" 200 1603228 "https://selectionsilks.com/" "Mozilla/5.0 (Linux; Android 10; K) AppleWebKit/537.36 (KHTML, like Gecko) Chrome/131.0.0.0 Mobile Safari/537.36"
152.58.212.36 - - [20/Dec/2024:15:26:11 +0530] "GET /uploads/images/202410/img_1920x_670eab0dd26fe9-93889425-48307804.jpg HTTP/1.1" 200 1478611 "https://selectionsilks.com/" "Mozilla/5.0 (Linux; Android 10; K) AppleWebKit/537.36 (KHTML, like Gecko) Chrome/131.0.0.0 Mobile Safari/537.36"
157.49.96.22 - - [20/Dec/2024:15:26:02 +0530] "GET /uploads/images/202410/img_1920x_6719fb65d1d018-14429226-55724912.jpg HTTP/1.1" 200 1480469 "https://selectionsilks.com/" "Mozilla/5.0 (Linux; Android 11; vivo 1904) AppleWebKit/537.36 (KHTML, like Gecko) Version/4.0 Chrome/87.0.4280.141 Mobile Safari/537.36 VivoBrowser/13.2.3.0"
152.58.212.36 - - [20/Dec/2024:15:26:12 +0530] "GET /uploads/images/202410/img_1920x_670ea848bbfa35-16634540-17895930.jpg HTTP/1.1" 200 1514286 "https://selectionsilks.com/" "Mozilla/5.0 (Linux; Android 10; K) AppleWebKit/537.36 (KHTML, like Gecko) Chrome/131.0.0.0 Mobile Safari/537.36"
152.58.212.36 - - [20/Dec/2024:15:26:12 +0530] "GET /uploads/images/202410/img_1920x_670ea96186bd61-85597755-96218278.jpg HTTP/1.1" 200 1562308 "https://selectionsilks.com/" "Mozilla/5.0 (Linux; Android 10; K) AppleWebKit/537.36 (KHTML, like Gecko) Chrome/131.0.0.0 Mobile Safari/537.36"
152.58.212.36 - - [20/Dec/2024:15:26:12 +0530] "GET /uploads/images/202410/img_1920x_670ea9697e41b3-83216998-58959501.jpg HTTP/1.1" 200 1595482 "https://selectionsilks.com/" "Mozilla/5.0 (Linux; Android 10; K) AppleWebKit/537.36 (KHTML, like Gecko) Chrome/131.0.0.0 Mobile Safari/537.36"
152.58.212.36 - - [20/Dec/2024:15:26:12 +0530] "GET /uploads/images/202410/img_1920x_670ea84230ef25-27732714-13973923.jpg HTTP/1.1" 200 1562601 "https://selectionsilks.com/" "Mozilla/5.0 (Linux; Android 10; K) AppleWebKit/537.36 (KHTML, like Gecko) Chrome/131.0.0.0 Mobile Safari/537.36"
152.58.212.36 - - [20/Dec/2024:15:26:13 +0530] "GET /uploads/images/202410/img_1920x_670e0e052f6886-14016827-65142927.jpg HTTP/1.1" 200 1446411 "https://selectionsilks.com/" "Mozilla/5.0 (Linux; Android 10; K) AppleWebKit/537.36 (KHTML, like Gecko) Chrome/131.0.0.0 Mobile Safari/537.36"
152.58.212.36 - - [20/Dec/2024:15:26:13 +0530] "GET /uploads/images/202410/img_1920x_670ea71102fd97-60201929-24017060.jpg HTTP/1.1" 200 1457072 "https://selectionsilks.com/" "Mozilla/5.0 (Linux; Android 10; K) AppleWebKit/537.36 (KHTML, like Gecko) Chrome/131.0.0.0 Mobile Safari/537.36"
152.58.212.36 - - [20/Dec/2024:15:26:13 +0530] "GET /uploads/images/202410/img_1920x_670ea70ac9a091-75902220-82178212.jpg HTTP/1.1" 200 1419642 "https://selectionsilks.com/" "Mozilla/5.0 (Linux; Android 10; K) AppleWebKit/537.36 (KHTML, like Gecko) Chrome/131.0.0.0 Mobile Safari/537.36"
152.58.212.36 - - [20/Dec/2024:15:26:13 +0530] "GET /uploads/images/202410/img_1920x_670e07ea396c07-82773407-42942607.jpg HTTP/1.1" 200 1279278 "https://selectionsilks.com/" "Mozilla/5.0 (Linux; Android 10; K) AppleWebKit/537.36 (KHTML, like Gecko) Chrome/131.0.0.0 Mobile Safari/537.36"
152.58.212.36 - - [20/Dec/2024:15:26:13 +0530] "GET /uploads/images/202410/img_1920x_670e0cb9af02b3-03410192-62035855.jpg HTTP/1.1" 200 1213207 "https://selectionsilks.com/" "Mozilla/5.0 (Linux; Android 10; K) AppleWebKit/537.36 (KHTML, like Gecko) Chrome/131.0.0.0 Mobile Safari/537.36"
152.58.212.36 - - [20/Dec/2024:15:26:13 +0530] "GET /uploads/images/202410/img_1920x_670e07e3d92a85-11465849-22553033.jpg HTTP/1.1" 200 1675731 "https://selectionsilks.com/" "Mozilla/5.0 (Linux; Android 10; K) AppleWebKit/537.36 (KHTML, like Gecko) Chrome/131.0.0.0 Mobile Safari/537.36"
152.58.212.36 - - [20/Dec/2024:15:26:14 +0530] "GET /uploads/images/202410/img_1920x_670e057445c909-09965080-48019922.jpg HTTP/1.1" 200 1630143 "https://selectionsilks.com/" "Mozilla/5.0 (Linux; Android 10; K) AppleWebKit/537.36 (KHTML, like Gecko) Chrome/131.0.0.0 Mobile Safari/537.36"
152.58.212.36 - - [20/Dec/2024:15:26:14 +0530] "GET /uploads/images/202410/img_1920x_670d26fbdcac14-08715712-27244004.jpeg HTTP/1.1" 200 1418032 "https://selectionsilks.com/" "Mozilla/5.0 (Linux; Android 10; K) AppleWebKit/537.36 (KHTML, like Gecko) Chrome/131.0.0.0 Mobile Safari/537.36"
152.58.212.36 - - [20/Dec/2024:15:26:14 +0530] "GET /uploads/images/202410/img_1920x_670d26f4938639-72300234-71978845.jpeg HTTP/1.1" 200 1685328 "https://selectionsilks.com/" "Mozilla/5.0 (Linux; Android 10; K) AppleWebKit/537.36 (KHTML, like Gecko) Chrome/131.0.0.0 Mobile Safari/537.36"
152.58.212.36 - - [20/Dec/2024:15:26:14 +0530] "GET /uploads/images/202410/img_1920x_670e057ad3dc43-44971745-49622652.jpg HTTP/1.1" 200 1427208 "https://selectionsilks.com/" "Mozilla/5.0 (Linux; Android 10; K) AppleWebKit/537.36 (KHTML, like Gecko) Chrome/131.0.0.0 Mobile Safari/537.36"
152.58.212.36 - - [20/Dec/2024:15:26:15 +0530] "GET /uploads/images/202410/img_1920x_670d23f1adba76-76568566-71627068.jpg HTTP/1.1" 200 1533366 "https://selectionsilks.com/" "Mozilla/5.0 (Linux; Android 10; K) AppleWebKit/537.36 (KHTML, like Gecko) Chrome/131.0.0.0 Mobile Safari/537.36"
152.58.212.36 - - [20/Dec/2024:15:26:15 +0530] "GET /uploads/images/202410/img_1920x_670d2403dd9701-44386946-87367669.jpg HTTP/1.1" 200 1528991 "https://selectionsilks.com/" "Mozilla/5.0 (Linux; Android 10; K) AppleWebKit/537.36 (KHTML, like Gecko) Chrome/131.0.0.0 Mobile Safari/537.36"
152.58.212.36 - - [20/Dec/2024:15:26:15 +0530] "GET /uploads/images/202410/img_1920x_670d1f6edc2712-76077082-36178466.jpg HTTP/1.1" 200 1647089 "https://selectionsilks.com/" "Mozilla/5.0 (Linux; Android 10; K) AppleWebKit/537.36 (KHTML, like Gecko) Chrome/131.0.0.0 Mobile Safari/537.36"
152.58.212.36 - - [20/Dec/2024:15:26:15 +0530] "GET /uploads/images/202410/img_1920x_670d1f793e4f16-00212101-68108139.jpg HTTP/1.1" 200 1610545 "https://selectionsilks.com/" "Mozilla/5.0 (Linux; Android 10; K) AppleWebKit/537.36 (KHTML, like Gecko) Chrome/131.0.0.0 Mobile Safari/537.36"
157.49.96.22 - - [20/Dec/2024:15:26:03 +0530] "GET /uploads/images/202410/img_1920x_6719fb6be09768-79053690-86467917.jpg HTTP/1.1" 200 1272426 "https://selectionsilks.com/" "Mozilla/5.0 (Linux; Android 11; vivo 1904) AppleWebKit/537.36 (KHTML, like Gecko) Version/4.0 Chrome/87.0.4280.141 Mobile Safari/537.36 VivoBrowser/13.2.3.0"
152.58.212.36 - - [20/Dec/2024:15:26:16 +0530] "GET /uploads/images/202410/img_1920x_670bd0159cb011-50831221-44064044.jpg HTTP/1.1" 200 878161 "https://selectionsilks.com/" "Mozilla/5.0 (Linux; Android 10; K) AppleWebKit/537.36 (KHTML, like Gecko) Chrome/131.0.0.0 Mobile Safari/537.36"
152.58.212.36 - - [20/Dec/2024:15:26:16 +0530] "GET /uploads/images/202410/img_1920x_670bd00f52aa00-49832079-31128721.jpg HTTP/1.1" 200 1036946 "https://selectionsilks.com/" "Mozilla/5.0 (Linux; Android 10; K) AppleWebKit/537.36 (KHTML, like Gecko) Chrome/131.0.0.0 Mobile Safari/537.36"
152.58.212.36 - - [20/Dec/2024:15:26:16 +0530] "GET /uploads/images/202410/img_1920x_670b8a8ca7db52-59671972-36256486.jpg HTTP/1.1" 200 1419817 "https://selectionsilks.com/" "Mozilla/5.0 (Linux; Android 10; K) AppleWebKit/537.36 (KHTML, like Gecko) Chrome/131.0.0.0 Mobile Safari/537.36"
152.58.212.36 - - [20/Dec/2024:15:26:16 +0530] "GET /uploads/images/202410/img_1920x_670b8a8f954267-73702123-71743463.jpg HTTP/1.1" 200 1180683 "https://selectionsilks.com/" "Mozilla/5.0 (Linux; Android 10; K) AppleWebKit/537.36 (KHTML, like Gecko) Chrome/131.0.0.0 Mobile Safari/537.36"
152.58.212.36 - - [20/Dec/2024:15:26:17 +0530] "GET /uploads/images/202410/img_1920x_670b8913057606-71528876-48166544.jpg HTTP/1.1" 200 1568389 "https://selectionsilks.com/" "Mozilla/5.0 (Linux; Android 10; K) AppleWebKit/537.36 (KHTML, like Gecko) Chrome/131.0.0.0 Mobile Safari/537.36"
152.58.212.36 - - [20/Dec/2024:15:26:17 +0530] "GET /uploads/images/202410/img_1920x_670b886a974583-34698718-10134813.jpg HTTP/1.1" 200 1356369 "https://selectionsilks.com/" "Mozilla/5.0 (Linux; Android 10; K) AppleWebKit/537.36 (KHTML, like Gecko) Chrome/131.0.0.0 Mobile Safari/537.36"
152.58.212.36 - - [20/Dec/2024:15:26:17 +0530] "GET /uploads/images/202410/img_1920x_670b890ccdfd48-15942082-73948374.jpg HTTP/1.1" 200 1377844 "https://selectionsilks.com/" "Mozilla/5.0 (Linux; Android 10; K) AppleWebKit/537.36 (KHTML, like Gecko) Chrome/131.0.0.0 Mobile Safari/537.36"
152.58.212.36 - - [20/Dec/2024:15:26:17 +0530] "GET /uploads/images/202410/img_1920x_670b8860ace980-19137492-11565518.jpg HTTP/1.1" 200 1408072 "https://selectionsilks.com/" "Mozilla/5.0 (Linux; Android 10; K) AppleWebKit/537.36 (KHTML, like Gecko) Chrome/131.0.0.0 Mobile Safari/537.36"
157.49.96.22 - - [20/Dec/2024:15:26:13 +0530] "GET /uploads/images/202410/img_1920x_6708d9d1bc1983-89189672-48660728.jpg HTTP/1.1" 200 1690108 "https://selectionsilks.com/kurtis/combo-3" "Mozilla/5.0 (Linux; Android 11; vivo 1904) AppleWebKit/537.36 (KHTML, like Gecko) Version/4.0 Chrome/87.0.4280.141 Mobile Safari/537.36 VivoBrowser/13.2.3.0"
157.49.96.22 - - [20/Dec/2024:15:26:13 +0530] "GET /uploads/images/202410/img_1920x_6708d970d7ae67-56547439-59953052.jpg HTTP/1.1" 200 0 "https://selectionsilks.com/kurtis/combo-3" "Mozilla/5.0 (Linux; Android 11; vivo 1904) AppleWebKit/537.36 (KHTML, like Gecko) Version/4.0 Chrome/87.0.4280.141 Mobile Safari/537.36 VivoBrowser/13.2.3.0"
157.49.96.22 - - [20/Dec/2024:15:26:13 +0530] "GET /uploads/images/202410/img_1920x_6708d92b1b3f11-71845452-24054306.jpg HTTP/1.1" 200 0 "https://selectionsilks.com/kurtis/combo-3" "Mozilla/5.0 (Linux; Android 11; vivo 1904) AppleWebKit/537.36 (KHTML, like Gecko) Version/4.0 Chrome/87.0.4280.141 Mobile Safari/537.36 VivoBrowser/13.2.3.0"
157.49.96.22 - - [20/Dec/2024:15:26:13 +0530] "GET /uploads/images/202410/img_1920x_6708d8f720b7f7-62744869-35370781.jpg HTTP/1.1" 200 0 "https://selectionsilks.com/kurtis/combo-3" "Mozilla/5.0 (Linux; Android 11; vivo 1904) AppleWebKit/537.36 (KHTML, like Gecko) Version/4.0 Chrome/87.0.4280.141 Mobile Safari/537.36 VivoBrowser/13.2.3.0"
157.49.96.22 - - [20/Dec/2024:15:26:13 +0530] "GET /uploads/images/202410/img_1920x_6708d86d4b7031-70266252-47292109.jpg HTTP/1.1" 200 0 "https://selectionsilks.com/kurtis/combo-3" "Mozilla/5.0 (Linux; Android 11; vivo 1904) AppleWebKit/537.36 (KHTML, like Gecko) Version/4.0 Chrome/87.0.4280.141 Mobile Safari/537.36 VivoBrowser/13.2.3.0"
157.49.96.22 - - [20/Dec/2024:15:26:13 +0530] "GET /uploads/images/202410/img_1920x_6708d867627879-61117377-20773777.jpg HTTP/1.1" 200 2822 "https://selectionsilks.com/kurtis/combo-3" "Mozilla/5.0 (Linux; Android 11; vivo 1904) AppleWebKit/537.36 (KHTML, like Gecko) Version/4.0 Chrome/87.0.4280.141 Mobile Safari/537.36 VivoBrowser/13.2.3.0"
152.58.212.36 - - [20/Dec/2024:15:26:22 +0530] "GET /uploads/images/202410/img_1920x_670b8622d85876-70358618-93054239.jpg HTTP/1.1" 200 1513712 "https://selectionsilks.com/" "Mozilla/5.0 (Linux; Android 10; K) AppleWebKit/537.36 (KHTML, like Gecko) Chrome/131.0.0.0 Mobile Safari/537.36"
152.58.212.36 - - [20/Dec/2024:15:26:22 +0530] "GET /uploads/images/202410/img_1920x_670b861786d010-40759021-18491722.jpg HTTP/1.1" 200 1528190 "https://selectionsilks.com/" "Mozilla/5.0 (Linux; Android 10; K) AppleWebKit/537.36 (KHTML, like Gecko) Chrome/131.0.0.0 Mobile Safari/537.36"
152.58.212.36 - - [20/Dec/2024:15:26:22 +0530] "GET /uploads/images/202410/img_1920x_6708e021e19249-80190396-43918899.jpeg HTTP/1.1" 206 1 "https://selectionsilks.com/" "Mozilla/5.0 (Linux; Android 10; K) AppleWebKit/537.36 (KHTML, like Gecko) Chrome/131.0.0.0 Mobile Safari/537.36"
152.58.212.36 - - [20/Dec/2024:15:26:22 +0530] "GET /uploads/images/202410/img_1920x_6708e01632d776-66179933-31108192.jpeg HTTP/1.1" 206 1 "https://selectionsilks.com/" "Mozilla/5.0 (Linux; Android 10; K) AppleWebKit/537.36 (KHTML, like Gecko) Chrome/131.0.0.0 Mobile Safari/537.36"
152.58.212.36 - - [20/Dec/2024:15:26:22 +0530] "GET /uploads/images/202410/img_1920x_6708e106766f32-30085007-34728116.jpeg HTTP/1.1" 200 1429227 "https://selectionsilks.com/" "Mozilla/5.0 (Linux; Android 10; K) AppleWebKit/537.36 (KHTML, like Gecko) Chrome/131.0.0.0 Mobile Safari/537.36"
152.58.212.36 - - [20/Dec/2024:15:26:23 +0530] "GET /uploads/images/202410/img_1920x_6708e01632d776-66179933-31108192.jpeg HTTP/1.1" 206 1081051 "https://selectionsilks.com/" "Mozilla/5.0 (Linux; Android 10; K) AppleWebKit/537.36 (KHTML, like Gecko) Chrome/131.0.0.0 Mobile Safari/537.36"
152.58.212.36 - - [20/Dec/2024:15:26:23 +0530] "GET /uploads/images/202410/img_1920x_6708e021e19249-80190396-43918899.jpeg HTTP/1.1" 206 1178864 "https://selectionsilks.com/" "Mozilla/5.0 (Linux; Android 10; K) AppleWebKit/537.36 (KHTML, like Gecko) Chrome/131.0.0.0 Mobile Safari/537.36"
152.58.212.36 - - [20/Dec/2024:15:26:22 +0530] "GET /uploads/images/202410/img_1920x_6708e0f8a89b18-32215052-93475789.jpeg HTTP/1.1" 200 1814796 "https://selectionsilks.com/" "Mozilla/5.0 (Linux; Android 10; K) AppleWebKit/537.36 (KHTML, like Gecko) Chrome/131.0.0.0 Mobile Safari/537.36"
157.49.96.22 - - [20/Dec/2024:15:26:13 +0530] "GET /uploads/images/202410/img_1920x_6708d9c28a5988-75741690-45915690.jpg HTTP/1.1" 200 1638711 "https://selectionsilks.com/kurtis/combo-3" "Mozilla/5.0 (Linux; Android 11; vivo 1904) AppleWebKit/537.36 (KHTML, like Gecko) Version/4.0 Chrome/87.0.4280.141 Mobile Safari/537.36 VivoBrowser/13.2.3.0"
152.58.212.36 - - [20/Dec/2024:15:26:23 +0530] "GET /uploads/images/202410/img_1920x_6708d9d1bc1983-89189672-48660728.jpg HTTP/1.1" 200 1690108 "https://selectionsilks.com/" "Mozilla/5.0 (Linux; Android 10; K) AppleWebKit/537.36 (KHTML, like Gecko) Chrome/131.0.0.0 Mobile Safari/537.36"
152.58.212.36 - - [20/Dec/2024:15:26:23 +0530] "GET /uploads/images/202410/img_1920x_6708d9c28a5988-75741690-45915690.jpg HTTP/1.1" 200 1638711 "https://selectionsilks.com/" "Mozilla/5.0 (Linux; Android 10; K) AppleWebKit/537.36 (KHTML, like Gecko) Chrome/131.0.0.0 Mobile Safari/537.36"
152.58.212.36 - - [20/Dec/2024:15:26:23 +0530] "GET /uploads/images/202410/img_1920x_6708dc460edd41-37636102-29097141.jpeg HTTP/1.1" 200 1493970 "https://selectionsilks.com/" "Mozilla/5.0 (Linux; Android 10; K) AppleWebKit/537.36 (KHTML, like Gecko) Chrome/131.0.0.0 Mobile Safari/537.36"
152.58.212.36 - - [20/Dec/2024:15:26:23 +0530] "GET /uploads/images/202410/img_1920x_6708d92b1b3f11-71845452-24054306.jpg HTTP/1.1" 200 1384881 "https://selectionsilks.com/" "Mozilla/5.0 (Linux; Android 10; K) AppleWebKit/537.36 (KHTML, like Gecko) Chrome/131.0.0.0 Mobile Safari/537.36"
152.58.212.36 - - [20/Dec/2024:15:26:23 +0530] "GET /uploads/images/202410/img_1920x_6708dc3a54b379-80277190-41254532.jpeg HTTP/1.1" 200 1650195 "https://selectionsilks.com/" "Mozilla/5.0 (Linux; Android 10; K) AppleWebKit/537.36 (KHTML, like Gecko) Chrome/131.0.0.0 Mobile Safari/537.36"
152.58.212.36 - - [20/Dec/2024:15:26:23 +0530] "GET /uploads/images/202410/img_1920x_6708d983747e41-59609222-48841038.jpg HTTP/1.1" 200 1660626 "https://selectionsilks.com/" "Mozilla/5.0 (Linux; Android 10; K) AppleWebKit/537.36 (KHTML, like Gecko) Chrome/131.0.0.0 Mobile Safari/537.36"
152.58.212.36 - - [20/Dec/2024:15:26:23 +0530] "GET /uploads/images/202410/img_1920x_6708d8f720b7f7-62744869-35370781.jpg HTTP/1.1" 200 1700664 "https://selectionsilks.com/" "Mozilla/5.0 (Linux; Android 10; K) AppleWebKit/537.36 (KHTML, like Gecko) Chrome/131.0.0.0 Mobile Safari/537.36"
152.58.212.36 - - [20/Dec/2024:15:26:23 +0530] "GET /uploads/images/202410/img_1920x_6708d970d7ae67-56547439-59953052.jpg HTTP/1.1" 200 1726408 "https://selectionsilks.com/" "Mozilla/5.0 (Linux; Android 10; K) AppleWebKit/537.36 (KHTML, like Gecko) Chrome/131.0.0.0 Mobile Safari/537.36"
157.49.96.22 - - [20/Dec/2024:15:26:13 +0530] "GET /uploads/images/202410/img_1920x_6708d983747e41-59609222-48841038.jpg HTTP/1.1" 200 1660626 "https://selectionsilks.com/kurtis/combo-3" "Mozilla/5.0 (Linux; Android 11; vivo 1904) AppleWebKit/537.36 (KHTML, like Gecko) Version/4.0 Chrome/87.0.4280.141 Mobile Safari/537.36 VivoBrowser/13.2.3.0"
157.49.96.22 - - [20/Dec/2024:15:26:22 +0530] "GET /uploads/images/202410/img_1920x_6708d78f0b3aa9-34066392-70328091.jpg HTTP/1.1" 200 0 "https://selectionsilks.com/kurtis/combo-3" "Mozilla/5.0 (Linux; Android 11; vivo 1904) AppleWebKit/537.36 (KHTML, like Gecko) Version/4.0 Chrome/87.0.4280.141 Mobile Safari/537.36 VivoBrowser/13.2.3.0"
157.49.96.22 - - [20/Dec/2024:15:26:22 +0530] "GET /uploads/images/202410/img_1920x_6708d796be95f0-78780602-97875846.jpg HTTP/1.1" 200 0 "https://selectionsilks.com/kurtis/combo-3" "Mozilla/5.0 (Linux; Android 11; vivo 1904) AppleWebKit/537.36 (KHTML, like Gecko) Version/4.0 Chrome/87.0.4280.141 Mobile Safari/537.36 VivoBrowser/13.2.3.0"
157.49.96.22 - - [20/Dec/2024:15:26:22 +0530] "GET /uploads/images/202410/img_1920x_6708d5a3b051b3-24118166-48711034.jpeg HTTP/1.1" 200 0 "https://selectionsilks.com/kurtis/combo-3" "Mozilla/5.0 (Linux; Android 11; vivo 1904) AppleWebKit/537.36 (KHTML, like Gecko) Version/4.0 Chrome/87.0.4280.141 Mobile Safari/537.36 VivoBrowser/13.2.3.0"
157.49.96.22 - - [20/Dec/2024:15:26:20 +0530] "GET /uploads/images/202410/img_1920x_6708d81fdbf6c5-46363165-91107647.jpg HTTP/1.1" 200 1728758 "https://selectionsilks.com/kurtis/combo-3" "Mozilla/5.0 (Linux; Android 11; vivo 1904) AppleWebKit/537.36 (KHTML, like Gecko) Version/4.0 Chrome/87.0.4280.141 Mobile Safari/537.36 VivoBrowser/13.2.3.0"
157.49.96.22 - - [20/Dec/2024:15:26:22 +0530] "GET /uploads/images/202409/img_1920x_66f65df1175d96-75271829-55329057.jpg HTTP/1.1" 200 34007 "https://selectionsilks.com/kurtis/combo-3" "Mozilla/5.0 (Linux; Android 11; vivo 1904) AppleWebKit/537.36 (KHTML, like Gecko) Version/4.0 Chrome/87.0.4280.141 Mobile Safari/537.36 VivoBrowser/13.2.3.0"
152.58.212.36 - - [20/Dec/2024:15:26:31 +0530] "GET /uploads/images/202410/img_1920x_6708d867627879-61117377-20773777.jpg HTTP/1.1" 200 1507884 "https://selectionsilks.com/" "Mozilla/5.0 (Linux; Android 10; K) AppleWebKit/537.36 (KHTML, like Gecko) Chrome/131.0.0.0 Mobile Safari/537.36"
152.58.212.36 - - [20/Dec/2024:15:26:31 +0530] "GET /uploads/images/202410/img_1920x_6708d81833a4a2-41372037-65963516.jpg HTTP/1.1" 200 1862635 "https://selectionsilks.com/" "Mozilla/5.0 (Linux; Android 10; K) AppleWebKit/537.36 (KHTML, like Gecko) Chrome/131.0.0.0 Mobile Safari/537.36"
152.58.212.36 - - [20/Dec/2024:15:26:31 +0530] "GET /uploads/images/202410/img_1920x_6708d86d4b7031-70266252-47292109.jpg HTTP/1.1" 200 1656134 "https://selectionsilks.com/" "Mozilla/5.0 (Linux; Android 10; K) AppleWebKit/537.36 (KHTML, like Gecko) Chrome/131.0.0.0 Mobile Safari/537.36"
152.58.212.36 - - [20/Dec/2024:15:26:31 +0530] "GET /uploads/images/202410/img_1920x_6708d81fdbf6c5-46363165-91107647.jpg HTTP/1.1" 200 1728758 "https://selectionsilks.com/" "Mozilla/5.0 (Linux; Android 10; K) AppleWebKit/537.36 (KHTML, like Gecko) Chrome/131.0.0.0 Mobile Safari/537.36"
152.58.212.36 - - [20/Dec/2024:15:26:34 +0530] "GET /uploads/images/202410/img_1920x_6708d796be95f0-78780602-97875846.jpg HTTP/1.1" 200 1631417 "https://selectionsilks.com/" "Mozilla/5.0 (Linux; Android 10; K) AppleWebKit/537.36 (KHTML, like Gecko) Chrome/131.0.0.0 Mobile Safari/537.36"
152.58.212.36 - - [20/Dec/2024:15:26:34 +0530] "GET /uploads/images/202410/img_1920x_6708d5a3b051b3-24118166-48711034.jpeg HTTP/1.1" 200 1595452 "https://selectionsilks.com/" "Mozilla/5.0 (Linux; Android 10; K) AppleWebKit/537.36 (KHTML, like Gecko) Chrome/131.0.0.0 Mobile Safari/537.36"
152.58.212.36 - - [20/Dec/2024:15:26:34 +0530] "GET /uploads/images/202410/img_1920x_6708d78f0b3aa9-34066392-70328091.jpg HTTP/1.1" 200 1597396 "https://selectionsilks.com/" "Mozilla/5.0 (Linux; Android 10; K) AppleWebKit/537.36 (KHTML, like Gecko) Chrome/131.0.0.0 Mobile Safari/537.36"
152.58.212.36 - - [20/Dec/2024:15:26:34 +0530] "GET /uploads/images/202410/img_1920x_6708d5b1bb01c1-55949077-64742454.jpeg HTTP/1.1" 200 1514002 "https://selectionsilks.com/" "Mozilla/5.0 (Linux; Android 10; K) AppleWebKit/537.36 (KHTML, like Gecko) Chrome/131.0.0.0 Mobile Safari/537.36"
152.58.212.36 - - [20/Dec/2024:15:26:35 +0530] "GET /uploads/images/202410/img_1920x_6708c84b6c1245-43717034-54039271.jpeg HTTP/1.1" 200 1444443 "https://selectionsilks.com/" "Mozilla/5.0 (Linux; Android 10; K) AppleWebKit/537.36 (KHTML, like Gecko) Chrome/131.0.0.0 Mobile Safari/537.36"
152.58.212.36 - - [20/Dec/2024:15:26:35 +0530] "GET /uploads/images/202410/img_1920x_6708c7ae4e5562-24871596-85959595.jpeg HTTP/1.1" 200 1798102 "https://selectionsilks.com/" "Mozilla/5.0 (Linux; Android 10; K) AppleWebKit/537.36 (KHTML, like Gecko) Chrome/131.0.0.0 Mobile Safari/537.36"
152.58.212.36 - - [20/Dec/2024:15:26:35 +0530] "GET /uploads/images/202410/img_1920x_6708c85eeb8764-48819652-49904759.jpeg HTTP/1.1" 200 1454382 "https://selectionsilks.com/" "Mozilla/5.0 (Linux; Android 10; K) AppleWebKit/537.36 (KHTML, like Gecko) Chrome/131.0.0.0 Mobile Safari/537.36"
152.58.212.36 - - [20/Dec/2024:15:26:35 +0530] "GET /uploads/images/202410/img_1920x_6708c7a1390d51-89251463-41691098.jpeg HTTP/1.1" 200 1691472 "https://selectionsilks.com/" "Mozilla/5.0 (Linux; Android 10; K) AppleWebKit/537.36 (KHTML, like Gecko) Chrome/131.0.0.0 Mobile Safari/537.36"
152.58.212.36 - - [20/Dec/2024:15:26:36 +0530] "GET /uploads/images/202410/img_1920x_6708c648d0f4c6-63935354-57188801.jpeg HTTP/1.1" 200 1542054 "https://selectionsilks.com/" "Mozilla/5.0 (Linux; Android 10; K) AppleWebKit/537.36 (KHTML, like Gecko) Chrome/131.0.0.0 Mobile Safari/537.36"
152.58.212.36 - - [20/Dec/2024:15:26:36 +0530] "GET /uploads/images/202410/img_1920x_6707ec325d5d30-57657854-62219529.jpg HTTP/1.1" 200 1762447 "https://selectionsilks.com/" "Mozilla/5.0 (Linux; Android 10; K) AppleWebKit/537.36 (KHTML, like Gecko) Chrome/131.0.0.0 Mobile Safari/537.36"
152.58.212.36 - - [20/Dec/2024:15:26:36 +0530] "GET /uploads/images/202410/img_1920x_6707ec22c91574-28392148-50323251.jpg HTTP/1.1" 200 1709227 "https://selectionsilks.com/" "Mozilla/5.0 (Linux; Android 10; K) AppleWebKit/537.36 (KHTML, like Gecko) Chrome/131.0.0.0 Mobile Safari/537.36"
157.49.96.22 - - [20/Dec/2024:15:26:22 +0530] "GET /uploads/images/202410/img_1920x_6708d81833a4a2-41372037-65963516.jpg HTTP/1.1" 200 1862635 "https://selectionsilks.com/kurtis/combo-3" "Mozilla/5.0 (Linux; Android 11; vivo 1904) AppleWebKit/537.36 (KHTML, like Gecko) Version/4.0 Chrome/87.0.4280.141 Mobile Safari/537.36 VivoBrowser/13.2.3.0"
152.58.212.36 - - [20/Dec/2024:15:26:36 +0530] "GET /uploads/images/202410/img_1920x_6707eb32c7f123-81575405-63123221.jpeg HTTP/1.1" 200 1279647 "https://selectionsilks.com/" "Mozilla/5.0 (Linux; Android 10; K) AppleWebKit/537.36 (KHTML, like Gecko) Chrome/131.0.0.0 Mobile Safari/537.36"
152.58.212.36 - - [20/Dec/2024:15:26:36 +0530] "GET /uploads/images/202410/img_1920x_6707ea33be3648-08654141-23170244.jpeg HTTP/1.1" 200 1602340 "https://selectionsilks.com/" "Mozilla/5.0 (Linux; Android 10; K) AppleWebKit/537.36 (KHTML, like Gecko) Chrome/131.0.0.0 Mobile Safari/537.36"
152.58.212.36 - - [20/Dec/2024:15:26:37 +0530] "GET /uploads/images/202410/img_1920x_6707e8db5de997-13074186-37900922.jpeg HTTP/1.1" 200 1455370 "https://selectionsilks.com/" "Mozilla/5.0 (Linux; Android 10; K) AppleWebKit/537.36 (KHTML, like Gecko) Chrome/131.0.0.0 Mobile Safari/537.36"
152.58.212.36 - - [20/Dec/2024:15:26:37 +0530] "GET /uploads/images/202410/img_1920x_6707e8e8a8d502-00875161-84485661.jpeg HTTP/1.1" 200 1645790 "https://selectionsilks.com/" "Mozilla/5.0 (Linux; Android 10; K) AppleWebKit/537.36 (KHTML, like Gecko) Chrome/131.0.0.0 Mobile Safari/537.36"
152.58.212.36 - - [20/Dec/2024:15:26:37 +0530] "GET /uploads/images/202410/img_1920x_6707e69fdc3299-57600391-45543285.jpeg HTTP/1.1" 200 1648499 "https://selectionsilks.com/" "Mozilla/5.0 (Linux; Android 10; K) AppleWebKit/537.36 (KHTML, like Gecko) Chrome/131.0.0.0 Mobile Safari/537.36"
152.58.212.36 - - [20/Dec/2024:15:26:37 +0530] "GET /uploads/images/202410/img_1920x_6707e6acb8ffc1-13000653-10726386.jpeg HTTP/1.1" 200 1695139 "https://selectionsilks.com/" "Mozilla/5.0 (Linux; Android 10; K) AppleWebKit/537.36 (KHTML, like Gecko) Chrome/131.0.0.0 Mobile Safari/537.36"
157.49.96.22 - - [20/Dec/2024:15:26:31 +0530] "GET /uploads/images/202410/img_1920x_6719f50e865640-93100783-66898978.jpg HTTP/1.1" 200 0 "https://selectionsilks.com/" "Mozilla/5.0 (Linux; Android 11; vivo 1904) AppleWebKit/537.36 (KHTML, like Gecko) Version/4.0 Chrome/87.0.4280.141 Mobile Safari/537.36 VivoBrowser/13.2.3.0"
157.49.96.22 - - [20/Dec/2024:15:26:31 +0530] "GET /uploads/images/202410/img_1920x_6719f524615dd9-45269472-56710236.jpg HTTP/1.1" 200 0 "https://selectionsilks.com/" "Mozilla/5.0 (Linux; Android 11; vivo 1904) AppleWebKit/537.36 (KHTML, like Gecko) Version/4.0 Chrome/87.0.4280.141 Mobile Safari/537.36 VivoBrowser/13.2.3.0"
157.49.96.22 - - [20/Dec/2024:15:26:31 +0530] "GET /uploads/images/202410/img_1920x_6719f5b77b4889-22824513-51267946.jpg HTTP/1.1" 200 14109 "https://selectionsilks.com/" "Mozilla/5.0 (Linux; Android 11; vivo 1904) AppleWebKit/537.36 (KHTML, like Gecko) Version/4.0 Chrome/87.0.4280.141 Mobile Safari/537.36 VivoBrowser/13.2.3.0"
157.49.96.22 - - [20/Dec/2024:15:26:31 +0530] "GET /uploads/images/202410/img_1920x_6719f5ae1a6871-49565685-70376581.jpg HTTP/1.1" 200 4161 "https://selectionsilks.com/" "Mozilla/5.0 (Linux; Android 11; vivo 1904) AppleWebKit/537.36 (KHTML, like Gecko) Version/4.0 Chrome/87.0.4280.141 Mobile Safari/537.36 VivoBrowser/13.2.3.0"
157.49.96.22 - - [20/Dec/2024:15:26:24 +0530] "GET /uploads/images/202410/img_1920x_6708d5b1bb01c1-55949077-64742454.jpeg HTTP/1.1" 200 1514002 "https://selectionsilks.com/kurtis/combo-3" "Mozilla/5.0 (Linux; Android 11; vivo 1904) AppleWebKit/537.36 (KHTML, like Gecko) Version/4.0 Chrome/87.0.4280.141 Mobile Safari/537.36 VivoBrowser/13.2.3.0"
152.58.212.36 - - [20/Dec/2024:15:26:41 +0530] "GET /uploads/images/202410/img_1920x_6707e46b396d75-66297947-69155837.jpg HTTP/1.1" 200 1633947 "https://selectionsilks.com/" "Mozilla/5.0 (Linux; Android 10; K) AppleWebKit/537.36 (KHTML, like Gecko) Chrome/131.0.0.0 Mobile Safari/537.36"
152.58.212.36 - - [20/Dec/2024:15:26:41 +0530] "GET /uploads/images/202410/img_1920x_6707dc537524e3-86826963-53885997.jpg HTTP/1.1" 200 1824085 "https://selectionsilks.com/" "Mozilla/5.0 (Linux; Android 10; K) AppleWebKit/537.36 (KHTML, like Gecko) Chrome/131.0.0.0 Mobile Safari/537.36"
152.58.212.36 - - [20/Dec/2024:15:26:41 +0530] "GET /uploads/images/202410/img_1920x_6707e472cd8740-88938103-61465705.jpg HTTP/1.1" 200 1741974 "https://selectionsilks.com/" "Mozilla/5.0 (Linux; Android 10; K) AppleWebKit/537.36 (KHTML, like Gecko) Chrome/131.0.0.0 Mobile Safari/537.36"
152.58.212.36 - - [20/Dec/2024:15:26:42 +0530] "GET /uploads/images/202410/img_1920x_6707dad5341197-35454243-67810468.jpg HTTP/1.1" 200 1778036 "https://selectionsilks.com/" "Mozilla/5.0 (Linux; Android 10; K) AppleWebKit/537.36 (KHTML, like Gecko) Chrome/131.0.0.0 Mobile Safari/537.36"
152.58.212.36 - - [20/Dec/2024:15:26:42 +0530] "GET /uploads/images/202410/img_1920x_6707d7f1859be4-37419863-47834708.jpg HTTP/1.1" 200 1751202 "https://selectionsilks.com/" "Mozilla/5.0 (Linux; Android 10; K) AppleWebKit/537.36 (KHTML, like Gecko) Chrome/131.0.0.0 Mobile Safari/537.36"
152.58.212.36 - - [20/Dec/2024:15:26:42 +0530] "GET /uploads/images/202410/img_1920x_6707dad1736a06-04505694-19036035.jpg HTTP/1.1" 200 1652341 "https://selectionsilks.com/" "Mozilla/5.0 (Linux; Android 10; K) AppleWebKit/537.36 (KHTML, like Gecko) Chrome/131.0.0.0 Mobile Safari/537.36"
152.58.212.36 - - [20/Dec/2024:15:26:42 +0530] "GET /uploads/images/202410/img_1920x_6707d7f984fab0-74062813-74397796.jpg HTTP/1.1" 200 1799469 "https://selectionsilks.com/" "Mozilla/5.0 (Linux; Android 10; K) AppleWebKit/537.36 (KHTML, like Gecko) Chrome/131.0.0.0 Mobile Safari/537.36"
152.58.212.36 - - [20/Dec/2024:15:26:43 +0530] "GET /uploads/images/202410/img_1920x_6707d697cf4ab0-97815777-63174885.jpg HTTP/1.1" 200 920801 "https://selectionsilks.com/" "Mozilla/5.0 (Linux; Android 10; K) AppleWebKit/537.36 (KHTML, like Gecko) Chrome/131.0.0.0 Mobile Safari/537.36"
152.58.212.36 - - [20/Dec/2024:15:26:43 +0530] "GET /uploads/images/202410/img_1920x_6707d56a35c2f7-68814933-17275245.jpg HTTP/1.1" 200 1349615 "https://selectionsilks.com/" "Mozilla/5.0 (Linux; Android 10; K) AppleWebKit/537.36 (KHTML, like Gecko) Chrome/131.0.0.0 Mobile Safari/537.36"
157.49.96.22 - - [20/Dec/2024:15:26:28 +0530] "GET /uploads/images/202410/img_1920x_6719fc154ad949-36456355-31605418.jpg HTTP/1.1" 200 1391394 "https://selectionsilks.com/" "Mozilla/5.0 (Linux; Android 11; vivo 1904) AppleWebKit/537.36 (KHTML, like Gecko) Version/4.0 Chrome/87.0.4280.141 Mobile Safari/537.36 VivoBrowser/13.2.3.0"
152.58.212.36 - - [20/Dec/2024:15:26:44 +0530] "GET /uploads/images/202410/img_1920x_6707d485ae7823-73241835-65611010.jpg HTTP/1.1" 200 1548908 "https://selectionsilks.com/" "Mozilla/5.0 (Linux; Android 10; K) AppleWebKit/537.36 (KHTML, like Gecko) Chrome/131.0.0.0 Mobile Safari/537.36"
152.58.212.36 - - [20/Dec/2024:15:26:44 +0530] "GET /uploads/images/202410/img_1920x_6707d4f58ab235-68345427-86209754.jpg HTTP/1.1" 200 1529749 "https://selectionsilks.com/" "Mozilla/5.0 (Linux; Android 10; K) AppleWebKit/537.36 (KHTML, like Gecko) Chrome/131.0.0.0 Mobile Safari/537.36"
157.49.96.22 - - [20/Dec/2024:15:26:35 +0530] "GET /uploads/images/202410/img_1920x_6719f33b2e9b82-54605840-21582925.jpg HTTP/1.1" 200 1101510 "https://selectionsilks.com/" "Mozilla/5.0 (Linux; Android 11; vivo 1904) AppleWebKit/537.36 (KHTML, like Gecko) Version/4.0 Chrome/87.0.4280.141 Mobile Safari/537.36 VivoBrowser/13.2.3.0"
152.58.212.36 - - [20/Dec/2024:15:26:49 +0530] "GET /georgette-umbrella-kurtis-561 HTTP/1.1" 200 18121 "https://selectionsilks.com/" "Mozilla/5.0 (Linux; Android 10; K) AppleWebKit/537.36 (KHTML, like Gecko) Chrome/131.0.0.0 Mobile Safari/537.36"
157.49.96.22 - - [20/Dec/2024:15:26:41 +0530] "GET /uploads/images/202410/img_1920x_6719eb4037dca0-93748419-77018552.jpg HTTP/1.1" 200 0 "https://selectionsilks.com/" "Mozilla/5.0 (Linux; Android 11; vivo 1904) AppleWebKit/537.36 (KHTML, like Gecko) Version/4.0 Chrome/87.0.4280.141 Mobile Safari/537.36 VivoBrowser/13.2.3.0"
157.49.96.22 - - [20/Dec/2024:15:26:40 +0530] "GET /uploads/images/202410/img_1920x_6719f3c97cbf62-68846271-26372035.jpg HTTP/1.1" 200 1338030 "https://selectionsilks.com/" "Mozilla/5.0 (Linux; Android 11; vivo 1904) AppleWebKit/537.36 (KHTML, like Gecko) Version/4.0 Chrome/87.0.4280.141 Mobile Safari/537.36 VivoBrowser/13.2.3.0"
157.49.96.22 - - [20/Dec/2024:15:26:41 +0530] "GET /uploads/images/202410/img_1920x_6719f3351fd409-06404108-86947439.jpg HTTP/1.1" 200 99198 "https://selectionsilks.com/" "Mozilla/5.0 (Linux; Android 11; vivo 1904) AppleWebKit/537.36 (KHTML, like Gecko) Version/4.0 Chrome/87.0.4280.141 Mobile Safari/537.36 VivoBrowser/13.2.3.0"
152.58.212.36 - - [20/Dec/2024:15:26:52 +0530] "GET / HTTP/1.1" 200 23163 "-" "Mozilla/5.0 (Linux; Android 10; K) AppleWebKit/537.36 (KHTML, like Gecko) Chrome/131.0.0.0 Mobile Safari/537.36"
157.49.96.22 - - [20/Dec/2024:15:26:44 +0530] "GET /uploads/images/202410/img_1920x_6719e9f7928a17-93935849-57270580.jpg HTTP/1.1" 200 0 "https://selectionsilks.com/" "Mozilla/5.0 (Linux; Android 11; vivo 1904) AppleWebKit/537.36 (KHTML, like Gecko) Version/4.0 Chrome/87.0.4280.141 Mobile Safari/537.36 VivoBrowser/13.2.3.0"
152.58.212.36 - - [20/Dec/2024:15:26:53 +0530] "GET /georgette-umbrella-kurtis-560 HTTP/1.1" 200 18129 "https://selectionsilks.com/" "Mozilla/5.0 (Linux; Android 10; K) AppleWebKit/537.36 (KHTML, like Gecko) Chrome/131.0.0.0 Mobile Safari/537.36"
157.49.96.22 - - [20/Dec/2024:15:26:40 +0530] "GET /uploads/images/202410/img_1920x_6719f3bce3fdd6-82945537-14206981.jpg HTTP/1.1" 200 1413569 "https://selectionsilks.com/" "Mozilla/5.0 (Linux; Android 11; vivo 1904) AppleWebKit/537.36 (KHTML, like Gecko) Version/4.0 Chrome/87.0.4280.141 Mobile Safari/537.36 VivoBrowser/13.2.3.0"
157.49.96.22 - - [20/Dec/2024:15:26:44 +0530] "GET /uploads/images/202410/img_1920x_6719e9efd20311-99449978-53698127.jpg HTTP/1.1" 200 8500 "https://selectionsilks.com/" "Mozilla/5.0 (Linux; Android 11; vivo 1904) AppleWebKit/537.36 (KHTML, like Gecko) Version/4.0 Chrome/87.0.4280.141 Mobile Safari/537.36 VivoBrowser/13.2.3.0"
152.58.212.36 - - [20/Dec/2024:15:26:56 +0530] "GET / HTTP/1.1" 200 23164 "-" "Mozilla/5.0 (Linux; Android 10; K) AppleWebKit/537.36 (KHTML, like Gecko) Chrome/131.0.0.0 Mobile Safari/537.36"
157.49.96.22 - - [20/Dec/2024:15:26:44 +0530] "GET /uploads/images/202410/img_1920x_6719eb308a2ad7-42557883-90946799.jpg HTTP/1.1" 200 1326998 "https://selectionsilks.com/" "Mozilla/5.0 (Linux; Android 11; vivo 1904) AppleWebKit/537.36 (KHTML, like Gecko) Version/4.0 Chrome/87.0.4280.141 Mobile Safari/537.36 VivoBrowser/13.2.3.0"
66.102.6.98 - - [20/Dec/2024:15:26:58 +0530] "GET /georgette-umbrella-kurtis-560 HTTP/1.1" 200 18152 "-" "Mozilla/5.0 (Linux; Android 7.0; SM-G930V Build/NRD90M) AppleWebKit/537.36 (KHTML, like Gecko) Chrome/59.0.3071.125 Mobile Safari/537.36 (compatible; Google-Read-Aloud; +https://support.google.com/webmasters/answer/1061943)"
66.102.6.98 - - [20/Dec/2024:15:26:58 +0530] "GET /georgette-umbrella-kurtis-560 HTTP/1.1" 200 18205 "-" "Mozilla/5.0 (Linux; Android 7.0; SM-G930V Build/NRD90M) AppleWebKit/537.36 (KHTML, like Gecko) Chrome/59.0.3071.125 Mobile Safari/537.36 (compatible; Google-Read-Aloud; +https://support.google.com/webmasters/answer/1061943)"
66.102.6.99 - - [20/Dec/2024:15:26:58 +0530] "GET /assets/js/jquery-3.5.1.min.js HTTP/1.1" 200 30280 "https://selectionsilks.com/georgette-umbrella-kurtis-560" "Mozilla/5.0 (Linux; Android 7.0; SM-G930V Build/NRD90M) AppleWebKit/537.36 (KHTML, like Gecko) Chrome/59.0.3071.125 Mobile Safari/537.36 (compatible; Google-Read-Aloud; +https://support.google.com/webmasters/answer/1061943)"
152.58.212.36 - - [20/Dec/2024:15:27:01 +0530] "GET /georgette-umbrella-kurtis-558 HTTP/1.1" 200 18096 "https://selectionsilks.com/" "Mozilla/5.0 (Linux; Android 10; K) AppleWebKit/537.36 (KHTML, like Gecko) Chrome/131.0.0.0 Mobile Safari/537.36"
152.58.212.36 - - [20/Dec/2024:15:27:04 +0530] "GET / HTTP/1.1" 200 23161 "-" "Mozilla/5.0 (Linux; Android 10; K) AppleWebKit/537.36 (KHTML, like Gecko) Chrome/131.0.0.0 Mobile Safari/537.36"
152.58.212.36 - - [20/Dec/2024:15:27:06 +0530] "GET /georgette-umbrella-kurtis-559 HTTP/1.1" 200 18128 "https://selectionsilks.com/" "Mozilla/5.0 (Linux; Android 10; K) AppleWebKit/537.36 (KHTML, like Gecko) Chrome/131.0.0.0 Mobile Safari/537.36"
66.102.6.98 - - [20/Dec/2024:15:27:08 +0530] "GET /georgette-umbrella-kurtis-558 HTTP/1.1" 200 18130 "-" "Mozilla/5.0 (Linux; Android 7.0; SM-G930V Build/NRD90M) AppleWebKit/537.36 (KHTML, like Gecko) Chrome/59.0.3071.125 Mobile Safari/537.36 (compatible; Google-Read-Aloud; +https://support.google.com/webmasters/answer/1061943)"
152.58.212.36 - - [20/Dec/2024:15:27:08 +0530] "GET / HTTP/1.1" 200 23162 "-" "Mozilla/5.0 (Linux; Android 10; K) AppleWebKit/537.36 (KHTML, like Gecko) Chrome/131.0.0.0 Mobile Safari/537.36"
66.102.6.98 - - [20/Dec/2024:15:27:11 +0530] "GET /georgette-umbrella-kurtis-559 HTTP/1.1" 200 18118 "-" "Mozilla/5.0 (Linux; Android 7.0; SM-G930V Build/NRD90M) AppleWebKit/537.36 (KHTML, like Gecko) Chrome/59.0.3071.125 Mobile Safari/537.36 (compatible; Google-Read-Aloud; +https://support.google.com/webmasters/answer/1061943)"
157.49.96.22 - - [20/Dec/2024:15:27:13 +0530] "GET /uploads/images/202410/img_1920x_67174725790776-59642635-92696364.jpg HTTP/1.1" 200 1773989 "https://selectionsilks.com/" "Mozilla/5.0 (Linux; Android 11; vivo 1904) AppleWebKit/537.36 (KHTML, like Gecko) Version/4.0 Chrome/87.0.4280.141 Mobile Safari/537.36 VivoBrowser/13.2.3.0"
157.49.96.22 - - [20/Dec/2024:15:27:13 +0530] "GET /uploads/images/202410/img_1920x_671748957b99c0-03563162-88735968.jpg HTTP/1.1" 200 1902362 "https://selectionsilks.com/" "Mozilla/5.0 (Linux; Android 11; vivo 1904) AppleWebKit/537.36 (KHTML, like Gecko) Version/4.0 Chrome/87.0.4280.141 Mobile Safari/537.36 VivoBrowser/13.2.3.0"
157.49.96.22 - - [20/Dec/2024:15:27:16 +0530] "GET /uploads/images/202410/img_1920x_67174382bb0132-46282003-95108348.jpg HTTP/1.1" 200 0 "https://selectionsilks.com/" "Mozilla/5.0 (Linux; Android 11; vivo 1904) AppleWebKit/537.36 (KHTML, like Gecko) Version/4.0 Chrome/87.0.4280.141 Mobile Safari/537.36 VivoBrowser/13.2.3.0"
157.49.96.22 - - [20/Dec/2024:15:27:16 +0530] "GET /uploads/images/202410/img_1920x_67174373cdd4f4-00769166-31437212.jpg HTTP/1.1" 200 0 "https://selectionsilks.com/" "Mozilla/5.0 (Linux; Android 11; vivo 1904) AppleWebKit/537.36 (KHTML, like Gecko) Version/4.0 Chrome/87.0.4280.141 Mobile Safari/537.36 VivoBrowser/13.2.3.0"
157.49.96.22 - - [20/Dec/2024:15:27:13 +0530] "GET /uploads/images/202410/img_1920x_671747717cd750-42313302-57308605.jpg HTTP/1.1" 200 1737430 "https://selectionsilks.com/" "Mozilla/5.0 (Linux; Android 11; vivo 1904) AppleWebKit/537.36 (KHTML, like Gecko) Version/4.0 Chrome/87.0.4280.141 Mobile Safari/537.36 VivoBrowser/13.2.3.0"
157.49.96.22 - - [20/Dec/2024:15:27:16 +0530] "GET /uploads/images/202410/img_1920x_6717469359cec3-34624883-18158605.jpg HTTP/1.1" 200 4237 "https://selectionsilks.com/" "Mozilla/5.0 (Linux; Android 11; vivo 1904) AppleWebKit/537.36 (KHTML, like Gecko) Version/4.0 Chrome/87.0.4280.141 Mobile Safari/537.36 VivoBrowser/13.2.3.0"
157.49.96.22 - - [20/Dec/2024:15:27:16 +0530] "GET /uploads/images/202410/img_1920x_6717469f8a0207-59380853-54154861.jpg HTTP/1.1" 200 1662817 "https://selectionsilks.com/" "Mozilla/5.0 (Linux; Android 11; vivo 1904) AppleWebKit/537.36 (KHTML, like Gecko) Version/4.0 Chrome/87.0.4280.141 Mobile Safari/537.36 VivoBrowser/13.2.3.0"
185.191.171.11 - - [20/Dec/2024:15:27:38 +0530] "GET /palazzo-sets/daily-wear-sets HTTP/1.1" 200 13107 "-" "Mozilla/5.0 (compatible; SemrushBot/7~bl; +http://www.semrush.com/bot.html)"
157.49.96.22 - - [20/Dec/2024:15:27:49 +0530] "GET /uploads/images/202410/img_1920x_671742349b25a5-63980720-39199251.jpg HTTP/1.1" 200 1250872 "https://selectionsilks.com/" "Mozilla/5.0 (Linux; Android 11; vivo 1904) AppleWebKit/537.36 (KHTML, like Gecko) Version/4.0 Chrome/87.0.4280.141 Mobile Safari/537.36 VivoBrowser/13.2.3.0"
