66.249.66.196 - - [20/Dec/2024:21:39:11 +0530] "GET /fonts.googleapis.com/css2_72e2058f.css HTTP/1.1" 404 1251 "http://tnpsctestbatch.com/css/style.css" "Mozilla/5.0 (Linux; Android 6.0.1; Nexus 5X Build/MMB29P) AppleWebKit/537.36 (KHTML, like Gecko) Chrome/131.0.6778.139 Mobile Safari/537.36 (compatible; Googlebot/2.1; +http://www.google.com/bot.html)"
66.249.66.195 - - [20/Dec/2024:21:39:12 +0530] "GET /js/dropzone.js HTTP/1.1" 200 9645 "http://tnpsctestbatch.com/" "Mozilla/5.0 (Linux; Android 6.0.1; Nexus 5X Build/MMB29P) AppleWebKit/537.36 (KHTML, like Gecko) Chrome/131.0.6778.139 Mobile Safari/537.36 (compatible; Googlebot/2.1; +http://www.google.com/bot.html)"
66.249.66.195 - - [20/Dec/2024:21:39:13 +0530] "GET /js/jquery.scrollbar.js HTTP/1.1" 200 6316 "http://tnpsctestbatch.com/" "Mozilla/5.0 (Linux; Android 6.0.1; Nexus 5X Build/MMB29P) AppleWebKit/537.36 (KHTML, like Gecko) Chrome/131.0.6778.139 Mobile Safari/537.36 (compatible; Googlebot/2.1; +http://www.google.com/bot.html)"
216.244.66.228 - - [20/Dec/2024:21:51:03 +0530] "GET /quiz/mock-exam.php?exam_id=5&question_id=40&payment_questions=1 HTTP/1.1" 200 33687 "-" "Mozilla/5.0 (compatible; DotBot/1.2; +https://opensiteexplorer.org/dotbot; help@moz.com)"
216.244.66.228 - - [20/Dec/2024:22:03:44 +0530] "GET /quiz/subject-exam.php?subject_id=2&topics_id=15&standared_id=3&question_id=155&payment_questions=9 HTTP/1.1" 200 43168 "-" "Mozilla/5.0 (compatible; DotBot/1.2; +https://opensiteexplorer.org/dotbot; help@moz.com)"
66.249.66.197 - - [20/Dec/2024:21:38:57 +0530] "GET / HTTP/1.1" 200 9048 "-" "Mozilla/5.0 (Linux; Android 6.0.1; Nexus 5X Build/MMB29P) AppleWebKit/537.36 (KHTML, like Gecko) Chrome/131.0.6778.139 Mobile Safari/537.36 (compatible; Googlebot/2.1; +http://www.google.com/bot.html)"
66.249.66.195 - - [20/Dec/2024:21:39:20 +0530] "GET /js/bootstrap-slider.min.js HTTP/1.1" 200 8710 "http://tnpsctestbatch.com/" "Mozilla/5.0 (Linux; Android 6.0.1; Nexus 5X Build/MMB29P) AppleWebKit/537.36 (KHTML, like Gecko) Chrome/131.0.6778.139 Mobile Safari/537.36 (compatible; Googlebot/2.1; +http://www.google.com/bot.html)"
216.244.66.228 - - [20/Dec/2024:21:50:00 +0530] "GET /quiz/mock-exam.php?exam_id=2&question_id=5&payment_questions=6 HTTP/1.1" 200 33619 "-" "Mozilla/5.0 (compatible; DotBot/1.2; +https://opensiteexplorer.org/dotbot; help@moz.com)"
216.244.66.228 - - [20/Dec/2024:21:55:09 +0530] "GET /quiz/subject-exam.php?subject_id=2&topics_id=2&standared_id=2&question_id=24&payment_questions=1 HTTP/1.1" 200 43627 "-" "Mozilla/5.0 (compatible; DotBot/1.2; +https://opensiteexplorer.org/dotbot; help@moz.com)"
216.244.66.228 - - [20/Dec/2024:23:08:46 +0530] "GET /robots.txt HTTP/1.1" 404 1251 "-" "Mozilla/5.0 (compatible; DotBot/1.2; +https://opensiteexplorer.org/dotbot; help@moz.com)"
216.244.66.228 - - [20/Dec/2024:23:26:29 +0530] "GET /quiz/subject-exam.php?subject_id=2&topics_id=8&standared_id=2&question_id=73&payment_questions=13 HTTP/1.1" 200 48212 "-" "Mozilla/5.0 (compatible; DotBot/1.2; +https://opensiteexplorer.org/dotbot; help@moz.com)"
35.180.227.199 - - [20/Dec/2024:23:45:50 +0530] "GET /wordpress/ HTTP/1.1" 404 1251 "-" "Mozilla/5.0 (Windows NT 6.3; Win64; x64; rv:63.0) Gecko/20100101 Firefox/63.0"
35.180.227.199 - - [20/Dec/2024:23:45:50 +0530] "GET /wp/ HTTP/1.1" 404 1251 "-" "Mozilla/5.0 (Windows NT 6.3; Win64; x64; rv:63.0) Gecko/20100101 Firefox/63.0"
35.180.227.199 - - [20/Dec/2024:23:45:50 +0530] "GET /blog/ HTTP/1.1" 404 1251 "-" "Mozilla/5.0 (Windows NT 6.3; Win64; x64; rv:63.0) Gecko/20100101 Firefox/63.0"
35.180.227.199 - - [20/Dec/2024:23:45:51 +0530] "GET /old/ HTTP/1.1" 404 1251 "-" "Mozilla/5.0 (Windows NT 6.3; Win64; x64; rv:63.0) Gecko/20100101 Firefox/63.0"
35.180.227.199 - - [20/Dec/2024:23:45:51 +0530] "GET /new/ HTTP/1.1" 404 1251 "-" "Mozilla/5.0 (Windows NT 6.3; Win64; x64; rv:63.0) Gecko/20100101 Firefox/63.0"
35.180.227.199 - - [20/Dec/2024:23:45:51 +0530] "GET /test/ HTTP/1.1" 404 1251 "-" "Mozilla/5.0 (Windows NT 6.3; Win64; x64; rv:63.0) Gecko/20100101 Firefox/63.0"
35.180.227.199 - - [20/Dec/2024:23:45:51 +0530] "GET /backup/ HTTP/1.1" 404 1251 "-" "Mozilla/5.0 (Windows NT 6.3; Win64; x64; rv:63.0) Gecko/20100101 Firefox/63.0"
35.180.227.199 - - [20/Dec/2024:23:45:51 +0530] "GET /temp/ HTTP/1.1" 404 1251 "-" "Mozilla/5.0 (Windows NT 6.3; Win64; x64; rv:63.0) Gecko/20100101 Firefox/63.0"
35.180.227.199 - - [20/Dec/2024:23:45:52 +0530] "GET / HTTP/1.1" 200 9048 "-" "Mozilla/5.0 (Windows NT 6.3; Win64; x64; rv:63.0) Gecko/20100101 Firefox/63.0"
40.77.167.15 - - [20/Dec/2024:23:56:18 +0530] "GET /quiz/subject-exam.php?subject_id=3&&topics_id=26&&standared_id=7&&question_id=643&&payment_questions=112 HTTP/1.1" 200 99 "-" "Mozilla/5.0 AppleWebKit/537.36 (KHTML, like Gecko; compatible; bingbot/2.0; +http://www.bing.com/bingbot.htm) Chrome/116.0.1938.76 Safari/537.36"
20.42.10.181 - - [21/Dec/2024:00:18:50 +0530] "GET /robots.txt HTTP/1.1" 404 1251 "-" "Mozilla/5.0 AppleWebKit/537.36 (KHTML, like Gecko); compatible; OAI-SearchBot/1.0; +https://openai.com/searchbot"
216.244.66.228 - - [20/Dec/2024:23:24:24 +0530] "GET /quiz/mock-exam.php?exam_id=4 HTTP/1.1" 200 33615 "-" "Mozilla/5.0 (compatible; DotBot/1.2; +https://opensiteexplorer.org/dotbot; help@moz.com)"
52.167.144.24 - - [20/Dec/2024:23:50:05 +0530] "GET /search?q=2025 HTTP/1.1" 404 1251 "-" "Mozilla/5.0 AppleWebKit/537.36 (KHTML, like Gecko; compatible; bingbot/2.0; +http://www.bing.com/bingbot.htm) Chrome/116.0.1938.76 Safari/537.36"
34.32.191.120 - - [21/Dec/2024:00:38:07 +0530] "GET /media/system/js/core.js HTTP/1.1" 404 1251 "-" "Mozilla/5.0 (Macintosh; Intel Mac OS X 10_10_1) AppleWebKit/537.36 (KHTML, like Gecko) Chrome/39.0.2171.95 Safari/537.36"
34.32.191.120 - - [21/Dec/2024:00:38:08 +0530] "GET /wp-includes/js/jquery/jquery.js HTTP/1.1" 404 1251 "-" "Mozilla/5.0 (Macintosh; Intel Mac OS X 10_10_1) AppleWebKit/537.36 (KHTML, like Gecko) Chrome/39.0.2171.95 Safari/537.36"
40.77.167.33 - - [21/Dec/2024:00:55:03 +0530] "GET /quiz/subject-exam.php?subject_id=3&&topics_id=26&&standared_id=7&&question_id=668&&payment_questions=87 HTTP/1.1" 200 99 "-" "Mozilla/5.0 AppleWebKit/537.36 (KHTML, like Gecko; compatible; bingbot/2.0; +http://www.bing.com/bingbot.htm) Chrome/116.0.1938.76 Safari/537.36"
207.46.13.157 - - [21/Dec/2024:00:29:15 +0530] "GET /quiz/subject-exam.php?subject_id=2&&topics_id=18&&standared_id=4&&question_id=198&&payment_questions=32 HTTP/1.1" 200 99 "-" "Mozilla/5.0 AppleWebKit/537.36 (KHTML, like Gecko; compatible; bingbot/2.0; +http://www.bing.com/bingbot.htm) Chrome/116.0.1938.76 Safari/537.36"
216.244.66.228 - - [21/Dec/2024:00:41:12 +0530] "GET /robots.txt HTTP/1.1" 404 1251 "-" "Mozilla/5.0 (compatible; DotBot/1.2; +https://opensiteexplorer.org/dotbot; help@moz.com)"
216.244.66.228 - - [21/Dec/2024:00:59:14 +0530] "GET /quiz/mock-exam.php?exam_id=3&question_id=16&payment_questions=5 HTTP/1.1" 200 33444 "-" "Mozilla/5.0 (compatible; DotBot/1.2; +https://opensiteexplorer.org/dotbot; help@moz.com)"
216.244.66.228 - - [21/Dec/2024:01:04:12 +0530] "GET /quiz/subject-exam.php?subject_id=2&topics_id=15&standared_id=3&question_id=157&payments_ids=12&payment_questions=12 HTTP/1.1" 200 43340 "-" "Mozilla/5.0 (compatible; DotBot/1.2; +https://opensiteexplorer.org/dotbot; help@moz.com)"
216.244.66.228 - - [21/Dec/2024:01:27:07 +0530] "GET /robots.txt HTTP/1.1" 404 1251 "-" "Mozilla/5.0 (compatible; DotBot/1.2; +https://opensiteexplorer.org/dotbot; help@moz.com)"
216.244.66.228 - - [21/Dec/2024:01:57:38 +0530] "GET /quiz/subject-exam.php?subject_id=2&topics_id=15&standared_id=3&question_id=138&payment_questions=21 HTTP/1.1" 200 110 "-" "Mozilla/5.0 (compatible; DotBot/1.2; +https://opensiteexplorer.org/dotbot; help@moz.com)"
43.130.31.17 - - [21/Dec/2024:02:06:27 +0530] "GET / HTTP/1.1" 200 9048 "-" "Mozilla/5.0 (iPhone; CPU iPhone OS 13_2_3 like Mac OS X) AppleWebKit/605.1.15 (KHTML, like Gecko) Version/13.0.3 Mobile/15E148 Safari/604.1"
216.244.66.228 - - [21/Dec/2024:01:47:08 +0530] "GET /quiz/subject-exam.php?subject_id=2&topics_id=8&standared_id=2&question_id=79&payment_questions=7 HTTP/1.1" 200 48416 "-" "Mozilla/5.0 (compatible; DotBot/1.2; +https://opensiteexplorer.org/dotbot; help@moz.com)"
216.244.66.228 - - [21/Dec/2024:02:59:30 +0530] "GET /robots.txt HTTP/1.1" 404 1251 "-" "Mozilla/5.0 (compatible; DotBot/1.2; +https://opensiteexplorer.org/dotbot; help@moz.com)"
216.244.66.228 - - [21/Dec/2024:03:20:41 +0530] "GET /quiz/mock-exam.php?exam_id=3&question_id=17&payment_questions=4 HTTP/1.1" 200 33338 "-" "Mozilla/5.0 (compatible; DotBot/1.2; +https://opensiteexplorer.org/dotbot; help@moz.com)"
207.46.13.7 - - [21/Dec/2024:03:28:51 +0530] "GET /quiz/subject-exam.php?subject_id=5&&topics_id=53&&standared_id=29&&question_id=1557&&payment_questions=41 HTTP/1.1" 200 99 "-" "Mozilla/5.0 AppleWebKit/537.36 (KHTML, like Gecko; compatible; bingbot/2.0; +http://www.bing.com/bingbot.htm) Chrome/116.0.1938.76 Safari/537.36"
172.172.130.74 - - [21/Dec/2024:03:35:22 +0530] "GET /inputs.php HTTP/1.1" 404 1251 "-" "-"
172.172.130.74 - - [21/Dec/2024:03:35:22 +0530] "GET /classsmtps.php HTTP/1.1" 404 1251 "-" "-"
172.172.130.74 - - [21/Dec/2024:03:35:22 +0530] "GET /wp-blog-header.php HTTP/1.1" 404 1251 "-" "-"
172.172.130.74 - - [21/Dec/2024:03:35:22 +0530] "GET /wp-trackback.php HTTP/1.1" 404 1251 "-" "-"
172.172.130.74 - - [21/Dec/2024:03:35:22 +0530] "GET /wp-signup.php HTTP/1.1" 404 1251 "-" "-"
172.172.130.74 - - [21/Dec/2024:03:35:22 +0530] "GET /wp-comments-post.php HTTP/1.1" 404 1251 "-" "-"
172.172.130.74 - - [21/Dec/2024:03:35:22 +0530] "GET /wp-cron.php HTTP/1.1" 404 1251 "-" "-"
172.172.130.74 - - [21/Dec/2024:03:35:23 +0530] "GET /wp-load.php HTTP/1.1" 404 1251 "-" "-"
172.172.130.74 - - [21/Dec/2024:03:35:23 +0530] "GET /wp-mail.php HTTP/1.1" 404 1251 "-" "-"
172.172.130.74 - - [21/Dec/2024:03:35:23 +0530] "GET /edit.php HTTP/1.1" 404 1251 "-" "-"
172.172.130.74 - - [21/Dec/2024:03:35:23 +0530] "GET /wp-activate.php HTTP/1.1" 404 1251 "-" "-"
172.172.130.74 - - [21/Dec/2024:03:35:23 +0530] "GET /plugins.php HTTP/1.1" 404 1251 "-" "-"
172.172.130.74 - - [21/Dec/2024:03:35:23 +0530] "GET /post.php HTTP/1.1" 404 1251 "-" "-"
172.172.130.74 - - [21/Dec/2024:03:35:23 +0530] "GET /admin.php HTTP/1.1" 404 1251 "-" "-"
172.172.130.74 - - [21/Dec/2024:03:35:23 +0530] "GET /about.php HTTP/1.1" 200 48160 "-" "-"
172.172.130.74 - - [21/Dec/2024:03:35:24 +0530] "GET /wp-2019.php HTTP/1.1" 404 1251 "-" "-"
172.172.130.74 - - [21/Dec/2024:03:35:24 +0530] "GET /atomlib.php HTTP/1.1" 404 1251 "-" "-"
172.172.130.74 - - [21/Dec/2024:03:35:24 +0530] "GET /css.php HTTP/1.1" 404 1251 "-" "-"
172.172.130.74 - - [21/Dec/2024:03:35:24 +0530] "GET /simple.php HTTP/1.1" 404 1251 "-" "-"
172.172.130.74 - - [21/Dec/2024:03:35:25 +0530] "GET /log.php HTTP/1.1" 404 1251 "-" "-"
172.172.130.74 - - [21/Dec/2024:03:35:25 +0530] "GET /index.php HTTP/1.1" 200 61665 "-" "-"
172.172.130.74 - - [21/Dec/2024:03:35:25 +0530] "GET /mail.php HTTP/1.1" 404 1251 "-" "-"
172.172.130.74 - - [21/Dec/2024:03:35:25 +0530] "GET /lufix.php HTTP/1.1" 404 1251 "-" "-"
172.172.130.74 - - [21/Dec/2024:03:35:25 +0530] "GET /doc.php HTTP/1.1" 404 1251 "-" "-"
172.172.130.74 - - [21/Dec/2024:03:35:25 +0530] "GET /bak.php HTTP/1.1" 404 1251 "-" "-"
172.172.130.74 - - [21/Dec/2024:03:35:25 +0530] "GET /content.php HTTP/1.1" 200 595 "-" "-"
172.172.130.74 - - [21/Dec/2024:03:35:25 +0530] "GET /upfile.php HTTP/1.1" 404 1251 "-" "-"
172.172.130.74 - - [21/Dec/2024:03:35:25 +0530] "GET /wp.php HTTP/1.1" 404 1251 "-" "-"
172.172.130.74 - - [21/Dec/2024:03:35:26 +0530] "GET /wp-conflg.php HTTP/1.1" 404 1251 "-" "-"
172.172.130.74 - - [21/Dec/2024:03:35:26 +0530] "GET /bypass.php HTTP/1.1" 404 1251 "-" "-"
172.172.130.74 - - [21/Dec/2024:03:35:26 +0530] "GET /404.php HTTP/1.1" 404 1251 "-" "-"
172.172.130.74 - - [21/Dec/2024:03:35:26 +0530] "GET /updates.php HTTP/1.1" 404 1251 "-" "-"
172.172.130.74 - - [21/Dec/2024:03:35:26 +0530] "GET /radio.php HTTP/1.1" 404 1251 "-" "-"
172.172.130.74 - - [21/Dec/2024:03:35:26 +0530] "GET /xmrlpc.php HTTP/1.1" 404 1251 "-" "-"
172.172.130.74 - - [21/Dec/2024:03:35:26 +0530] "GET /ae.php HTTP/1.1" 404 1251 "-" "-"
172.172.130.74 - - [21/Dec/2024:03:35:26 +0530] "GET /moon.php HTTP/1.1" 404 1251 "-" "-"
172.172.130.74 - - [21/Dec/2024:03:35:26 +0530] "GET /blog.php HTTP/1.1" 200 52519 "-" "-"
172.172.130.74 - - [21/Dec/2024:03:35:27 +0530] "GET /themes.php HTTP/1.1" 404 1251 "-" "-"
172.172.130.74 - - [21/Dec/2024:03:35:27 +0530] "GET /ini.php HTTP/1.1" 404 1251 "-" "-"
172.172.130.74 - - [21/Dec/2024:03:35:27 +0530] "GET /as.php HTTP/1.1" 404 1251 "-" "-"
172.172.130.74 - - [21/Dec/2024:03:35:27 +0530] "GET /shell.php HTTP/1.1" 404 1251 "-" "-"
172.172.130.74 - - [21/Dec/2024:03:35:27 +0530] "GET /ws.php HTTP/1.1" 404 1251 "-" "-"
172.172.130.74 - - [21/Dec/2024:03:35:27 +0530] "GET /dropdown.php HTTP/1.1" 404 1251 "-" "-"
172.172.130.74 - - [21/Dec/2024:03:35:27 +0530] "GET /makeasmtp.php HTTP/1.1" 404 1251 "-" "-"
172.172.130.74 - - [21/Dec/2024:03:35:27 +0530] "GET /wp-sigunq.php HTTP/1.1" 404 1251 "-" "-"
172.172.130.74 - - [21/Dec/2024:03:35:28 +0530] "GET /wso112233.php HTTP/1.1" 404 1251 "-" "-"
172.172.130.74 - - [21/Dec/2024:03:35:28 +0530] "GET /alfanew.php HTTP/1.1" 404 1251 "-" "-"
172.172.130.74 - - [21/Dec/2024:03:35:28 +0530] "GET /fw.php HTTP/1.1" 404 1251 "-" "-"
172.172.130.74 - - [21/Dec/2024:03:35:28 +0530] "GET /install.php HTTP/1.1" 404 1251 "-" "-"
172.172.130.74 - - [21/Dec/2024:03:35:28 +0530] "GET /wp-login.php HTTP/1.1" 404 1251 "-" "-"
172.172.130.74 - - [21/Dec/2024:03:35:28 +0530] "GET /wp-content/plugins/google-seo-rank/module.php HTTP/1.1" 404 1251 "-" "-"
172.172.130.74 - - [21/Dec/2024:03:35:28 +0530] "GET /chosen.php HTTP/1.1" 404 1251 "-" "-"
172.172.130.74 - - [21/Dec/2024:03:35:28 +0530] "GET /simple.php HTTP/1.1" 404 1251 "-" "-"
216.244.66.228 - - [21/Dec/2024:03:45:54 +0530] "GET /robots.txt HTTP/1.1" 404 1251 "-" "Mozilla/5.0 (compatible; DotBot/1.2; +https://opensiteexplorer.org/dotbot; help@moz.com)"
57.141.0.15 - - [21/Dec/2024:04:16:42 +0530] "GET /quiz/mock-test-details.php?exam_id=2 HTTP/1.1" 404 1251 "-" "meta-externalagent/1.1 (+https://developers.facebook.com/docs/sharing/webmasters/crawler)"
66.220.149.47 - - [21/Dec/2024:04:16:41 +0530] "GET /robots.txt HTTP/1.1" 404 1251 "-" "facebookexternalhit/1.1 (+http://www.facebook.com/externalhit_uatext.php)"
216.244.66.228 - - [21/Dec/2024:04:18:17 +0530] "GET /quiz/subject-exam.php?subject_id=2&topics_id=15&standared_id=3&question_id=153&payment_questions=11 HTTP/1.1" 200 43592 "-" "Mozilla/5.0 (compatible; DotBot/1.2; +https://opensiteexplorer.org/dotbot; help@moz.com)"
216.244.66.228 - - [21/Dec/2024:04:47:56 +0530] "GET /quiz/mock-exam.php?exam_id=2&question_id=10&payment_questions=1 HTTP/1.1" 200 33684 "-" "Mozilla/5.0 (compatible; DotBot/1.2; +https://opensiteexplorer.org/dotbot; help@moz.com)"
216.244.66.228 - - [21/Dec/2024:04:48:04 +0530] "GET /quiz/mock-exam.php?exam_id=3&question_id=12&payment_questions=9 HTTP/1.1" 200 33332 "-" "Mozilla/5.0 (compatible; DotBot/1.2; +https://opensiteexplorer.org/dotbot; help@moz.com)"
207.46.13.168 - - [21/Dec/2024:04:30:27 +0530] "GET /quiz/subject-exam.php?subject_id=2&&topics_id=18&&standared_id=4&&question_id=193&&payment_questions=36 HTTP/1.1" 200 99 "-" "Mozilla/5.0 AppleWebKit/537.36 (KHTML, like Gecko; compatible; bingbot/2.0; +http://www.bing.com/bingbot.htm) Chrome/116.0.1938.76 Safari/537.36"
216.244.66.228 - - [21/Dec/2024:04:32:14 +0530] "GET /robots.txt HTTP/1.1" 404 1251 "-" "Mozilla/5.0 (compatible; DotBot/1.2; +https://opensiteexplorer.org/dotbot; help@moz.com)"
57.141.0.30 - - [21/Dec/2024:04:53:51 +0530] "GET /quiz/mock-exam.php?exam_id=6 HTTP/1.1" 200 33603 "-" "meta-externalagent/1.1 (+https://developers.facebook.com/docs/sharing/webmasters/crawler)"
216.244.66.228 - - [21/Dec/2024:05:18:49 +0530] "GET /robots.txt HTTP/1.1" 404 1251 "-" "Mozilla/5.0 (compatible; DotBot/1.2; +https://opensiteexplorer.org/dotbot; help@moz.com)"
216.244.66.228 - - [21/Dec/2024:05:36:37 +0530] "GET /quiz/subject-exam.php?subject_id=2&topics_id=8&standared_id=2&question_id=75&payment_questions=11 HTTP/1.1" 200 48273 "-" "Mozilla/5.0 (compatible; DotBot/1.2; +https://opensiteexplorer.org/dotbot; help@moz.com)"
216.244.66.228 - - [21/Dec/2024:05:44:40 +0530] "GET /quiz/subject-exam.php?subject_id=2&topics_id=15&standared_id=3 HTTP/1.1" 200 42988 "-" "Mozilla/5.0 (compatible; DotBot/1.2; +https://opensiteexplorer.org/dotbot; help@moz.com)"
216.244.66.228 - - [21/Dec/2024:06:05:04 +0530] "GET /robots.txt HTTP/1.1" 404 1251 "-" "Mozilla/5.0 (compatible; DotBot/1.2; +https://opensiteexplorer.org/dotbot; help@moz.com)"
216.244.66.228 - - [21/Dec/2024:06:31:18 +0530] "GET /quiz/subject-exam.php?subject_id=2&topics_id=2&standared_id=2&question_id=21&payment_questions=4 HTTP/1.1" 200 43979 "-" "Mozilla/5.0 (compatible; DotBot/1.2; +https://opensiteexplorer.org/dotbot; help@moz.com)"
57.141.0.14 - - [21/Dec/2024:07:01:11 +0530] "GET /quiz/mock-exam.php?exam_id=3 HTTP/1.1" 200 33415 "-" "meta-externalagent/1.1 (+https://developers.facebook.com/docs/sharing/webmasters/crawler)"
20.42.10.186 - - [21/Dec/2024:07:32:15 +0530] "GET /robots.txt HTTP/1.1" 404 1251 "-" "Mozilla/5.0 AppleWebKit/537.36 (KHTML, like Gecko); compatible; OAI-SearchBot/1.0; +https://openai.com/searchbot"
216.244.66.228 - - [21/Dec/2024:07:37:43 +0530] "GET /robots.txt HTTP/1.1" 404 1251 "-" "Mozilla/5.0 (compatible; DotBot/1.2; +https://opensiteexplorer.org/dotbot; help@moz.com)"
207.46.13.54 - - [21/Dec/2024:07:43:16 +0530] "GET /quiz/subject-exam.php?subject_id=2&&topics_id=11&&standared_id=3&&question_id=87&&payments_ids=15&&payment_questions=15 HTTP/1.1" 200 5910 "-" "Mozilla/5.0 AppleWebKit/537.36 (KHTML, like Gecko; compatible; bingbot/2.0; +http://www.bing.com/bingbot.htm) Chrome/116.0.1938.76 Safari/537.36"
43.155.27.244 - - [21/Dec/2024:08:04:06 +0530] "GET / HTTP/1.1" 200 9048 "-" "Mozilla/5.0 (iPhone; CPU iPhone OS 13_2_3 like Mac OS X) AppleWebKit/605.1.15 (KHTML, like Gecko) Version/13.0.3 Mobile/15E148 Safari/604.1"
216.244.66.228 - - [21/Dec/2024:08:06:10 +0530] "GET /quiz/mock-exam.php?exam_id=9 HTTP/1.1" 200 33517 "-" "Mozilla/5.0 (compatible; DotBot/1.2; +https://opensiteexplorer.org/dotbot; help@moz.com)"
216.244.66.228 - - [21/Dec/2024:08:01:51 +0530] "GET /quiz/mock-exam.php?exam_id=4&question_id=25&payment_questions=6 HTTP/1.1" 200 33595 "-" "Mozilla/5.0 (compatible; DotBot/1.2; +https://opensiteexplorer.org/dotbot; help@moz.com)"
216.244.66.228 - - [21/Dec/2024:08:13:58 +0530] "GET /subject_book.php?id=1&GENERAL-SCIENCE- HTTP/1.1" 200 49405 "-" "Mozilla/5.0 (compatible; DotBot/1.2; +https://opensiteexplorer.org/dotbot; help@moz.com)"
216.244.66.228 - - [21/Dec/2024:09:09:06 +0530] "GET /robots.txt HTTP/1.1" 404 1251 "-" "Mozilla/5.0 (compatible; DotBot/1.2; +https://opensiteexplorer.org/dotbot; help@moz.com)"
216.244.66.228 - - [21/Dec/2024:09:34:29 +0530] "GET /quiz/mock-exam.php?exam_id=8&question_id=69&payment_questions=2 HTTP/1.1" 200 33549 "-" "Mozilla/5.0 (compatible; DotBot/1.2; +https://opensiteexplorer.org/dotbot; help@moz.com)"
216.244.66.228 - - [21/Dec/2024:09:35:39 +0530] "GET /quiz/subject-exam.php?subject_id=2&topics_id=8&standared_id=2&question_id=61&payment_questions=25 HTTP/1.1" 200 110 "-" "Mozilla/5.0 (compatible; DotBot/1.2; +https://opensiteexplorer.org/dotbot; help@moz.com)"
216.244.66.228 - - [21/Dec/2024:09:35:33 +0530] "GET /quiz/subject-exam.php?subject_id=2&topics_id=8&standared_id=2&question_id=59&payment_questions=27 HTTP/1.1" 200 110 "-" "Mozilla/5.0 (compatible; DotBot/1.2; +https://opensiteexplorer.org/dotbot; help@moz.com)"
216.244.66.228 - - [21/Dec/2024:09:38:27 +0530] "GET /quiz/subject-exam.php?subject_id=2&topics_id=2&standared_id=2&question_id=6&payment_questions=19 HTTP/1.1" 200 110 "-" "Mozilla/5.0 (compatible; DotBot/1.2; +https://opensiteexplorer.org/dotbot; help@moz.com)"
207.46.13.54 - - [21/Dec/2024:09:41:49 +0530] "GET /quiz/subject-exam.php?subject_id=6&&topics_id=61&&standared_id=30&&question_id=1965&&payment_questions=16 HTTP/1.1" 200 99 "-" "Mozilla/5.0 AppleWebKit/537.36 (KHTML, like Gecko; compatible; bingbot/2.0; +http://www.bing.com/bingbot.htm) Chrome/116.0.1938.76 Safari/537.36"
207.46.13.54 - - [21/Dec/2024:09:53:09 +0530] "GET /quiz/subject-exam.php?subject_id=3&&topics_id=27&&standared_id=7&&question_id=792&&payment_questions=14 HTTP/1.1" 200 8456 "-" "Mozilla/5.0 AppleWebKit/537.36 (KHTML, like Gecko; compatible; bingbot/2.0; +http://www.bing.com/bingbot.htm) Chrome/116.0.1938.76 Safari/537.36"
216.244.66.228 - - [21/Dec/2024:09:57:02 +0530] "GET /robots.txt HTTP/1.1" 404 1251 "-" "Mozilla/5.0 (compatible; DotBot/1.2; +https://opensiteexplorer.org/dotbot; help@moz.com)"
34.60.13.155 - - [21/Dec/2024:10:00:04 +0530] "GET /media/system/js/core.js HTTP/1.1" 404 1251 "-" "Mozilla/5.0 (Macintosh; Intel Mac OS X 10_10_1) AppleWebKit/537.36 (KHTML, like Gecko) Chrome/39.0.2171.95 Safari/537.36"
34.60.13.155 - - [21/Dec/2024:10:00:05 +0530] "GET /wp-includes/js/jquery/jquery.js HTTP/1.1" 404 1251 "-" "Mozilla/5.0 (Macintosh; Intel Mac OS X 10_10_1) AppleWebKit/537.36 (KHTML, like Gecko) Chrome/39.0.2171.95 Safari/537.36"
216.244.66.228 - - [21/Dec/2024:09:34:23 +0530] "GET /quiz/mock-exam.php?exam_id=8&question_id=63&payment_questions=8 HTTP/1.1" 200 33514 "-" "Mozilla/5.0 (compatible; DotBot/1.2; +https://opensiteexplorer.org/dotbot; help@moz.com)"
216.244.66.228 - - [21/Dec/2024:09:38:22 +0530] "GET /quiz/subject-exam.php?subject_id=2&topics_id=2&standared_id=2&question_id=22&payment_questions=3 HTTP/1.1" 200 43472 "-" "Mozilla/5.0 (compatible; DotBot/1.2; +https://opensiteexplorer.org/dotbot; help@moz.com)"
216.244.66.228 - - [21/Dec/2024:10:24:22 +0530] "GET /quiz/mock-exam.php?exam_id=9&question_id=75&payment_questions=6 HTTP/1.1" 200 33459 "-" "Mozilla/5.0 (compatible; DotBot/1.2; +https://opensiteexplorer.org/dotbot; help@moz.com)"
216.244.66.228 - - [21/Dec/2024:11:26:28 +0530] "GET /robots.txt HTTP/1.1" 404 1251 "-" "Mozilla/5.0 (compatible; DotBot/1.2; +https://opensiteexplorer.org/dotbot; help@moz.com)"
216.244.66.228 - - [21/Dec/2024:11:50:52 +0530] "GET /quiz/mock-exam.php?exam_id=8&question_id=66&payment_questions=5 HTTP/1.1" 200 33695 "-" "Mozilla/5.0 (compatible; DotBot/1.2; +https://opensiteexplorer.org/dotbot; help@moz.com)"
172.172.130.74 - - [21/Dec/2024:11:55:26 +0530] "GET /inputs.php HTTP/1.1" 404 1251 "-" "-"
172.172.130.74 - - [21/Dec/2024:11:55:27 +0530] "GET /classsmtps.php HTTP/1.1" 404 1251 "-" "-"
172.172.130.74 - - [21/Dec/2024:11:55:27 +0530] "GET /wp-blog-header.php HTTP/1.1" 404 1251 "-" "-"
172.172.130.74 - - [21/Dec/2024:11:55:27 +0530] "GET /wp-trackback.php HTTP/1.1" 404 1251 "-" "-"
172.172.130.74 - - [21/Dec/2024:11:55:27 +0530] "GET /wp-signup.php HTTP/1.1" 404 1251 "-" "-"
172.172.130.74 - - [21/Dec/2024:11:55:27 +0530] "GET /wp-comments-post.php HTTP/1.1" 404 1251 "-" "-"
172.172.130.74 - - [21/Dec/2024:11:55:27 +0530] "GET /wp-cron.php HTTP/1.1" 404 1251 "-" "-"
172.172.130.74 - - [21/Dec/2024:11:55:27 +0530] "GET /wp-load.php HTTP/1.1" 404 1251 "-" "-"
172.172.130.74 - - [21/Dec/2024:11:55:27 +0530] "GET /wp-mail.php HTTP/1.1" 404 1251 "-" "-"
172.172.130.74 - - [21/Dec/2024:11:55:27 +0530] "GET /edit.php HTTP/1.1" 404 1251 "-" "-"
172.172.130.74 - - [21/Dec/2024:11:55:27 +0530] "GET /wp-activate.php HTTP/1.1" 404 1251 "-" "-"
172.172.130.74 - - [21/Dec/2024:11:55:28 +0530] "GET /plugins.php HTTP/1.1" 404 1251 "-" "-"
172.172.130.74 - - [21/Dec/2024:11:55:28 +0530] "GET /post.php HTTP/1.1" 404 1251 "-" "-"
172.172.130.74 - - [21/Dec/2024:11:55:28 +0530] "GET /admin.php HTTP/1.1" 404 1251 "-" "-"
172.172.130.74 - - [21/Dec/2024:11:55:28 +0530] "GET /about.php HTTP/1.1" 200 48160 "-" "-"
172.172.130.74 - - [21/Dec/2024:11:55:30 +0530] "GET /wp-2019.php HTTP/1.1" 404 1251 "-" "-"
172.172.130.74 - - [21/Dec/2024:11:55:30 +0530] "GET /atomlib.php HTTP/1.1" 404 1251 "-" "-"
172.172.130.74 - - [21/Dec/2024:11:55:30 +0530] "GET /css.php HTTP/1.1" 404 1251 "-" "-"
172.172.130.74 - - [21/Dec/2024:11:55:30 +0530] "GET /simple.php HTTP/1.1" 404 1251 "-" "-"
172.172.130.74 - - [21/Dec/2024:11:55:31 +0530] "GET /log.php HTTP/1.1" 404 1251 "-" "-"
172.172.130.74 - - [21/Dec/2024:11:55:31 +0530] "GET /index.php HTTP/1.1" 200 61665 "-" "-"
172.172.130.74 - - [21/Dec/2024:11:55:31 +0530] "GET /mail.php HTTP/1.1" 404 1251 "-" "-"
172.172.130.74 - - [21/Dec/2024:11:55:31 +0530] "GET /lufix.php HTTP/1.1" 404 1251 "-" "-"
172.172.130.74 - - [21/Dec/2024:11:55:31 +0530] "GET /doc.php HTTP/1.1" 404 1251 "-" "-"
172.172.130.74 - - [21/Dec/2024:11:55:31 +0530] "GET /bak.php HTTP/1.1" 404 1251 "-" "-"
172.172.130.74 - - [21/Dec/2024:11:55:31 +0530] "GET /content.php HTTP/1.1" 200 595 "-" "-"
172.172.130.74 - - [21/Dec/2024:11:55:31 +0530] "GET /upfile.php HTTP/1.1" 404 1251 "-" "-"
172.172.130.74 - - [21/Dec/2024:11:55:31 +0530] "GET /wp.php HTTP/1.1" 404 1251 "-" "-"
172.172.130.74 - - [21/Dec/2024:11:55:32 +0530] "GET /wp-conflg.php HTTP/1.1" 404 1251 "-" "-"
172.172.130.74 - - [21/Dec/2024:11:55:32 +0530] "GET /bypass.php HTTP/1.1" 404 1251 "-" "-"
172.172.130.74 - - [21/Dec/2024:11:55:32 +0530] "GET /404.php HTTP/1.1" 404 1251 "-" "-"
172.172.130.74 - - [21/Dec/2024:11:55:32 +0530] "GET /updates.php HTTP/1.1" 404 1251 "-" "-"
172.172.130.74 - - [21/Dec/2024:11:55:32 +0530] "GET /radio.php HTTP/1.1" 404 1251 "-" "-"
172.172.130.74 - - [21/Dec/2024:11:55:32 +0530] "GET /xmrlpc.php HTTP/1.1" 404 1251 "-" "-"
172.172.130.74 - - [21/Dec/2024:11:55:32 +0530] "GET /ae.php HTTP/1.1" 404 1251 "-" "-"
172.172.130.74 - - [21/Dec/2024:11:55:32 +0530] "GET /moon.php HTTP/1.1" 404 1251 "-" "-"
172.172.130.74 - - [21/Dec/2024:11:55:32 +0530] "GET /blog.php HTTP/1.1" 200 52519 "-" "-"
172.172.130.74 - - [21/Dec/2024:11:55:32 +0530] "GET /themes.php HTTP/1.1" 404 1251 "-" "-"
172.172.130.74 - - [21/Dec/2024:11:55:33 +0530] "GET /ini.php HTTP/1.1" 404 1251 "-" "-"
172.172.130.74 - - [21/Dec/2024:11:55:33 +0530] "GET /as.php HTTP/1.1" 404 1251 "-" "-"
172.172.130.74 - - [21/Dec/2024:11:55:33 +0530] "GET /shell.php HTTP/1.1" 404 1251 "-" "-"
92.255.85.164 - - [21/Dec/2024:11:57:35 +0530] "GET / HTTP/1.0" 200 61665 "http://tnpsctestbatch.com/" "Mozilla/5.0 (Windows NT 10.0.0; Win64; x64; ) AppleWebKit/537.36 (KHTML, like Gecko) Chrome/124.0.6367.91 Chrome/124.0.6367.91 Not-A.Brand/99 Safari/537.36"
172.172.130.74 - - [21/Dec/2024:11:55:33 +0530] "GET /ws.php HTTP/1.1" 404 1251 "-" "-"
172.172.130.74 - - [21/Dec/2024:11:55:33 +0530] "GET /dropdown.php HTTP/1.1" 404 1251 "-" "-"
172.172.130.74 - - [21/Dec/2024:11:55:33 +0530] "GET /makeasmtp.php HTTP/1.1" 404 1251 "-" "-"
172.172.130.74 - - [21/Dec/2024:11:55:33 +0530] "GET /wp-sigunq.php HTTP/1.1" 404 1251 "-" "-"
172.172.130.74 - - [21/Dec/2024:11:55:33 +0530] "GET /wso112233.php HTTP/1.1" 404 1251 "-" "-"
172.172.130.74 - - [21/Dec/2024:11:55:33 +0530] "GET /alfanew.php HTTP/1.1" 404 1251 "-" "-"
172.172.130.74 - - [21/Dec/2024:11:55:33 +0530] "GET /fw.php HTTP/1.1" 404 1251 "-" "-"
172.172.130.74 - - [21/Dec/2024:11:55:34 +0530] "GET /install.php HTTP/1.1" 404 1251 "-" "-"
172.172.130.74 - - [21/Dec/2024:11:55:34 +0530] "GET /wp-login.php HTTP/1.1" 404 1251 "-" "-"
172.172.130.74 - - [21/Dec/2024:11:55:34 +0530] "GET /wp-content/plugins/google-seo-rank/module.php HTTP/1.1" 404 1251 "-" "-"
172.172.130.74 - - [21/Dec/2024:11:55:34 +0530] "GET /chosen.php HTTP/1.1" 404 1251 "-" "-"
172.172.130.74 - - [21/Dec/2024:11:55:34 +0530] "GET /simple.php HTTP/1.1" 404 1251 "-" "-"
216.244.66.228 - - [21/Dec/2024:12:11:48 +0530] "GET /robots.txt HTTP/1.1" 404 1251 "-" "Mozilla/5.0 (compatible; DotBot/1.2; +https://opensiteexplorer.org/dotbot; help@moz.com)"
92.255.85.164 - - [21/Dec/2024:11:57:35 +0530] "GET /contact.php HTTP/1.0" 200 50666 "http://tnpsctestbatch.com/contact.php" "Mozilla/5.0 (Windows NT 10.0.0; Win64; x64; ) AppleWebKit/537.36 (KHTML, like Gecko) Chrome/124.0.6367.91 Chrome/124.0.6367.91 Not-A.Brand/99 Safari/537.36"
92.255.85.164 - - [21/Dec/2024:11:57:35 +0530] "POST /form-handler2.php HTTP/1.0" 404 1251 "http://tnpsctestbatch.com/contact.php" "Mozilla/5.0 (Windows NT 10.0.0; Win64; x64; ) AppleWebKit/537.36 (KHTML, like Gecko) Chrome/124.0.6367.91 Chrome/124.0.6367.91 Not-A.Brand/99 Safari/537.36"
216.244.66.228 - - [21/Dec/2024:12:38:10 +0530] "GET /quiz/subject-exam.php?subject_id=2&topics_id=8&standared_id=2&question_id=53&payment_questions=33 HTTP/1.1" 200 110 "-" "Mozilla/5.0 (compatible; DotBot/1.2; +https://opensiteexplorer.org/dotbot; help@moz.com)"
216.244.66.228 - - [21/Dec/2024:12:38:19 +0530] "GET /quiz/subject-exam.php?subject_id=2&topics_id=8&standared_id=2&question_id=84&payment_questions=2 HTTP/1.1" 200 47894 "-" "Mozilla/5.0 (compatible; DotBot/1.2; +https://opensiteexplorer.org/dotbot; help@moz.com)"
216.244.66.228 - - [21/Dec/2024:12:57:50 +0530] "GET /robots.txt HTTP/1.1" 404 1251 "-" "Mozilla/5.0 (compatible; DotBot/1.2; +https://opensiteexplorer.org/dotbot; help@moz.com)"
207.46.13.18 - - [21/Dec/2024:12:51:55 +0530] "GET /quiz/subject-exam.php?subject_id=3&&topics_id=26&&standared_id=7&&question_id=715&&payment_questions=40 HTTP/1.1" 200 99 "-" "Mozilla/5.0 AppleWebKit/537.36 (KHTML, like Gecko; compatible; bingbot/2.0; +http://www.bing.com/bingbot.htm) Chrome/116.0.1938.76 Safari/537.36"
51.8.102.54 - - [21/Dec/2024:12:53:05 +0530] "GET /robots.txt HTTP/1.1" 404 1251 "-" "Mozilla/5.0 AppleWebKit/537.36 (KHTML, like Gecko); compatible; OAI-SearchBot/1.0; +https://openai.com/searchbot"
52.167.144.160 - - [21/Dec/2024:12:37:47 +0530] "GET /search?q=2024 HTTP/1.1" 404 1251 "-" "Mozilla/5.0 AppleWebKit/537.36 (KHTML, like Gecko; compatible; bingbot/2.0; +http://www.bing.com/bingbot.htm) Chrome/116.0.1938.76 Safari/537.36"
195.191.219.130 - - [21/Dec/2024:12:52:00 +0530] "GET /robots.txt HTTP/1.1" 404 1251 "-" "Mozilla/5.0 (compatible; MJ12bot/v1.4.8; http://mj12bot.com/)"
195.191.219.130 - - [21/Dec/2024:12:52:02 +0530] "GET / HTTP/1.1" 200 9048 "-" "Mozilla/5.0 (compatible; MJ12bot/v1.4.8; http://mj12bot.com/)"
40.77.167.154 - - [21/Dec/2024:13:28:23 +0530] "GET /quiz/subject-exam.php?subject_id=5&&topics_id=51&&standared_id=28&&question_id=1474&&payment_questions=36 HTTP/1.1" 200 99 "-" "Mozilla/5.0 AppleWebKit/537.36 (KHTML, like Gecko; compatible; bingbot/2.0; +http://www.bing.com/bingbot.htm) Chrome/116.0.1938.76 Safari/537.36"
207.46.13.155 - - [21/Dec/2024:13:33:28 +0530] "GET /quiz/subject-exam.php?subject_id=3&&topics_id=26&&standared_id=7&&question_id=648&&payment_questions=107 HTTP/1.1" 200 99 "-" "Mozilla/5.0 AppleWebKit/537.36 (KHTML, like Gecko; compatible; bingbot/2.0; +http://www.bing.com/bingbot.htm) Chrome/116.0.1938.76 Safari/537.36"
216.244.66.228 - - [21/Dec/2024:13:47:22 +0530] "GET /robots.txt HTTP/1.1" 404 1251 "-" "Mozilla/5.0 (compatible; DotBot/1.2; +https://opensiteexplorer.org/dotbot; help@moz.com)"
43.130.60.195 - - [21/Dec/2024:14:01:18 +0530] "GET / HTTP/1.1" 200 9048 "-" "Mozilla/5.0 (iPhone; CPU iPhone OS 13_2_3 like Mac OS X) AppleWebKit/605.1.15 (KHTML, like Gecko) Version/13.0.3 Mobile/15E148 Safari/604.1"
216.244.66.228 - - [21/Dec/2024:13:20:15 +0530] "GET /quiz/mock-exam.php?exam_id=4&question_id=29&payment_questions=2 HTTP/1.1" 200 33513 "-" "Mozilla/5.0 (compatible; DotBot/1.2; +https://opensiteexplorer.org/dotbot; help@moz.com)"
216.244.66.228 - - [21/Dec/2024:13:31:01 +0530] "GET /quiz/subject-exam.php?subject_id=2&topics_id=15&standared_id=3&question_id=154&payment_questions=10 HTTP/1.1" 200 43340 "-" "Mozilla/5.0 (compatible; DotBot/1.2; +https://opensiteexplorer.org/dotbot; help@moz.com)"
216.244.66.228 - - [21/Dec/2024:14:37:36 +0530] "GET /robots.txt HTTP/1.1" 404 1251 "-" "Mozilla/5.0 (compatible; DotBot/1.2; +https://opensiteexplorer.org/dotbot; help@moz.com)"
51.8.102.112 - - [21/Dec/2024:15:11:54 +0530] "GET /robots.txt HTTP/1.1" 404 1251 "-" "Mozilla/5.0 AppleWebKit/537.36 (KHTML, like Gecko); compatible; OAI-SearchBot/1.0; +https://openai.com/searchbot"
52.167.144.190 - - [21/Dec/2024:15:24:24 +0530] "GET /quiz/subject-exam.php?subject_id=2&&topics_id=18&&standared_id=4&&question_id=228&&payments_ids=3&&payment_questions=3 HTTP/1.1" 200 7872 "-" "Mozilla/5.0 AppleWebKit/537.36 (KHTML, like Gecko; compatible; bingbot/2.0; +http://www.bing.com/bingbot.htm) Chrome/116.0.1938.76 Safari/537.36"
216.244.66.228 - - [21/Dec/2024:15:28:23 +0530] "GET /robots.txt HTTP/1.1" 404 1251 "-" "Mozilla/5.0 (compatible; DotBot/1.2; +https://opensiteexplorer.org/dotbot; help@moz.com)"
216.244.66.228 - - [21/Dec/2024:16:19:46 +0530] "GET /robots.txt HTTP/1.1" 404 1251 "-" "Mozilla/5.0 (compatible; DotBot/1.2; +https://opensiteexplorer.org/dotbot; help@moz.com)"
18.188.246.157 - - [21/Dec/2024:17:07:28 +0530] "GET /contact.php HTTP/1.1" 200 7316 "-" "Mozilla/5.0 AppleWebKit/537.36 (KHTML, like Gecko; compatible; ClaudeBot/1.0; +claudebot@anthropic.com)"
137.184.35.97 - - [21/Dec/2024:16:50:10 +0530] "GET / HTTP/1.1" 200 9048 "-" "Mozilla/5.0 (X11; Linux x86_64; rv:83.0) Gecko/20100101 Firefox/83.0"
13.58.162.85 - - [21/Dec/2024:17:03:56 +0530] "GET /robots.txt HTTP/1.1" 404 1251 "-" "Mozilla/5.0 AppleWebKit/537.36 (KHTML, like Gecko; compatible; ClaudeBot/1.0; +claudebot@anthropic.com)"
13.58.162.85 - - [21/Dec/2024:17:03:56 +0530] "GET /blog.php HTTP/1.1" 200 7525 "-" "Mozilla/5.0 AppleWebKit/537.36 (KHTML, like Gecko; compatible; ClaudeBot/1.0; +claudebot@anthropic.com)"
216.244.66.228 - - [21/Dec/2024:17:13:59 +0530] "GET /robots.txt HTTP/1.1" 404 1251 "-" "Mozilla/5.0 (compatible; DotBot/1.2; +https://opensiteexplorer.org/dotbot; help@moz.com)"
18.118.28.89 - - [21/Dec/2024:17:14:26 +0530] "GET /terms-of-service.php HTTP/1.1" 200 9682 "-" "Mozilla/5.0 AppleWebKit/537.36 (KHTML, like Gecko; compatible; ClaudeBot/1.0; +claudebot@anthropic.com)"
3.137.220.198 - - [21/Dec/2024:17:16:18 +0530] "GET /polity-questions-for-tnpsc-in-tamil HTTP/1.1" 200 8364 "-" "Mozilla/5.0 AppleWebKit/537.36 (KHTML, like Gecko; compatible; ClaudeBot/1.0; +claudebot@anthropic.com)"
3.139.104.9 - - [21/Dec/2024:17:23:05 +0530] "GET /forgot-mail.php HTTP/1.1" 200 6696 "-" "Mozilla/5.0 AppleWebKit/537.36 (KHTML, like Gecko; compatible; ClaudeBot/1.0; +claudebot@anthropic.com)"
18.119.114.250 - - [21/Dec/2024:17:26:37 +0530] "GET /TNPSC-unit-8-online-test-in-tamil-with-answers HTTP/1.1" 200 7871 "-" "Mozilla/5.0 AppleWebKit/537.36 (KHTML, like Gecko; compatible; ClaudeBot/1.0; +claudebot@anthropic.com)"
3.16.217.221 - - [21/Dec/2024:17:28:33 +0530] "GET /return_policy.php HTTP/1.1" 200 7586 "-" "Mozilla/5.0 AppleWebKit/537.36 (KHTML, like Gecko; compatible; ClaudeBot/1.0; +claudebot@anthropic.com)"
18.220.2.10 - - [21/Dec/2024:17:31:27 +0530] "GET /INM-TNPSC-Questions-in-tamil HTTP/1.1" 200 7702 "-" "Mozilla/5.0 AppleWebKit/537.36 (KHTML, like Gecko; compatible; ClaudeBot/1.0; +claudebot@anthropic.com)"
18.218.13.111 - - [21/Dec/2024:17:30:14 +0530] "GET /login.php HTTP/1.1" 200 6801 "-" "Mozilla/5.0 AppleWebKit/537.36 (KHTML, like Gecko; compatible; ClaudeBot/1.0; +claudebot@anthropic.com)"
3.145.169.128 - - [21/Dec/2024:17:33:21 +0530] "GET /index.php HTTP/1.1" 200 9048 "-" "Mozilla/5.0 AppleWebKit/537.36 (KHTML, like Gecko; compatible; ClaudeBot/1.0; +claudebot@anthropic.com)"
3.149.28.52 - - [21/Dec/2024:17:35:06 +0530] "GET /javascript HTTP/1.1" 404 1251 "-" "Mozilla/5.0 AppleWebKit/537.36 (KHTML, like Gecko; compatible; ClaudeBot/1.0; +claudebot@anthropic.com)"
207.46.13.7 - - [21/Dec/2024:18:03:55 +0530] "GET /quiz/subject-exam.php?subject_id=3&&topics_id=27&&standared_id=7&&question_id=783&&payment_questions=23 HTTP/1.1" 200 99 "-" "Mozilla/5.0 AppleWebKit/537.36 (KHTML, like Gecko; compatible; bingbot/2.0; +http://www.bing.com/bingbot.htm) Chrome/116.0.1938.76 Safari/537.36"
3.135.193.234 - - [21/Dec/2024:17:58:56 +0530] "GET /register.php HTTP/1.1" 200 7626 "-" "Mozilla/5.0 AppleWebKit/537.36 (KHTML, like Gecko; compatible; ClaudeBot/1.0; +claudebot@anthropic.com)"
3.141.41.51 - - [21/Dec/2024:18:02:14 +0530] "GET /TNPSC-geography-previous-year-questions-in-tamil HTTP/1.1" 200 7630 "-" "Mozilla/5.0 AppleWebKit/537.36 (KHTML, like Gecko; compatible; ClaudeBot/1.0; +claudebot@anthropic.com)"
18.223.241.111 - - [21/Dec/2024:17:59:20 +0530] "GET /tnpsc-indian-economy-questions-in-tamil HTTP/1.1" 200 8322 "-" "Mozilla/5.0 AppleWebKit/537.36 (KHTML, like Gecko; compatible; ClaudeBot/1.0; +claudebot@anthropic.com)"
13.58.80.48 - - [21/Dec/2024:18:01:07 +0530] "GET /Unit-9-tnpsc-study-material-in-tamil HTTP/1.1" 200 7849 "-" "Mozilla/5.0 AppleWebKit/537.36 (KHTML, like Gecko; compatible; ClaudeBot/1.0; +claudebot@anthropic.com)"
3.137.168.223 - - [21/Dec/2024:17:47:31 +0530] "GET /today-current-affairs-in-tamil-for-TNPSC.php HTTP/1.1" 200 7831 "-" "Mozilla/5.0 AppleWebKit/537.36 (KHTML, like Gecko; compatible; ClaudeBot/1.0; +claudebot@anthropic.com)"
157.55.39.14 - - [21/Dec/2024:17:52:44 +0530] "GET /quiz/subject-exam.php?subject_id=2&&topics_id=19&&standared_id=4&&question_id=257&&payments_ids=9&&payment_questions=9 HTTP/1.1" 200 7600 "-" "Mozilla/5.0 AppleWebKit/537.36 (KHTML, like Gecko; compatible; bingbot/2.0; +http://www.bing.com/bingbot.htm) Chrome/116.0.1938.76 Safari/537.36"
3.145.79.254 - - [21/Dec/2024:17:57:08 +0530] "GET /about.php HTTP/1.1" 200 7425 "-" "Mozilla/5.0 AppleWebKit/537.36 (KHTML, like Gecko; compatible; ClaudeBot/1.0; +claudebot@anthropic.com)"
216.244.66.228 - - [21/Dec/2024:18:57:24 +0530] "GET /robots.txt HTTP/1.1" 404 1251 "-" "Mozilla/5.0 (compatible; DotBot/1.2; +https://opensiteexplorer.org/dotbot; help@moz.com)"
216.244.66.228 - - [21/Dec/2024:19:05:54 +0530] "GET /terms-of-service.php HTTP/1.1" 200 61358 "-" "Mozilla/5.0 (compatible; DotBot/1.2; +https://opensiteexplorer.org/dotbot; help@moz.com)"
223.181.205.211 - - [21/Dec/2024:19:21:00 +0530] "GET /css/select.bootstrap5.min.css HTTP/1.1" 200 504 "http://www.tnpsctestbatch.com/?fbclid=PAZXh0bgNhZW0CMTEAAaacpOf7HiDy-IY008WmyIl6MNevRet8AQC4Ek_Ae6L1V4FWgB1C7DWdhmU_aem_AZqNm_S43NU8XT3IB3Y3Qw" "Mozilla/5.0 (Linux; Android 10; CPH1881 Build/QP1A.190711.020; wv) AppleWebKit/537.36 (KHTML, like Gecko) Version/4.0 Chrome/131.0.6778.104 Mobile Safari/537.36 Instagram 359.0.0.59.89 Android (29/10; 480dpi; 1080x2260; OPPO; CPH1881; CPH1881; mt6771; en_US; 667597850)"
223.181.205.211 - - [21/Dec/2024:19:21:01 +0530] "GET /css/owl.carousel.min.css HTTP/1.1" 200 1063 "http://www.tnpsctestbatch.com/?fbclid=PAZXh0bgNhZW0CMTEAAaacpOf7HiDy-IY008WmyIl6MNevRet8AQC4Ek_Ae6L1V4FWgB1C7DWdhmU_aem_AZqNm_S43NU8XT3IB3Y3Qw" "Mozilla/5.0 (Linux; Android 10; CPH1881 Build/QP1A.190711.020; wv) AppleWebKit/537.36 (KHTML, like Gecko) Version/4.0 Chrome/131.0.6778.104 Mobile Safari/537.36 Instagram 359.0.0.59.89 Android (29/10; 480dpi; 1080x2260; OPPO; CPH1881; CPH1881; mt6771; en_US; 667597850)"
223.181.205.211 - - [21/Dec/2024:19:21:01 +0530] "GET /css/magnific-popup.min.css HTTP/1.1" 200 1602 "http://www.tnpsctestbatch.com/?fbclid=PAZXh0bgNhZW0CMTEAAaacpOf7HiDy-IY008WmyIl6MNevRet8AQC4Ek_Ae6L1V4FWgB1C7DWdhmU_aem_AZqNm_S43NU8XT3IB3Y3Qw" "Mozilla/5.0 (Linux; Android 10; CPH1881 Build/QP1A.190711.020; wv) AppleWebKit/537.36 (KHTML, like Gecko) Version/4.0 Chrome/131.0.6778.104 Mobile Safari/537.36 Instagram 359.0.0.59.89 Android (29/10; 480dpi; 1080x2260; OPPO; CPH1881; CPH1881; mt6771; en_US; 667597850)"
223.181.205.211 - - [21/Dec/2024:19:21:01 +0530] "GET /css/flaticon.css HTTP/1.1" 200 898 "http://www.tnpsctestbatch.com/?fbclid=PAZXh0bgNhZW0CMTEAAaacpOf7HiDy-IY008WmyIl6MNevRet8AQC4Ek_Ae6L1V4FWgB1C7DWdhmU_aem_AZqNm_S43NU8XT3IB3Y3Qw" "Mozilla/5.0 (Linux; Android 10; CPH1881 Build/QP1A.190711.020; wv) AppleWebKit/537.36 (KHTML, like Gecko) Version/4.0 Chrome/131.0.6778.104 Mobile Safari/537.36 Instagram 359.0.0.59.89 Android (29/10; 480dpi; 1080x2260; OPPO; CPH1881; CPH1881; mt6771; en_US; 667597850)"
223.181.205.211 - - [21/Dec/2024:19:21:01 +0530] "GET /css/swiper-bundle.min.css HTTP/1.1" 200 4596 "http://www.tnpsctestbatch.com/?fbclid=PAZXh0bgNhZW0CMTEAAaacpOf7HiDy-IY008WmyIl6MNevRet8AQC4Ek_Ae6L1V4FWgB1C7DWdhmU_aem_AZqNm_S43NU8XT3IB3Y3Qw" "Mozilla/5.0 (Linux; Android 10; CPH1881 Build/QP1A.190711.020; wv) AppleWebKit/537.36 (KHTML, like Gecko) Version/4.0 Chrome/131.0.6778.104 Mobile Safari/537.36 Instagram 359.0.0.59.89 Android (29/10; 480dpi; 1080x2260; OPPO; CPH1881; CPH1881; mt6771; en_US; 667597850)"
223.181.205.211 - - [21/Dec/2024:19:21:02 +0530] "GET /css/switcher.css HTTP/1.1" 200 822 "http://www.tnpsctestbatch.com/?fbclid=PAZXh0bgNhZW0CMTEAAaacpOf7HiDy-IY008WmyIl6MNevRet8AQC4Ek_Ae6L1V4FWgB1C7DWdhmU_aem_AZqNm_S43NU8XT3IB3Y3Qw" "Mozilla/5.0 (Linux; Android 10; CPH1881 Build/QP1A.190711.020; wv) AppleWebKit/537.36 (KHTML, like Gecko) Version/4.0 Chrome/131.0.6778.104 Mobile Safari/537.36 Instagram 359.0.0.59.89 Android (29/10; 480dpi; 1080x2260; OPPO; CPH1881; CPH1881; mt6771; en_US; 667597850)"
223.181.205.211 - - [21/Dec/2024:19:21:02 +0530] "GET /fonts.googleapis.com/css2_a97383ec.css HTTP/1.1" 404 1251 "http://www.tnpsctestbatch.com/css/style.css" "Mozilla/5.0 (Linux; Android 10; CPH1881 Build/QP1A.190711.020; wv) AppleWebKit/537.36 (KHTML, like Gecko) Version/4.0 Chrome/131.0.6778.104 Mobile Safari/537.36 Instagram 359.0.0.59.89 Android (29/10; 480dpi; 1080x2260; OPPO; CPH1881; CPH1881; mt6771; en_US; 667597850)"
223.181.205.211 - - [21/Dec/2024:19:21:02 +0530] "GET /icons/logo/logo.png HTTP/1.1" 200 27155 "http://www.tnpsctestbatch.com/?fbclid=PAZXh0bgNhZW0CMTEAAaacpOf7HiDy-IY008WmyIl6MNevRet8AQC4Ek_Ae6L1V4FWgB1C7DWdhmU_aem_AZqNm_S43NU8XT3IB3Y3Qw" "Mozilla/5.0 (Linux; Android 10; CPH1881 Build/QP1A.190711.020; wv) AppleWebKit/537.36 (KHTML, like Gecko) Version/4.0 Chrome/131.0.6778.104 Mobile Safari/537.36 Instagram 359.0.0.59.89 Android (29/10; 480dpi; 1080x2260; OPPO; CPH1881; CPH1881; mt6771; en_US; 667597850)"
223.181.205.211 - - [21/Dec/2024:19:21:00 +0530] "GET /?fbclid=PAZXh0bgNhZW0CMTEAAaacpOf7HiDy-IY008WmyIl6MNevRet8AQC4Ek_Ae6L1V4FWgB1C7DWdhmU_aem_AZqNm_S43NU8XT3IB3Y3Qw HTTP/1.1" 200 9048 "https://l.instagram.com/" "Mozilla/5.0 (Linux; Android 10; CPH1881 Build/QP1A.190711.020; wv) AppleWebKit/537.36 (KHTML, like Gecko) Version/4.0 Chrome/131.0.6778.104 Mobile Safari/537.36 Instagram 359.0.0.59.89 Android (29/10; 480dpi; 1080x2260; OPPO; CPH1881; CPH1881; mt6771; en_US; 667597850)"
223.181.205.211 - - [21/Dec/2024:19:21:00 +0530] "GET /css/bootstrap.min.css HTTP/1.1" 200 23838 "http://www.tnpsctestbatch.com/?fbclid=PAZXh0bgNhZW0CMTEAAaacpOf7HiDy-IY008WmyIl6MNevRet8AQC4Ek_Ae6L1V4FWgB1C7DWdhmU_aem_AZqNm_S43NU8XT3IB3Y3Qw" "Mozilla/5.0 (Linux; Android 10; CPH1881 Build/QP1A.190711.020; wv) AppleWebKit/537.36 (KHTML, like Gecko) Version/4.0 Chrome/131.0.6778.104 Mobile Safari/537.36 Instagram 359.0.0.59.89 Android (29/10; 480dpi; 1080x2260; OPPO; CPH1881; CPH1881; mt6771; en_US; 667597850)"
223.181.205.211 - - [21/Dec/2024:19:21:06 +0530] "GET /css/feather.css HTTP/1.1" 200 2292 "http://www.tnpsctestbatch.com/?fbclid=PAZXh0bgNhZW0CMTEAAaacpOf7HiDy-IY008WmyIl6MNevRet8AQC4Ek_Ae6L1V4FWgB1C7DWdhmU_aem_AZqNm_S43NU8XT3IB3Y3Qw" "Mozilla/5.0 (Linux; Android 10; CPH1881 Build/QP1A.190711.020; wv) AppleWebKit/537.36 (KHTML, like Gecko) Version/4.0 Chrome/131.0.6778.104 Mobile Safari/537.36 Instagram 359.0.0.59.89 Android (29/10; 480dpi; 1080x2260; OPPO; CPH1881; CPH1881; mt6771; en_US; 667597850)"
223.181.205.211 - - [21/Dec/2024:19:21:06 +0530] "GET /css/font-awesome.min.css HTTP/1.1" 200 27020 "http://www.tnpsctestbatch.com/?fbclid=PAZXh0bgNhZW0CMTEAAaacpOf7HiDy-IY008WmyIl6MNevRet8AQC4Ek_Ae6L1V4FWgB1C7DWdhmU_aem_AZqNm_S43NU8XT3IB3Y3Qw" "Mozilla/5.0 (Linux; Android 10; CPH1881 Build/QP1A.190711.020; wv) AppleWebKit/537.36 (KHTML, like Gecko) Version/4.0 Chrome/131.0.6778.104 Mobile Safari/537.36 Instagram 359.0.0.59.89 Android (29/10; 480dpi; 1080x2260; OPPO; CPH1881; CPH1881; mt6771; en_US; 667597850)"
223.181.205.211 - - [21/Dec/2024:19:21:00 +0530] "GET /css/lc_lightbox.css HTTP/1.1" 200 7398 "http://www.tnpsctestbatch.com/?fbclid=PAZXh0bgNhZW0CMTEAAaacpOf7HiDy-IY008WmyIl6MNevRet8AQC4Ek_Ae6L1V4FWgB1C7DWdhmU_aem_AZqNm_S43NU8XT3IB3Y3Qw" "Mozilla/5.0 (Linux; Android 10; CPH1881 Build/QP1A.190711.020; wv) AppleWebKit/537.36 (KHTML, like Gecko) Version/4.0 Chrome/131.0.6778.104 Mobile Safari/537.36 Instagram 359.0.0.59.89 Android (29/10; 480dpi; 1080x2260; OPPO; CPH1881; CPH1881; mt6771; en_US; 667597850)"
223.181.205.211 - - [21/Dec/2024:19:21:01 +0530] "GET /css/datepicker.css HTTP/1.1" 200 2329 "http://www.tnpsctestbatch.com/?fbclid=PAZXh0bgNhZW0CMTEAAaacpOf7HiDy-IY008WmyIl6MNevRet8AQC4Ek_Ae6L1V4FWgB1C7DWdhmU_aem_AZqNm_S43NU8XT3IB3Y3Qw" "Mozilla/5.0 (Linux; Android 10; CPH1881 Build/QP1A.190711.020; wv) AppleWebKit/537.36 (KHTML, like Gecko) Version/4.0 Chrome/131.0.6778.104 Mobile Safari/537.36 Instagram 359.0.0.59.89 Android (29/10; 480dpi; 1080x2260; OPPO; CPH1881; CPH1881; mt6771; en_US; 667597850)"
223.181.205.211 - - [21/Dec/2024:19:21:01 +0530] "GET /css/style.css HTTP/1.1" 200 66940 "http://www.tnpsctestbatch.com/?fbclid=PAZXh0bgNhZW0CMTEAAaacpOf7HiDy-IY008WmyIl6MNevRet8AQC4Ek_Ae6L1V4FWgB1C7DWdhmU_aem_AZqNm_S43NU8XT3IB3Y3Qw" "Mozilla/5.0 (Linux; Android 10; CPH1881 Build/QP1A.190711.020; wv) AppleWebKit/537.36 (KHTML, like Gecko) Version/4.0 Chrome/131.0.6778.104 Mobile Safari/537.36 Instagram 359.0.0.59.89 Android (29/10; 480dpi; 1080x2260; OPPO; CPH1881; CPH1881; mt6771; en_US; 667597850)"
223.181.205.211 - - [21/Dec/2024:19:21:01 +0530] "GET /css/skins-type/skin-6.css HTTP/1.1" 200 1104 "http://www.tnpsctestbatch.com/?fbclid=PAZXh0bgNhZW0CMTEAAaacpOf7HiDy-IY008WmyIl6MNevRet8AQC4Ek_Ae6L1V4FWgB1C7DWdhmU_aem_AZqNm_S43NU8XT3IB3Y3Qw" "Mozilla/5.0 (Linux; Android 10; CPH1881 Build/QP1A.190711.020; wv) AppleWebKit/537.36 (KHTML, like Gecko) Version/4.0 Chrome/131.0.6778.104 Mobile Safari/537.36 Instagram 359.0.0.59.89 Android (29/10; 480dpi; 1080x2260; OPPO; CPH1881; CPH1881; mt6771; en_US; 667597850)"
223.181.205.211 - - [21/Dec/2024:19:21:02 +0530] "GET /css/dataTables.bootstrap5.min.css HTTP/1.1" 200 2001 "http://www.tnpsctestbatch.com/?fbclid=PAZXh0bgNhZW0CMTEAAaacpOf7HiDy-IY008WmyIl6MNevRet8AQC4Ek_Ae6L1V4FWgB1C7DWdhmU_aem_AZqNm_S43NU8XT3IB3Y3Qw" "Mozilla/5.0 (Linux; Android 10; CPH1881 Build/QP1A.190711.020; wv) AppleWebKit/537.36 (KHTML, like Gecko) Version/4.0 Chrome/131.0.6778.104 Mobile Safari/537.36 Instagram 359.0.0.59.89 Android (29/10; 480dpi; 1080x2260; OPPO; CPH1881; CPH1881; mt6771; en_US; 667597850)"
223.181.205.211 - - [21/Dec/2024:19:21:02 +0530] "GET /fonts.googleapis.com/css2_72e2058f.css HTTP/1.1" 404 1251 "http://www.tnpsctestbatch.com/css/style.css" "Mozilla/5.0 (Linux; Android 10; CPH1881 Build/QP1A.190711.020; wv) AppleWebKit/537.36 (KHTML, like Gecko) Version/4.0 Chrome/131.0.6778.104 Mobile Safari/537.36 Instagram 359.0.0.59.89 Android (29/10; 480dpi; 1080x2260; OPPO; CPH1881; CPH1881; mt6771; en_US; 667597850)"
51.8.102.121 - - [21/Dec/2024:19:33:36 +0530] "GET /robots.txt HTTP/1.1" 404 1251 "-" "Mozilla/5.0 AppleWebKit/537.36 (KHTML, like Gecko); compatible; OAI-SearchBot/1.0; +https://openai.com/searchbot"
223.181.205.211 - - [21/Dec/2024:19:21:00 +0530] "GET /css/bootstrap-select.min.css HTTP/1.1" 200 2343 "http://www.tnpsctestbatch.com/?fbclid=PAZXh0bgNhZW0CMTEAAaacpOf7HiDy-IY008WmyIl6MNevRet8AQC4Ek_Ae6L1V4FWgB1C7DWdhmU_aem_AZqNm_S43NU8XT3IB3Y3Qw" "Mozilla/5.0 (Linux; Android 10; CPH1881 Build/QP1A.190711.020; wv) AppleWebKit/537.36 (KHTML, like Gecko) Version/4.0 Chrome/131.0.6778.104 Mobile Safari/537.36 Instagram 359.0.0.59.89 Android (29/10; 480dpi; 1080x2260; OPPO; CPH1881; CPH1881; mt6771; en_US; 667597850)"
223.181.205.211 - - [21/Dec/2024:19:21:01 +0530] "GET /css/dropzone.css HTTP/1.1" 200 1558 "http://www.tnpsctestbatch.com/?fbclid=PAZXh0bgNhZW0CMTEAAaacpOf7HiDy-IY008WmyIl6MNevRet8AQC4Ek_Ae6L1V4FWgB1C7DWdhmU_aem_AZqNm_S43NU8XT3IB3Y3Qw" "Mozilla/5.0 (Linux; Android 10; CPH1881 Build/QP1A.190711.020; wv) AppleWebKit/537.36 (KHTML, like Gecko) Version/4.0 Chrome/131.0.6778.104 Mobile Safari/537.36 Instagram 359.0.0.59.89 Android (29/10; 480dpi; 1080x2260; OPPO; CPH1881; CPH1881; mt6771; en_US; 667597850)"
223.181.205.211 - - [21/Dec/2024:19:21:06 +0530] "GET /css/scrollbar.css HTTP/1.1" 200 838 "http://www.tnpsctestbatch.com/?fbclid=PAZXh0bgNhZW0CMTEAAaacpOf7HiDy-IY008WmyIl6MNevRet8AQC4Ek_Ae6L1V4FWgB1C7DWdhmU_aem_AZqNm_S43NU8XT3IB3Y3Qw" "Mozilla/5.0 (Linux; Android 10; CPH1881 Build/QP1A.190711.020; wv) AppleWebKit/537.36 (KHTML, like Gecko) Version/4.0 Chrome/131.0.6778.104 Mobile Safari/537.36 Instagram 359.0.0.59.89 Android (29/10; 480dpi; 1080x2260; OPPO; CPH1881; CPH1881; mt6771; en_US; 667597850)"
43.131.243.208 - - [21/Dec/2024:19:37:21 +0530] "GET / HTTP/1.1" 200 9048 "-" "Mozilla/5.0 (iPhone; CPU iPhone OS 13_2_3 like Mac OS X) AppleWebKit/605.1.15 (KHTML, like Gecko) Version/13.0.3 Mobile/15E148 Safari/604.1"
66.249.66.201 - - [21/Dec/2024:19:48:30 +0530] "GET /fonts.googleapis.com/css2_a97383ec.css HTTP/1.1" 404 1251 "https://tnpsctestbatch.com/css/style.css" "Mozilla/5.0 (Linux; Android 6.0.1; Nexus 5X Build/MMB29P) AppleWebKit/537.36 (KHTML, like Gecko) Chrome/131.0.6778.139 Mobile Safari/537.36 (compatible; Googlebot/2.1; +http://www.google.com/bot.html)"
66.249.66.200 - - [21/Dec/2024:19:48:30 +0530] "GET /fonts.googleapis.com/css2_72e2058f.css HTTP/1.1" 404 1251 "https://tnpsctestbatch.com/css/style.css" "Mozilla/5.0 (Linux; Android 6.0.1; Nexus 5X Build/MMB29P) AppleWebKit/537.36 (KHTML, like Gecko) Chrome/131.0.6778.139 Mobile Safari/537.36 (compatible; Googlebot/2.1; +http://www.google.com/bot.html)"
66.249.66.200 - - [21/Dec/2024:19:48:23 +0530] "GET /robots.txt HTTP/1.1" 404 1251 "-" "Mozilla/5.0 (compatible; Googlebot/2.1; +http://www.google.com/bot.html)"
57.141.0.13 - - [21/Dec/2024:19:56:12 +0530] "GET /quiz/subject-exam.php?subject_id=3&&topics_id=27&&standared_id=7&&question_id=798&&payment_questions=8 HTTP/1.1" 200 52789 "-" "meta-externalagent/1.1 (+https://developers.facebook.com/docs/sharing/webmasters/crawler)"
