49.47.218.196 - - [23/Dec/2024:12:21:42 +0530] "GET /3-idiots/storage/app/public/category/2023-12-19-6581468cdbd6b.png HTTP/1.1" 404 3501 "https://selectionsilks.com/3-idiots/products?id=4&data_from=category&page=1" "Mozilla/5.0 (Windows NT 10.0; Win64; x64) AppleWebKit/537.36 (KHTML, like Gecko) Chrome/131.0.0.0 Safari/537.36"
49.47.218.196 - - [23/Dec/2024:12:21:42 +0530] "GET /3-idiots/storage/app/public/category/2023-12-19-6581529dc406d.png HTTP/1.1" 404 3501 "https://selectionsilks.com/3-idiots/products?id=4&data_from=category&page=1" "Mozilla/5.0 (Windows NT 10.0; Win64; x64) AppleWebKit/537.36 (KHTML, like Gecko) Chrome/131.0.0.0 Safari/537.36"
66.249.66.32 - - [23/Dec/2024:12:21:15 +0530] "GET /daily-wear-t-shirt-195 HTTP/1.1" 200 17967 "-" "Mozilla/5.0 (Linux; Android 6.0.1; Nexus 5X Build/MMB29P) AppleWebKit/537.36 (KHTML, like Gecko) Chrome/131.0.6778.139 Mobile Safari/537.36 (compatible; Googlebot/2.1; +http://www.google.com/bot.html)"
43.135.138.128 - - [23/Dec/2024:12:23:06 +0530] "GET /plus-size-kurtis/3-piece-sets-86 HTTP/1.1" 200 12333 "-" "Mozilla/5.0 (iPhone; CPU iPhone OS 13_2_3 like Mac OS X) AppleWebKit/605.1.15 (KHTML, like Gecko) Version/13.0.3 Mobile/15E148 Safari/604.1"
1.39.129.137 - - [23/Dec/2024:12:23:22 +0530] "GET /a/simple-lightbox.css?v2.14.0 HTTP/2" 200 1000 "https://www.a1tex.in/" "Mozilla/5.0 (Linux; Android 10; K) AppleWebKit/537.36 (KHTML, like Gecko) Chrome/131.0.0.0 Mobile Safari/537.36"
1.39.129.137 - - [23/Dec/2024:12:23:22 +0530] "GET /a/simple-lightbox.js?v2.14.0 HTTP/2" 200 13205 "https://www.a1tex.in/" "Mozilla/5.0 (Linux; Android 10; K) AppleWebKit/537.36 (KHTML, like Gecko) Chrome/131.0.0.0 Mobile Safari/537.36"
49.43.203.150 - - [23/Dec/2024:12:18:46 +0530] "GET /a/simple-lightbox.css?v2.14.0 HTTP/2" 200 1000 "https://www.a1tex.in/" "Mozilla/5.0 (Linux; Android 10; K) AppleWebKit/537.36 (KHTML, like Gecko) Chrome/131.0.0.0 Mobile Safari/537.36"
49.43.203.150 - - [23/Dec/2024:12:18:46 +0530] "GET /a/simple-lightbox.js?v2.14.0 HTTP/2" 200 13205 "https://www.a1tex.in/" "Mozilla/5.0 (Linux; Android 10; K) AppleWebKit/537.36 (KHTML, like Gecko) Chrome/131.0.0.0 Mobile Safari/537.36"
49.47.218.196 - - [23/Dec/2024:12:21:42 +0530] "GET /3-idiots/storage/app/public/category/2023-12-19-658153fc28e5a.png HTTP/1.1" 404 3501 "https://selectionsilks.com/3-idiots/products?id=4&data_from=category&page=1" "Mozilla/5.0 (Windows NT 10.0; Win64; x64) AppleWebKit/537.36 (KHTML, like Gecko) Chrome/131.0.0.0 Safari/537.36"
49.47.218.196 - - [23/Dec/2024:12:21:42 +0530] "GET /3-idiots/storage/app/public/category/2023-12-19-658151677d15f.png HTTP/1.1" 404 3501 "https://selectionsilks.com/3-idiots/products?id=4&data_from=category&page=1" "Mozilla/5.0 (Windows NT 10.0; Win64; x64) AppleWebKit/537.36 (KHTML, like Gecko) Chrome/131.0.0.0 Safari/537.36"
49.47.218.196 - - [23/Dec/2024:12:22:19 +0530] "GET /3-idiots/public/images/next.png HTTP/1.1" 404 3502 "https://selectionsilks.com/3-idiots/public/css/lightbox.css" "Mozilla/5.0 (Windows NT 10.0; Win64; x64) AppleWebKit/537.36 (KHTML, like Gecko) Chrome/131.0.0.0 Safari/537.36"
27.60.164.10 - - [23/Dec/2024:12:28:35 +0530] "GET / HTTP/2" 200 23217 "https://www.youtube.com/" "Mozilla/5.0 (Linux; Android 10; K) AppleWebKit/537.36 (KHTML, like Gecko) Chrome/131.0.0.0 Mobile Safari/537.36"
27.60.164.10 - - [23/Dec/2024:12:28:35 +0530] "GET /assets/vendor/font-icons/css/mds-icons.min.css HTTP/2" 200 909 "https://selectionsilks.com/" "Mozilla/5.0 (Linux; Android 10; K) AppleWebKit/537.36 (KHTML, like Gecko) Chrome/131.0.0.0 Mobile Safari/537.36"
27.60.164.10 - - [23/Dec/2024:12:28:35 +0530] "GET /assets/vendor/bootstrap/css/bootstrap.min.css HTTP/2" 200 21534 "https://selectionsilks.com/" "Mozilla/5.0 (Linux; Android 10; K) AppleWebKit/537.36 (KHTML, like Gecko) Chrome/131.0.0.0 Mobile Safari/537.36"
27.60.164.10 - - [23/Dec/2024:12:28:35 +0530] "GET /assets/css/style-2.1.min.css HTTP/2" 200 25986 "https://selectionsilks.com/" "Mozilla/5.0 (Linux; Android 10; K) AppleWebKit/537.36 (KHTML, like Gecko) Chrome/131.0.0.0 Mobile Safari/537.36"
27.60.164.10 - - [23/Dec/2024:12:28:35 +0530] "GET /assets/css/plugins-2.1.css HTTP/2" 200 21328 "https://selectionsilks.com/" "Mozilla/5.0 (Linux; Android 10; K) AppleWebKit/537.36 (KHTML, like Gecko) Chrome/131.0.0.0 Mobile Safari/537.36"
27.60.164.10 - - [23/Dec/2024:12:28:35 +0530] "GET /assets/img/img_bg_product_small.png HTTP/2" 200 119 "https://selectionsilks.com/" "Mozilla/5.0 (Linux; Android 10; K) AppleWebKit/537.36 (KHTML, like Gecko) Chrome/131.0.0.0 Mobile Safari/537.36"
27.60.164.10 - - [23/Dec/2024:12:28:35 +0530] "GET /uploads/logo/logo_6437ea46311e6.jpg HTTP/2" 200 41196 "https://selectionsilks.com/" "Mozilla/5.0 (Linux; Android 10; K) AppleWebKit/537.36 (KHTML, like Gecko) Chrome/131.0.0.0 Mobile Safari/537.36"
27.60.164.10 - - [23/Dec/2024:12:28:36 +0530] "GET /assets/js/jquery-3.5.1.min.js HTTP/1.1" 200 30280 "https://selectionsilks.com/" "Mozilla/5.0 (Linux; Android 10; K) AppleWebKit/537.36 (KHTML, like Gecko) Chrome/131.0.0.0 Mobile Safari/537.36"
27.60.164.10 - - [23/Dec/2024:12:28:36 +0530] "GET /assets/vendor/font-icons/font/mds-icons.woff2?79862638 HTTP/1.1" 200 15820 "https://selectionsilks.com/assets/vendor/font-icons/css/mds-icons.min.css" "Mozilla/5.0 (Linux; Android 10; K) AppleWebKit/537.36 (KHTML, like Gecko) Chrome/131.0.0.0 Mobile Safari/537.36"
27.60.164.10 - - [23/Dec/2024:12:28:36 +0530] "GET /assets/vendor/bootstrap/js/bootstrap.bundle.min.js HTTP/1.1" 200 20914 "https://selectionsilks.com/" "Mozilla/5.0 (Linux; Android 10; K) AppleWebKit/537.36 (KHTML, like Gecko) Chrome/131.0.0.0 Mobile Safari/537.36"
27.60.164.10 - - [23/Dec/2024:12:28:36 +0530] "GET /assets/js/plugins-2.1.js HTTP/1.1" 200 80986 "https://selectionsilks.com/" "Mozilla/5.0 (Linux; Android 10; K) AppleWebKit/537.36 (KHTML, like Gecko) Chrome/131.0.0.0 Mobile Safari/537.36"
27.60.164.10 - - [23/Dec/2024:12:28:36 +0530] "GET /assets/js/script-2.1.min.js HTTP/1.1" 200 8507 "https://selectionsilks.com/" "Mozilla/5.0 (Linux; Android 10; K) AppleWebKit/537.36 (KHTML, like Gecko) Chrome/131.0.0.0 Mobile Safari/537.36"
27.60.164.10 - - [23/Dec/2024:12:28:36 +0530] "GET /uploads/images/offer_bg.jpg HTTP/1.1" 200 31436 "https://selectionsilks.com/" "Mozilla/5.0 (Linux; Android 10; K) AppleWebKit/537.36 (KHTML, like Gecko) Chrome/131.0.0.0 Mobile Safari/537.36"
27.60.164.10 - - [23/Dec/2024:12:28:36 +0530] "GET /uploads/slider/slider_64cac47e899a92-30413237-95351462.jpg HTTP/1.1" 200 85053 "https://selectionsilks.com/" "Mozilla/5.0 (Linux; Android 10; K) AppleWebKit/537.36 (KHTML, like Gecko) Chrome/131.0.0.0 Mobile Safari/537.36"
27.60.164.10 - - [23/Dec/2024:12:28:36 +0530] "GET /uploads/slider/slider_64d5d65b6a6c86-43332181-85150130.jpg HTTP/1.1" 200 87824 "https://selectionsilks.com/" "Mozilla/5.0 (Linux; Android 10; K) AppleWebKit/537.36 (KHTML, like Gecko) Chrome/131.0.0.0 Mobile Safari/537.36"
27.60.164.10 - - [23/Dec/2024:12:28:36 +0530] "GET /uploads/category/category_64ca0c0d401f49-80781686-96044666.jpg HTTP/1.1" 200 91614 "https://selectionsilks.com/" "Mozilla/5.0 (Linux; Android 10; K) AppleWebKit/537.36 (KHTML, like Gecko) Chrome/131.0.0.0 Mobile Safari/537.36"
27.60.164.10 - - [23/Dec/2024:12:28:36 +0530] "GET /uploads/category/category_64ca0dfc1d7687-64118209-20216497.jpg HTTP/1.1" 200 55411 "https://selectionsilks.com/" "Mozilla/5.0 (Linux; Android 10; K) AppleWebKit/537.36 (KHTML, like Gecko) Chrome/131.0.0.0 Mobile Safari/537.36"
27.60.164.10 - - [23/Dec/2024:12:28:37 +0530] "GET /uploads/category/category_64e1a430421e95-69842911-49098696.jpg HTTP/1.1" 200 50528 "https://selectionsilks.com/" "Mozilla/5.0 (Linux; Android 10; K) AppleWebKit/537.36 (KHTML, like Gecko) Chrome/131.0.0.0 Mobile Safari/537.36"
27.60.164.10 - - [23/Dec/2024:12:28:37 +0530] "GET /uploads/category/category_66f3b5b49bb833-83481689-15613788.jpg HTTP/1.1" 200 83608 "https://selectionsilks.com/" "Mozilla/5.0 (Linux; Android 10; K) AppleWebKit/537.36 (KHTML, like Gecko) Chrome/131.0.0.0 Mobile Safari/537.36"
27.60.164.10 - - [23/Dec/2024:12:28:37 +0530] "GET /uploads/category/category_66f3b624bbf6d1-76153243-65645408.jpg HTTP/1.1" 200 57389 "https://selectionsilks.com/" "Mozilla/5.0 (Linux; Android 10; K) AppleWebKit/537.36 (KHTML, like Gecko) Chrome/131.0.0.0 Mobile Safari/537.36"
27.60.164.10 - - [23/Dec/2024:12:28:37 +0530] "GET /uploads/slider/slider_64d5d6c965bec5-89055606-92676844.jpg HTTP/1.1" 200 87746 "https://selectionsilks.com/" "Mozilla/5.0 (Linux; Android 10; K) AppleWebKit/537.36 (KHTML, like Gecko) Chrome/131.0.0.0 Mobile Safari/537.36"
27.60.164.10 - - [23/Dec/2024:12:28:37 +0530] "GET /uploads/category/category_66f50cbd370622-21103913-82633908.jpg HTTP/1.1" 200 94521 "https://selectionsilks.com/" "Mozilla/5.0 (Linux; Android 10; K) AppleWebKit/537.36 (KHTML, like Gecko) Chrome/131.0.0.0 Mobile Safari/537.36"
27.60.164.10 - - [23/Dec/2024:12:28:41 +0530] "GET /uploads/logo/logo_6437ea46311e62.jpg HTTP/1.1" 200 41196 "https://selectionsilks.com/" "Mozilla/5.0 (Linux; Android 10; K) AppleWebKit/537.36 (KHTML, like Gecko) Chrome/131.0.0.0 Mobile Safari/537.36"
43.130.37.243 - - [23/Dec/2024:12:28:47 +0530] "GET /new-arrivals/nighty-55 HTTP/1.1" 200 11452 "-" "Mozilla/5.0 (iPhone; CPU iPhone OS 13_2_3 like Mac OS X) AppleWebKit/605.1.15 (KHTML, like Gecko) Version/13.0.3 Mobile/15E148 Safari/604.1"
27.60.164.10 - - [23/Dec/2024:12:28:55 +0530] "GET /kurtis/combo-6 HTTP/1.1" 200 11934 "https://selectionsilks.com/" "Mozilla/5.0 (Linux; Android 10; K) AppleWebKit/537.36 (KHTML, like Gecko) Chrome/131.0.0.0 Mobile Safari/537.36"
27.60.164.10 - - [23/Dec/2024:12:28:42 +0530] "GET /uploads/images/202410/img_1920x_6719fc1ac12e11-73512216-24905217.jpg HTTP/1.1" 200 395483 "https://selectionsilks.com/" "Mozilla/5.0 (Linux; Android 10; K) AppleWebKit/537.36 (KHTML, like Gecko) Chrome/131.0.0.0 Mobile Safari/537.36"
27.60.164.10 - - [23/Dec/2024:12:28:42 +0530] "GET /uploads/images/202410/img_1920x_6719fb6be09768-79053690-86467917.jpg HTTP/1.1" 200 434053 "https://selectionsilks.com/" "Mozilla/5.0 (Linux; Android 10; K) AppleWebKit/537.36 (KHTML, like Gecko) Chrome/131.0.0.0 Mobile Safari/537.36"
27.60.164.10 - - [23/Dec/2024:12:28:42 +0530] "GET /uploads/images/202410/img_1920x_6719fb65d1d018-14429226-55724912.jpg HTTP/1.1" 200 417265 "https://selectionsilks.com/" "Mozilla/5.0 (Linux; Android 10; K) AppleWebKit/537.36 (KHTML, like Gecko) Chrome/131.0.0.0 Mobile Safari/537.36"
27.60.164.10 - - [23/Dec/2024:12:28:42 +0530] "GET /uploads/images/202410/img_1920x_6719fc154ad949-36456355-31605418.jpg HTTP/1.1" 200 468404 "https://selectionsilks.com/" "Mozilla/5.0 (Linux; Android 10; K) AppleWebKit/537.36 (KHTML, like Gecko) Chrome/131.0.0.0 Mobile Safari/537.36"
66.102.6.99 - - [23/Dec/2024:12:29:01 +0530] "GET /kurtis/combo-6 HTTP/1.1" 200 11979 "-" "Mozilla/5.0 (Linux; Android 7.0; SM-G930V Build/NRD90M) AppleWebKit/537.36 (KHTML, like Gecko) Chrome/59.0.3071.125 Mobile Safari/537.36 (compatible; Google-Read-Aloud; +https://support.google.com/webmasters/answer/1061943)"
66.102.6.99 - - [23/Dec/2024:12:29:01 +0530] "GET /assets/css/plugins-2.1.css HTTP/1.1" 200 21328 "https://selectionsilks.com/kurtis/combo-6" "Mozilla/5.0 (Linux; Android 7.0; SM-G930V Build/NRD90M) AppleWebKit/537.36 (KHTML, like Gecko) Chrome/59.0.3071.125 Mobile Safari/537.36 (compatible; Google-Read-Aloud; +https://support.google.com/webmasters/answer/1061943)"
66.102.6.97 - - [23/Dec/2024:12:29:02 +0530] "GET /assets/css/style-2.1.min.css HTTP/1.1" 200 25986 "https://selectionsilks.com/kurtis/combo-6" "Mozilla/5.0 (Linux; Android 7.0; SM-G930V Build/NRD90M) AppleWebKit/537.36 (KHTML, like Gecko) Chrome/59.0.3071.125 Mobile Safari/537.36 (compatible; Google-Read-Aloud; +https://support.google.com/webmasters/answer/1061943)"
66.102.6.97 - - [23/Dec/2024:12:29:02 +0530] "GET /assets/vendor/bootstrap/js/bootstrap.bundle.min.js HTTP/1.1" 200 20914 "https://selectionsilks.com/kurtis/combo-6" "Mozilla/5.0 (Linux; Android 7.0; SM-G930V Build/NRD90M) AppleWebKit/537.36 (KHTML, like Gecko) Chrome/59.0.3071.125 Mobile Safari/537.36 (compatible; Google-Read-Aloud; +https://support.google.com/webmasters/answer/1061943)"
66.102.6.97 - - [23/Dec/2024:12:29:02 +0530] "GET /assets/vendor/font-icons/css/mds-icons.min.css HTTP/1.1" 200 909 "https://selectionsilks.com/kurtis/combo-6" "Mozilla/5.0 (Linux; Android 7.0; SM-G930V Build/NRD90M) AppleWebKit/537.36 (KHTML, like Gecko) Chrome/59.0.3071.125 Mobile Safari/537.36 (compatible; Google-Read-Aloud; +https://support.google.com/webmasters/answer/1061943)"
66.102.6.97 - - [23/Dec/2024:12:29:02 +0530] "GET /assets/js/script-2.1.min.js HTTP/1.1" 200 8507 "https://selectionsilks.com/kurtis/combo-6" "Mozilla/5.0 (Linux; Android 7.0; SM-G930V Build/NRD90M) AppleWebKit/537.36 (KHTML, like Gecko) Chrome/59.0.3071.125 Mobile Safari/537.36 (compatible; Google-Read-Aloud; +https://support.google.com/webmasters/answer/1061943)"
27.60.164.10 - - [23/Dec/2024:12:29:09 +0530] "GET / HTTP/1.1" 200 23161 "https://www.youtube.com/" "Mozilla/5.0 (Linux; Android 10; K) AppleWebKit/537.36 (KHTML, like Gecko) Chrome/131.0.0.0 Mobile Safari/537.36"
27.60.164.10 - - [23/Dec/2024:12:28:58 +0530] "GET /uploads/images/202409/img_1920x_66f5615360b5b5-05173531-62898447.jpeg HTTP/1.1" 200 1299422 "https://selectionsilks.com/kurtis/combo-6" "Mozilla/5.0 (Linux; Android 10; K) AppleWebKit/537.36 (KHTML, like Gecko) Chrome/131.0.0.0 Mobile Safari/537.36"
27.60.164.10 - - [23/Dec/2024:12:29:10 +0530] "GET /uploads/images/202410/img_1920x_6719fc1ac12e11-73512216-24905217.jpg HTTP/1.1" 206 1 "https://selectionsilks.com/" "Mozilla/5.0 (Linux; Android 10; K) AppleWebKit/537.36 (KHTML, like Gecko) Chrome/131.0.0.0 Mobile Safari/537.36"
27.60.164.10 - - [23/Dec/2024:12:29:10 +0530] "GET /uploads/images/202410/img_1920x_6719fb65d1d018-14429226-55724912.jpg HTTP/1.1" 206 1 "https://selectionsilks.com/" "Mozilla/5.0 (Linux; Android 10; K) AppleWebKit/537.36 (KHTML, like Gecko) Chrome/131.0.0.0 Mobile Safari/537.36"
27.60.164.10 - - [23/Dec/2024:12:29:10 +0530] "GET /uploads/images/202410/img_1920x_6719fb6be09768-79053690-86467917.jpg HTTP/1.1" 206 1 "https://selectionsilks.com/" "Mozilla/5.0 (Linux; Android 10; K) AppleWebKit/537.36 (KHTML, like Gecko) Chrome/131.0.0.0 Mobile Safari/537.36"
27.60.164.10 - - [23/Dec/2024:12:29:15 +0530] "GET /salwar-suits HTTP/1.1" 200 14313 "https://selectionsilks.com/" "Mozilla/5.0 (Linux; Android 10; K) AppleWebKit/537.36 (KHTML, like Gecko) Chrome/131.0.0.0 Mobile Safari/537.36"
27.60.164.10 - - [23/Dec/2024:12:29:11 +0530] "GET /uploads/images/202410/img_1920x_6719f50e865640-93100783-66898978.jpg HTTP/1.1" 200 75077 "https://selectionsilks.com/" "Mozilla/5.0 (Linux; Android 10; K) AppleWebKit/537.36 (KHTML, like Gecko) Chrome/131.0.0.0 Mobile Safari/537.36"
27.60.164.10 - - [23/Dec/2024:12:29:11 +0530] "GET /uploads/images/202410/img_1920x_6719f524615dd9-45269472-56710236.jpg HTTP/1.1" 200 76472 "https://selectionsilks.com/" "Mozilla/5.0 (Linux; Android 10; K) AppleWebKit/537.36 (KHTML, like Gecko) Chrome/131.0.0.0 Mobile Safari/537.36"
27.60.164.10 - - [23/Dec/2024:12:29:11 +0530] "GET /uploads/images/202410/img_1920x_6719f5ae1a6871-49565685-70376581.jpg HTTP/1.1" 200 77992 "https://selectionsilks.com/" "Mozilla/5.0 (Linux; Android 10; K) AppleWebKit/537.36 (KHTML, like Gecko) Chrome/131.0.0.0 Mobile Safari/537.36"
27.60.164.10 - - [23/Dec/2024:12:29:11 +0530] "GET /uploads/images/202410/img_1920x_6719fc1ac12e11-73512216-24905217.jpg HTTP/1.1" 206 99579 "https://selectionsilks.com/" "Mozilla/5.0 (Linux; Android 10; K) AppleWebKit/537.36 (KHTML, like Gecko) Chrome/131.0.0.0 Mobile Safari/537.36"
27.60.164.10 - - [23/Dec/2024:12:29:11 +0530] "GET /uploads/images/202410/img_1920x_6719fb6be09768-79053690-86467917.jpg HTTP/1.1" 206 105411 "https://selectionsilks.com/" "Mozilla/5.0 (Linux; Android 10; K) AppleWebKit/537.36 (KHTML, like Gecko) Chrome/131.0.0.0 Mobile Safari/537.36"
27.60.164.10 - - [23/Dec/2024:12:29:10 +0530] "GET /uploads/images/202410/img_1920x_6719fc154ad949-36456355-31605418.jpg HTTP/1.1" 200 149940 "https://selectionsilks.com/" "Mozilla/5.0 (Linux; Android 10; K) AppleWebKit/537.36 (KHTML, like Gecko) Chrome/131.0.0.0 Mobile Safari/537.36"
27.60.164.10 - - [23/Dec/2024:12:29:11 +0530] "GET /uploads/images/202410/img_1920x_6719fb65d1d018-14429226-55724912.jpg HTTP/1.1" 206 83666 "https://selectionsilks.com/" "Mozilla/5.0 (Linux; Android 10; K) AppleWebKit/537.36 (KHTML, like Gecko) Chrome/131.0.0.0 Mobile Safari/537.36"
27.60.164.10 - - [23/Dec/2024:12:29:11 +0530] "GET /uploads/images/202410/img_1920x_6719f5b77b4889-22824513-51267946.jpg HTTP/1.1" 200 102513 "https://selectionsilks.com/" "Mozilla/5.0 (Linux; Android 10; K) AppleWebKit/537.36 (KHTML, like Gecko) Chrome/131.0.0.0 Mobile Safari/537.36"
27.60.164.10 - - [23/Dec/2024:12:29:26 +0530] "GET / HTTP/1.1" 200 23160 "https://selectionsilks.com/" "Mozilla/5.0 (Linux; Android 10; K) AppleWebKit/537.36 (KHTML, like Gecko) Chrome/131.0.0.0 Mobile Safari/537.36"
27.60.164.10 - - [23/Dec/2024:12:29:16 +0530] "GET /uploads/images/202410/img_1920x_6717380e9d2a48-83759401-23148379.jpg HTTP/1.1" 200 229595 "https://selectionsilks.com/salwar-suits" "Mozilla/5.0 (Linux; Android 10; K) AppleWebKit/537.36 (KHTML, like Gecko) Chrome/131.0.0.0 Mobile Safari/537.36"
27.60.164.10 - - [23/Dec/2024:12:29:16 +0530] "GET /uploads/images/202410/img_1920x_6717381a3cefa5-48731935-82697392.jpg HTTP/1.1" 200 193422 "https://selectionsilks.com/salwar-suits" "Mozilla/5.0 (Linux; Android 10; K) AppleWebKit/537.36 (KHTML, like Gecko) Chrome/131.0.0.0 Mobile Safari/537.36"
27.60.164.10 - - [23/Dec/2024:12:29:16 +0530] "GET /uploads/images/202410/img_1920x_6717388c300114-49280588-47244777.jpg HTTP/1.1" 200 304656 "https://selectionsilks.com/salwar-suits" "Mozilla/5.0 (Linux; Android 10; K) AppleWebKit/537.36 (KHTML, like Gecko) Chrome/131.0.0.0 Mobile Safari/537.36"
27.60.164.10 - - [23/Dec/2024:12:29:16 +0530] "GET /uploads/images/202410/img_1920x_67169963d39b63-87527824-17854757.jpg HTTP/1.1" 200 230860 "https://selectionsilks.com/salwar-suits" "Mozilla/5.0 (Linux; Android 10; K) AppleWebKit/537.36 (KHTML, like Gecko) Chrome/131.0.0.0 Mobile Safari/537.36"
27.60.164.10 - - [23/Dec/2024:12:29:16 +0530] "GET /uploads/images/202410/img_1920x_671697eb8f5243-60639794-58826554.jpg HTTP/1.1" 200 196344 "https://selectionsilks.com/salwar-suits" "Mozilla/5.0 (Linux; Android 10; K) AppleWebKit/537.36 (KHTML, like Gecko) Chrome/131.0.0.0 Mobile Safari/537.36"
27.60.164.10 - - [23/Dec/2024:12:29:16 +0530] "GET /uploads/images/202410/img_1920x_67169950a0b787-93003736-41293242.jpg HTTP/1.1" 200 191973 "https://selectionsilks.com/salwar-suits" "Mozilla/5.0 (Linux; Android 10; K) AppleWebKit/537.36 (KHTML, like Gecko) Chrome/131.0.0.0 Mobile Safari/537.36"
27.60.164.10 - - [23/Dec/2024:12:29:16 +0530] "GET /uploads/images/202410/img_1920x_67169785916ae7-75924953-78787817.jpg HTTP/1.1" 200 235347 "https://selectionsilks.com/salwar-suits" "Mozilla/5.0 (Linux; Android 10; K) AppleWebKit/537.36 (KHTML, like Gecko) Chrome/131.0.0.0 Mobile Safari/537.36"
27.60.164.10 - - [23/Dec/2024:12:29:16 +0530] "GET /uploads/images/202410/img_1920x_67173891f269d1-02580067-85091350.jpg HTTP/1.1" 200 301733 "https://selectionsilks.com/salwar-suits" "Mozilla/5.0 (Linux; Android 10; K) AppleWebKit/537.36 (KHTML, like Gecko) Chrome/131.0.0.0 Mobile Safari/537.36"
27.60.164.10 - - [23/Dec/2024:12:29:27 +0530] "GET /uploads/images/202410/img_1920x_6719fc1ac12e11-73512216-24905217.jpg HTTP/1.1" 206 1 "https://selectionsilks.com/" "Mozilla/5.0 (Linux; Android 10; K) AppleWebKit/537.36 (KHTML, like Gecko) Chrome/131.0.0.0 Mobile Safari/537.36"
27.60.164.10 - - [23/Dec/2024:12:29:27 +0530] "GET /uploads/images/202410/img_1920x_6719fb65d1d018-14429226-55724912.jpg HTTP/1.1" 206 1 "https://selectionsilks.com/" "Mozilla/5.0 (Linux; Android 10; K) AppleWebKit/537.36 (KHTML, like Gecko) Chrome/131.0.0.0 Mobile Safari/537.36"
27.60.164.10 - - [23/Dec/2024:12:29:27 +0530] "GET /uploads/images/202410/img_1920x_6719fb6be09768-79053690-86467917.jpg HTTP/1.1" 206 1 "https://selectionsilks.com/" "Mozilla/5.0 (Linux; Android 10; K) AppleWebKit/537.36 (KHTML, like Gecko) Chrome/131.0.0.0 Mobile Safari/537.36"
27.60.164.10 - - [23/Dec/2024:12:29:27 +0530] "GET /uploads/images/202410/img_1920x_6719fc154ad949-36456355-31605418.jpg HTTP/1.1" 206 1 "https://selectionsilks.com/" "Mozilla/5.0 (Linux; Android 10; K) AppleWebKit/537.36 (KHTML, like Gecko) Chrome/131.0.0.0 Mobile Safari/537.36"
27.60.164.10 - - [23/Dec/2024:12:29:28 +0530] "GET /kurtis HTTP/1.1" 200 14572 "https://selectionsilks.com/" "Mozilla/5.0 (Linux; Android 10; K) AppleWebKit/537.36 (KHTML, like Gecko) Chrome/131.0.0.0 Mobile Safari/537.36"
27.60.164.10 - - [23/Dec/2024:12:29:28 +0530] "GET /uploads/images/202410/img_1920x_6719fc154ad949-36456355-31605418.jpg HTTP/1.1" 206 140049 "https://selectionsilks.com/" "Mozilla/5.0 (Linux; Android 10; K) AppleWebKit/537.36 (KHTML, like Gecko) Chrome/131.0.0.0 Mobile Safari/537.36"
27.60.164.10 - - [23/Dec/2024:12:29:28 +0530] "GET /uploads/images/202410/img_1920x_6719fb65d1d018-14429226-55724912.jpg HTTP/1.1" 206 48840 "https://selectionsilks.com/" "Mozilla/5.0 (Linux; Android 10; K) AppleWebKit/537.36 (KHTML, like Gecko) Chrome/131.0.0.0 Mobile Safari/537.36"
27.60.164.10 - - [23/Dec/2024:12:29:28 +0530] "GET /uploads/images/202410/img_1920x_6719fc1ac12e11-73512216-24905217.jpg HTTP/1.1" 206 60619 "https://selectionsilks.com/" "Mozilla/5.0 (Linux; Android 10; K) AppleWebKit/537.36 (KHTML, like Gecko) Chrome/131.0.0.0 Mobile Safari/537.36"
27.60.164.10 - - [23/Dec/2024:12:29:28 +0530] "GET /uploads/images/202410/img_1920x_6719fb6be09768-79053690-86467917.jpg HTTP/1.1" 206 47591 "https://selectionsilks.com/" "Mozilla/5.0 (Linux; Android 10; K) AppleWebKit/537.36 (KHTML, like Gecko) Chrome/131.0.0.0 Mobile Safari/537.36"
64.233.173.6 - - [23/Dec/2024:12:29:34 +0530] "GET /assets/css/plugins-2.1.css HTTP/1.1" 200 21328 "https://selectionsilks.com/kurtis" "Mozilla/5.0 (Linux; Android 7.0; SM-G930V Build/NRD90M) AppleWebKit/537.36 (KHTML, like Gecko) Chrome/59.0.3071.125 Mobile Safari/537.36 (compatible; Google-Read-Aloud; +https://support.google.com/webmasters/answer/1061943)"
64.233.173.6 - - [23/Dec/2024:12:29:35 +0530] "GET /assets/vendor/font-icons/font/mds-icons.woff2?79862638 HTTP/1.1" 200 15820 "https://selectionsilks.com/assets/vendor/font-icons/css/mds-icons.min.css" "Mozilla/5.0 (Linux; Android 7.0; SM-G930V Build/NRD90M) AppleWebKit/537.36 (KHTML, like Gecko) Chrome/59.0.3071.125 Mobile Safari/537.36 (compatible; Google-Read-Aloud; +https://support.google.com/webmasters/answer/1061943)"
27.60.164.10 - - [23/Dec/2024:12:29:58 +0530] "GET / HTTP/1.1" 200 23162 "https://selectionsilks.com/" "Mozilla/5.0 (Linux; Android 10; K) AppleWebKit/537.36 (KHTML, like Gecko) Chrome/131.0.0.0 Mobile Safari/537.36"
27.60.164.10 - - [23/Dec/2024:12:29:30 +0530] "GET /uploads/images/202410/img_1920x_67174382bb0132-46282003-95108348.jpg HTTP/1.1" 200 616402 "https://selectionsilks.com/kurtis" "Mozilla/5.0 (Linux; Android 10; K) AppleWebKit/537.36 (KHTML, like Gecko) Chrome/131.0.0.0 Mobile Safari/537.36"
27.60.164.10 - - [23/Dec/2024:12:29:30 +0530] "GET /uploads/images/202410/img_1920x_6717469359cec3-34624883-18158605.jpg HTTP/1.1" 200 623647 "https://selectionsilks.com/kurtis" "Mozilla/5.0 (Linux; Android 10; K) AppleWebKit/537.36 (KHTML, like Gecko) Chrome/131.0.0.0 Mobile Safari/537.36"
27.60.164.10 - - [23/Dec/2024:12:29:30 +0530] "GET /uploads/images/202410/img_1920x_671748957b99c0-03563162-88735968.jpg HTTP/1.1" 200 799927 "https://selectionsilks.com/kurtis" "Mozilla/5.0 (Linux; Android 10; K) AppleWebKit/537.36 (KHTML, like Gecko) Chrome/131.0.0.0 Mobile Safari/537.36"
27.60.164.10 - - [23/Dec/2024:12:29:30 +0530] "GET /uploads/images/202410/img_1920x_67174725790776-59642635-92696364.jpg HTTP/1.1" 200 664123 "https://selectionsilks.com/kurtis" "Mozilla/5.0 (Linux; Android 10; K) AppleWebKit/537.36 (KHTML, like Gecko) Chrome/131.0.0.0 Mobile Safari/537.36"
27.60.164.10 - - [23/Dec/2024:12:29:30 +0530] "GET /uploads/images/202410/img_1920x_671747717cd750-42313302-57308605.jpg HTTP/1.1" 200 779783 "https://selectionsilks.com/kurtis" "Mozilla/5.0 (Linux; Android 10; K) AppleWebKit/537.36 (KHTML, like Gecko) Chrome/131.0.0.0 Mobile Safari/537.36"
27.60.164.10 - - [23/Dec/2024:12:29:30 +0530] "GET /uploads/images/202410/img_1920x_6717469f8a0207-59380853-54154861.jpg HTTP/1.1" 200 643857 "https://selectionsilks.com/kurtis" "Mozilla/5.0 (Linux; Android 10; K) AppleWebKit/537.36 (KHTML, like Gecko) Chrome/131.0.0.0 Mobile Safari/537.36"
27.60.164.10 - - [23/Dec/2024:12:29:30 +0530] "GET /uploads/images/202410/img_1920x_67174373cdd4f4-00769166-31437212.jpg HTTP/1.1" 200 737734 "https://selectionsilks.com/kurtis" "Mozilla/5.0 (Linux; Android 10; K) AppleWebKit/537.36 (KHTML, like Gecko) Chrome/131.0.0.0 Mobile Safari/537.36"
27.60.164.10 - - [23/Dec/2024:12:29:50 +0530] "GET /uploads/images/202410/img_1920x_671742349b25a5-63980720-39199251.jpg HTTP/1.1" 200 184455 "https://selectionsilks.com/kurtis" "Mozilla/5.0 (Linux; Android 10; K) AppleWebKit/537.36 (KHTML, like Gecko) Chrome/131.0.0.0 Mobile Safari/537.36"
27.60.164.10 - - [23/Dec/2024:12:29:58 +0530] "GET /uploads/images/202410/img_1920x_6717422d854f11-60403331-74246930.jpg HTTP/1.1" 200 14436 "https://selectionsilks.com/kurtis" "Mozilla/5.0 (Linux; Android 10; K) AppleWebKit/537.36 (KHTML, like Gecko) Chrome/131.0.0.0 Mobile Safari/537.36"
27.60.164.10 - - [23/Dec/2024:12:29:59 +0530] "GET /uploads/images/202410/img_1920x_6719fc1ac12e11-73512216-24905217.jpg HTTP/1.1" 206 1 "https://selectionsilks.com/" "Mozilla/5.0 (Linux; Android 10; K) AppleWebKit/537.36 (KHTML, like Gecko) Chrome/131.0.0.0 Mobile Safari/537.36"
54.36.149.97 - - [23/Dec/2024:12:14:01 +0530] "GET /profile/admin HTTP/2" 200 13989 "-" "Mozilla/5.0 (compatible; AhrefsBot/7.0; +http://ahrefs.com/robot/)"
148.251.153.114 - - [23/Dec/2024:12:19:21 +0530] "HEAD / HTTP/2" 200 0 "-" "-"
148.251.153.114 - - [23/Dec/2024:12:19:30 +0530] "HEAD / HTTP/2" 200 0 "-" "-"
103.178.205.91 - - [23/Dec/2024:12:23:15 +0530] "GET /a/simple-lightbox.css?v2.14.0 HTTP/2" 200 1000 "https://www.a1tex.in/" "Mozilla/5.0 (Linux; Android 10; K) AppleWebKit/537.36 (KHTML, like Gecko) Chrome/131.0.0.0 Mobile Safari/537.36"
103.178.205.91 - - [23/Dec/2024:12:23:15 +0530] "GET /a/simple-lightbox.js?v2.14.0 HTTP/2" 200 13205 "https://www.a1tex.in/" "Mozilla/5.0 (Linux; Android 10; K) AppleWebKit/537.36 (KHTML, like Gecko) Chrome/131.0.0.0 Mobile Safari/537.36"
66.102.6.99 - - [23/Dec/2024:12:29:01 +0530] "GET /kurtis/combo-6 HTTP/1.1" 200 11984 "-" "Mozilla/5.0 (Linux; Android 7.0; SM-G930V Build/NRD90M) AppleWebKit/537.36 (KHTML, like Gecko) Chrome/59.0.3071.125 Mobile Safari/537.36 (compatible; Google-Read-Aloud; +https://support.google.com/webmasters/answer/1061943)"
66.102.6.97 - - [23/Dec/2024:12:29:02 +0530] "GET /assets/vendor/bootstrap/css/bootstrap.min.css HTTP/1.1" 200 21534 "https://selectionsilks.com/kurtis/combo-6" "Mozilla/5.0 (Linux; Android 7.0; SM-G930V Build/NRD90M) AppleWebKit/537.36 (KHTML, like Gecko) Chrome/59.0.3071.125 Mobile Safari/537.36 (compatible; Google-Read-Aloud; +https://support.google.com/webmasters/answer/1061943)"
66.102.6.98 - - [23/Dec/2024:12:29:21 +0530] "GET /salwar-suits HTTP/1.1" 200 14363 "-" "Mozilla/5.0 (Linux; Android 7.0; SM-G930V Build/NRD90M) AppleWebKit/537.36 (KHTML, like Gecko) Chrome/59.0.3071.125 Mobile Safari/537.36 (compatible; Google-Read-Aloud; +https://support.google.com/webmasters/answer/1061943)"
64.233.173.4 - - [23/Dec/2024:12:29:33 +0530] "GET /kurtis HTTP/1.1" 200 14625 "-" "Mozilla/5.0 (Linux; Android 7.0; SM-G930V Build/NRD90M) AppleWebKit/537.36 (KHTML, like Gecko) Chrome/59.0.3071.125 Mobile Safari/537.36 (compatible; Google-Read-Aloud; +https://support.google.com/webmasters/answer/1061943)"
64.233.173.4 - - [23/Dec/2024:12:29:34 +0530] "GET /assets/vendor/bootstrap/css/bootstrap.min.css HTTP/1.1" 200 21534 "https://selectionsilks.com/kurtis" "Mozilla/5.0 (Linux; Android 7.0; SM-G930V Build/NRD90M) AppleWebKit/537.36 (KHTML, like Gecko) Chrome/59.0.3071.125 Mobile Safari/537.36 (compatible; Google-Read-Aloud; +https://support.google.com/webmasters/answer/1061943)"
64.233.173.6 - - [23/Dec/2024:12:29:35 +0530] "GET /assets/vendor/font-icons/font/mds-icons.woff2?79862638 HTTP/1.1" 200 15820 "https://selectionsilks.com/assets/vendor/font-icons/css/mds-icons.min.css" "Mozilla/5.0 (Linux; Android 7.0; SM-G930V Build/NRD90M) AppleWebKit/537.36 (KHTML, like Gecko) Chrome/59.0.3071.125 Mobile Safari/537.36 (compatible; Google-Read-Aloud; +https://support.google.com/webmasters/answer/1061943)"
66.102.6.99 - - [23/Dec/2024:12:30:07 +0530] "GET /kurtis/combo-3 HTTP/1.1" 200 14223 "-" "Mozilla/5.0 (Linux; Android 7.0; SM-G930V Build/NRD90M) AppleWebKit/537.36 (KHTML, like Gecko) Chrome/59.0.3071.125 Mobile Safari/537.36 (compatible; Google-Read-Aloud; +https://support.google.com/webmasters/answer/1061943)"
66.102.6.98 - - [23/Dec/2024:12:30:09 +0530] "GET /assets/css/style-2.1.min.css HTTP/1.1" 200 25986 "https://selectionsilks.com/kurtis/combo-3" "Mozilla/5.0 (Linux; Android 7.0; SM-G930V Build/NRD90M) AppleWebKit/537.36 (KHTML, like Gecko) Chrome/59.0.3071.125 Mobile Safari/537.36 (compatible; Google-Read-Aloud; +https://support.google.com/webmasters/answer/1061943)"
66.102.6.98 - - [23/Dec/2024:12:30:10 +0530] "GET /assets/vendor/font-icons/font/mds-icons.woff2?79862638 HTTP/1.1" 200 15820 "https://selectionsilks.com/assets/vendor/font-icons/css/mds-icons.min.css" "Mozilla/5.0 (Linux; Android 7.0; SM-G930V Build/NRD90M) AppleWebKit/537.36 (KHTML, like Gecko) Chrome/59.0.3071.125 Mobile Safari/537.36 (compatible; Google-Read-Aloud; +https://support.google.com/webmasters/answer/1061943)"
27.60.164.10 - - [23/Dec/2024:12:29:59 +0530] "GET /uploads/images/202410/img_1920x_6719fc154ad949-36456355-31605418.jpg HTTP/1.1" 206 1 "https://selectionsilks.com/" "Mozilla/5.0 (Linux; Android 10; K) AppleWebKit/537.36 (KHTML, like Gecko) Chrome/131.0.0.0 Mobile Safari/537.36"
27.60.164.10 - - [23/Dec/2024:12:29:59 +0530] "GET /uploads/images/202410/img_1920x_6719fb65d1d018-14429226-55724912.jpg HTTP/1.1" 206 1 "https://selectionsilks.com/" "Mozilla/5.0 (Linux; Android 10; K) AppleWebKit/537.36 (KHTML, like Gecko) Chrome/131.0.0.0 Mobile Safari/537.36"
27.60.164.10 - - [23/Dec/2024:12:29:59 +0530] "GET /uploads/images/202410/img_1920x_6719fb6be09768-79053690-86467917.jpg HTTP/1.1" 206 1 "https://selectionsilks.com/" "Mozilla/5.0 (Linux; Android 10; K) AppleWebKit/537.36 (KHTML, like Gecko) Chrome/131.0.0.0 Mobile Safari/537.36"
27.60.164.10 - - [23/Dec/2024:12:30:00 +0530] "GET /kurtis/combo-3 HTTP/1.1" 200 14173 "https://selectionsilks.com/" "Mozilla/5.0 (Linux; Android 10; K) AppleWebKit/537.36 (KHTML, like Gecko) Chrome/131.0.0.0 Mobile Safari/537.36"
27.60.164.10 - - [23/Dec/2024:12:29:59 +0530] "GET /uploads/images/202410/img_1920x_6719fb65d1d018-14429226-55724912.jpg HTTP/1.1" 206 54818 "https://selectionsilks.com/" "Mozilla/5.0 (Linux; Android 10; K) AppleWebKit/537.36 (KHTML, like Gecko) Chrome/131.0.0.0 Mobile Safari/537.36"
27.60.164.10 - - [23/Dec/2024:12:29:59 +0530] "GET /uploads/images/202410/img_1920x_6719fc154ad949-36456355-31605418.jpg HTTP/1.1" 206 59144 "https://selectionsilks.com/" "Mozilla/5.0 (Linux; Android 10; K) AppleWebKit/537.36 (KHTML, like Gecko) Chrome/131.0.0.0 Mobile Safari/537.36"
27.60.164.10 - - [23/Dec/2024:12:29:59 +0530] "GET /uploads/images/202410/img_1920x_6719fc1ac12e11-73512216-24905217.jpg HTTP/1.1" 206 174984 "https://selectionsilks.com/" "Mozilla/5.0 (Linux; Android 10; K) AppleWebKit/537.36 (KHTML, like Gecko) Chrome/131.0.0.0 Mobile Safari/537.36"
27.60.164.10 - - [23/Dec/2024:12:29:59 +0530] "GET /uploads/images/202410/img_1920x_6719fb6be09768-79053690-86467917.jpg HTTP/1.1" 206 75054 "https://selectionsilks.com/" "Mozilla/5.0 (Linux; Android 10; K) AppleWebKit/537.36 (KHTML, like Gecko) Chrome/131.0.0.0 Mobile Safari/537.36"
66.102.6.97 - - [23/Dec/2024:12:30:09 +0530] "GET /assets/vendor/bootstrap/css/bootstrap.min.css HTTP/1.1" 200 21534 "https://selectionsilks.com/kurtis/combo-3" "Mozilla/5.0 (Linux; Android 7.0; SM-G930V Build/NRD90M) AppleWebKit/537.36 (KHTML, like Gecko) Chrome/59.0.3071.125 Mobile Safari/537.36 (compatible; Google-Read-Aloud; +https://support.google.com/webmasters/answer/1061943)"
27.60.164.10 - - [23/Dec/2024:12:30:11 +0530] "GET / HTTP/1.1" 200 23164 "https://selectionsilks.com/" "Mozilla/5.0 (Linux; Android 10; K) AppleWebKit/537.36 (KHTML, like Gecko) Chrome/131.0.0.0 Mobile Safari/537.36"
27.60.164.10 - - [23/Dec/2024:12:30:02 +0530] "GET /uploads/images/202410/img_1920x_6708d8f720b7f7-62744869-35370781.jpg HTTP/1.1" 200 147017 "https://selectionsilks.com/kurtis/combo-3" "Mozilla/5.0 (Linux; Android 10; K) AppleWebKit/537.36 (KHTML, like Gecko) Chrome/131.0.0.0 Mobile Safari/537.36"
27.60.164.10 - - [23/Dec/2024:12:30:02 +0530] "GET /uploads/images/202410/img_1920x_6708d983747e41-59609222-48841038.jpg HTTP/1.1" 200 128437 "https://selectionsilks.com/kurtis/combo-3" "Mozilla/5.0 (Linux; Android 10; K) AppleWebKit/537.36 (KHTML, like Gecko) Chrome/131.0.0.0 Mobile Safari/537.36"
27.60.164.10 - - [23/Dec/2024:12:30:02 +0530] "GET /uploads/images/202410/img_1920x_6708d9c28a5988-75741690-45915690.jpg HTTP/1.1" 200 149899 "https://selectionsilks.com/kurtis/combo-3" "Mozilla/5.0 (Linux; Android 10; K) AppleWebKit/537.36 (KHTML, like Gecko) Chrome/131.0.0.0 Mobile Safari/537.36"
27.60.164.10 - - [23/Dec/2024:12:30:02 +0530] "GET /uploads/images/202410/img_1920x_6708d867627879-61117377-20773777.jpg HTTP/1.1" 200 145578 "https://selectionsilks.com/kurtis/combo-3" "Mozilla/5.0 (Linux; Android 10; K) AppleWebKit/537.36 (KHTML, like Gecko) Chrome/131.0.0.0 Mobile Safari/537.36"
64.233.173.4 - - [23/Dec/2024:12:30:10 +0530] "GET /assets/vendor/bootstrap/js/bootstrap.bundle.min.js HTTP/1.1" 200 20914 "https://selectionsilks.com/kurtis/combo-3" "Mozilla/5.0 (Linux; Android 7.0; SM-G930V Build/NRD90M) AppleWebKit/537.36 (KHTML, like Gecko) Chrome/59.0.3071.125 Mobile Safari/537.36 (compatible; Google-Read-Aloud; +https://support.google.com/webmasters/answer/1061943)"
66.102.6.97 - - [23/Dec/2024:12:29:02 +0530] "GET /assets/css/style-2.1.min.css HTTP/1.1" 200 25986 "https://selectionsilks.com/kurtis/combo-6" "Mozilla/5.0 (Linux; Android 7.0; SM-G930V Build/NRD90M) AppleWebKit/537.36 (KHTML, like Gecko) Chrome/59.0.3071.125 Mobile Safari/537.36 (compatible; Google-Read-Aloud; +https://support.google.com/webmasters/answer/1061943)"
66.102.6.97 - - [23/Dec/2024:12:29:02 +0530] "GET /assets/css/plugins-2.1.css HTTP/1.1" 200 21328 "https://selectionsilks.com/kurtis/combo-6" "Mozilla/5.0 (Linux; Android 7.0; SM-G930V Build/NRD90M) AppleWebKit/537.36 (KHTML, like Gecko) Chrome/59.0.3071.125 Mobile Safari/537.36 (compatible; Google-Read-Aloud; +https://support.google.com/webmasters/answer/1061943)"
66.102.6.98 - - [23/Dec/2024:12:29:02 +0530] "GET /assets/vendor/bootstrap/css/bootstrap.min.css HTTP/1.1" 200 21534 "https://selectionsilks.com/kurtis/combo-6" "Mozilla/5.0 (Linux; Android 7.0; SM-G930V Build/NRD90M) AppleWebKit/537.36 (KHTML, like Gecko) Chrome/59.0.3071.125 Mobile Safari/537.36 (compatible; Google-Read-Aloud; +https://support.google.com/webmasters/answer/1061943)"
66.102.6.98 - - [23/Dec/2024:12:29:02 +0530] "GET /assets/vendor/font-icons/font/mds-icons.woff2?79862638 HTTP/1.1" 200 15820 "https://selectionsilks.com/assets/vendor/font-icons/css/mds-icons.min.css" "Mozilla/5.0 (Linux; Android 7.0; SM-G930V Build/NRD90M) AppleWebKit/537.36 (KHTML, like Gecko) Chrome/59.0.3071.125 Mobile Safari/537.36 (compatible; Google-Read-Aloud; +https://support.google.com/webmasters/answer/1061943)"
64.233.173.5 - - [23/Dec/2024:12:29:33 +0530] "GET /kurtis HTTP/1.1" 200 14621 "-" "Mozilla/5.0 (Linux; Android 7.0; SM-G930V Build/NRD90M) AppleWebKit/537.36 (KHTML, like Gecko) Chrome/59.0.3071.125 Mobile Safari/537.36 (compatible; Google-Read-Aloud; +https://support.google.com/webmasters/answer/1061943)"
64.233.173.5 - - [23/Dec/2024:12:29:34 +0530] "GET /assets/vendor/font-icons/css/mds-icons.min.css HTTP/1.1" 200 909 "https://selectionsilks.com/kurtis" "Mozilla/5.0 (Linux; Android 7.0; SM-G930V Build/NRD90M) AppleWebKit/537.36 (KHTML, like Gecko) Chrome/59.0.3071.125 Mobile Safari/537.36 (compatible; Google-Read-Aloud; +https://support.google.com/webmasters/answer/1061943)"
64.233.173.4 - - [23/Dec/2024:12:29:34 +0530] "GET /assets/css/style-2.1.min.css HTTP/1.1" 200 25986 "https://selectionsilks.com/kurtis" "Mozilla/5.0 (Linux; Android 7.0; SM-G930V Build/NRD90M) AppleWebKit/537.36 (KHTML, like Gecko) Chrome/59.0.3071.125 Mobile Safari/537.36 (compatible; Google-Read-Aloud; +https://support.google.com/webmasters/answer/1061943)"
64.233.173.4 - - [23/Dec/2024:12:30:07 +0530] "GET /kurtis/combo-3 HTTP/1.1" 200 14223 "-" "Mozilla/5.0 (Linux; Android 7.0; SM-G930V Build/NRD90M) AppleWebKit/537.36 (KHTML, like Gecko) Chrome/59.0.3071.125 Mobile Safari/537.36 (compatible; Google-Read-Aloud; +https://support.google.com/webmasters/answer/1061943)"
66.102.6.97 - - [23/Dec/2024:12:30:09 +0530] "GET /assets/css/plugins-2.1.css HTTP/1.1" 200 21328 "https://selectionsilks.com/kurtis/combo-3" "Mozilla/5.0 (Linux; Android 7.0; SM-G930V Build/NRD90M) AppleWebKit/537.36 (KHTML, like Gecko) Chrome/59.0.3071.125 Mobile Safari/537.36 (compatible; Google-Read-Aloud; +https://support.google.com/webmasters/answer/1061943)"
64.233.173.4 - - [23/Dec/2024:12:30:10 +0530] "GET /assets/js/jquery-3.5.1.min.js HTTP/1.1" 200 30280 "https://selectionsilks.com/kurtis/combo-3" "Mozilla/5.0 (Linux; Android 7.0; SM-G930V Build/NRD90M) AppleWebKit/537.36 (KHTML, like Gecko) Chrome/59.0.3071.125 Mobile Safari/537.36 (compatible; Google-Read-Aloud; +https://support.google.com/webmasters/answer/1061943)"
64.233.173.6 - - [23/Dec/2024:12:30:10 +0530] "GET /assets/js/plugins-2.1.js HTTP/1.1" 200 80986 "https://selectionsilks.com/kurtis/combo-3" "Mozilla/5.0 (Linux; Android 7.0; SM-G930V Build/NRD90M) AppleWebKit/537.36 (KHTML, like Gecko) Chrome/59.0.3071.125 Mobile Safari/537.36 (compatible; Google-Read-Aloud; +https://support.google.com/webmasters/answer/1061943)"
27.60.164.10 - - [23/Dec/2024:12:30:02 +0530] "GET /uploads/images/202410/img_1920x_6708d9d1bc1983-89189672-48660728.jpg HTTP/1.1" 200 221283 "https://selectionsilks.com/kurtis/combo-3" "Mozilla/5.0 (Linux; Android 10; K) AppleWebKit/537.36 (KHTML, like Gecko) Chrome/131.0.0.0 Mobile Safari/537.36"
27.60.164.10 - - [23/Dec/2024:12:30:02 +0530] "GET /uploads/images/202410/img_1920x_6708d92b1b3f11-71845452-24054306.jpg HTTP/1.1" 200 174484 "https://selectionsilks.com/kurtis/combo-3" "Mozilla/5.0 (Linux; Android 10; K) AppleWebKit/537.36 (KHTML, like Gecko) Chrome/131.0.0.0 Mobile Safari/537.36"
27.60.164.10 - - [23/Dec/2024:12:30:02 +0530] "GET /uploads/images/202410/img_1920x_6708d86d4b7031-70266252-47292109.jpg HTTP/1.1" 200 128009 "https://selectionsilks.com/kurtis/combo-3" "Mozilla/5.0 (Linux; Android 10; K) AppleWebKit/537.36 (KHTML, like Gecko) Chrome/131.0.0.0 Mobile Safari/537.36"
27.60.164.10 - - [23/Dec/2024:12:30:02 +0530] "GET /uploads/images/202410/img_1920x_6708d970d7ae67-56547439-59953052.jpg HTTP/1.1" 200 165604 "https://selectionsilks.com/kurtis/combo-3" "Mozilla/5.0 (Linux; Android 10; K) AppleWebKit/537.36 (KHTML, like Gecko) Chrome/131.0.0.0 Mobile Safari/537.36"
49.51.38.193 - - [23/Dec/2024:12:30:53 +0530] "GET /help-center HTTP/1.1" 200 9158 "-" "Mozilla/5.0 (iPhone; CPU iPhone OS 13_2_3 like Mac OS X) AppleWebKit/605.1.15 (KHTML, like Gecko) Version/13.0.3 Mobile/15E148 Safari/604.1"
185.191.171.3 - - [23/Dec/2024:12:31:34 +0530] "GET /profile/admin?p_cat=62 HTTP/1.1" 200 13703 "-" "Mozilla/5.0 (compatible; SemrushBot/7~bl; +http://www.semrush.com/bot.html)"
216.244.66.236 - - [23/Dec/2024:12:32:04 +0530] "GET /kids/party-wear?p_max=199 HTTP/1.1" 200 112282 "-" "Mozilla/5.0 (compatible; DotBot/1.2; +https://opensiteexplorer.org/dotbot; help@moz.com)"
216.244.66.236 - - [23/Dec/2024:12:32:14 +0530] "GET /pants/patiala-pants?p_max=499 HTTP/1.1" 404 59105 "-" "Mozilla/5.0 (compatible; DotBot/1.2; +https://opensiteexplorer.org/dotbot; help@moz.com)"
223.185.22.184 - - [23/Dec/2024:12:32:38 +0530] "GET /a/simple-lightbox.css?v2.14.0 HTTP/2" 200 1000 "https://www.a1tex.in/" "Mozilla/5.0 (Windows NT 10.0; Win64; x64) AppleWebKit/537.36 (KHTML, like Gecko) Chrome/131.0.0.0 Safari/537.36"
223.185.22.184 - - [23/Dec/2024:12:32:38 +0530] "GET /a/simple-lightbox.js?v2.14.0 HTTP/2" 200 13205 "https://www.a1tex.in/" "Mozilla/5.0 (Windows NT 10.0; Win64; x64) AppleWebKit/537.36 (KHTML, like Gecko) Chrome/131.0.0.0 Safari/537.36"
38.137.51.30 - - [23/Dec/2024:12:34:20 +0530] "GET /a/simple-lightbox.css?v2.14.0 HTTP/2" 200 1000 "https://www.a1tex.in/" "Mozilla/5.0 (Linux; Android 10; K) AppleWebKit/537.36 (KHTML, like Gecko) Chrome/131.0.0.0 Mobile Safari/537.36"
38.137.51.30 - - [23/Dec/2024:12:34:20 +0530] "GET /a/simple-lightbox.js?v2.14.0 HTTP/2" 200 13205 "https://www.a1tex.in/" "Mozilla/5.0 (Linux; Android 10; K) AppleWebKit/537.36 (KHTML, like Gecko) Chrome/131.0.0.0 Mobile Safari/537.36"
87.250.224.34 - - [23/Dec/2024:12:34:51 +0530] "GET /robots.txt HTTP/1.1" 200 25 "-" "Mozilla/5.0 (compatible; YandexBot/3.0; +http://yandex.com/bots)"
95.108.213.169 - - [23/Dec/2024:12:34:52 +0530] "GET /grand-salwar-gowns-631 HTTP/1.1" 200 18542 "-" "Mozilla/5.0 (compatible; YandexBot/3.0; +http://yandex.com/bots)"
103.207.3.89 - - [23/Dec/2024:12:37:14 +0530] "GET /a/simple-lightbox.css?v2.14.0 HTTP/1.1" 200 1000 "https://a1tex.in/" "Mozilla/5.0 (Linux; Android 14; V2246 Build/UP1A.231005.007_INMOD1; wv) AppleWebKit/537.36 (KHTML, like Gecko) Version/4.0 Chrome/131.0.6778.200 Mobile Safari/537.36 Instagram 361.0.0.46.88 Android (34/14; 440dpi; 1080x2197; vivo; V2246; V2231; mt6886; en_US; 674675147)"
103.207.3.89 - - [23/Dec/2024:12:37:14 +0530] "GET /a/simple-lightbox.js?v2.14.0 HTTP/1.1" 200 13205 "https://a1tex.in/" "Mozilla/5.0 (Linux; Android 14; V2246 Build/UP1A.231005.007_INMOD1; wv) AppleWebKit/537.36 (KHTML, like Gecko) Version/4.0 Chrome/131.0.6778.200 Mobile Safari/537.36 Instagram 361.0.0.46.88 Android (34/14; 440dpi; 1080x2197; vivo; V2246; V2231; mt6886; en_US; 674675147)"
54.36.148.250 - - [23/Dec/2024:12:31:24 +0530] "GET /contact HTTP/2" 200 9261 "-" "Mozilla/5.0 (compatible; AhrefsBot/7.0; +http://ahrefs.com/robot/)"
103.207.3.89 - - [23/Dec/2024:12:36:04 +0530] "GET /a/simple-lightbox.css?v2.14.0 HTTP/2" 200 1000 "https://a1tex.in/" "Mozilla/5.0 (Linux; Android 14; V2246 Build/UP1A.231005.007_INMOD1; wv) AppleWebKit/537.36 (KHTML, like Gecko) Version/4.0 Chrome/131.0.6778.200 Mobile Safari/537.36 Instagram 361.0.0.46.88 Android (34/14; 440dpi; 1080x2197; vivo; V2246; V2231; mt6886; en_US; 674675147)"
103.207.3.89 - - [23/Dec/2024:12:36:04 +0530] "GET /a/simple-lightbox.js?v2.14.0 HTTP/2" 200 13205 "https://a1tex.in/" "Mozilla/5.0 (Linux; Android 14; V2246 Build/UP1A.231005.007_INMOD1; wv) AppleWebKit/537.36 (KHTML, like Gecko) Version/4.0 Chrome/131.0.6778.200 Mobile Safari/537.36 Instagram 361.0.0.46.88 Android (34/14; 440dpi; 1080x2197; vivo; V2246; V2231; mt6886; en_US; 674675147)"
216.244.66.236 - - [23/Dec/2024:12:25:48 +0530] "GET /robots.txt HTTP/1.1" 200 25 "-" "Mozilla/5.0 (compatible; DotBot/1.2; +https://opensiteexplorer.org/dotbot; help@moz.com)"
66.102.6.98 - - [23/Dec/2024:12:29:02 +0530] "GET /assets/js/jquery-3.5.1.min.js HTTP/1.1" 200 30280 "https://selectionsilks.com/kurtis/combo-6" "Mozilla/5.0 (Linux; Android 7.0; SM-G930V Build/NRD90M) AppleWebKit/537.36 (KHTML, like Gecko) Chrome/59.0.3071.125 Mobile Safari/537.36 (compatible; Google-Read-Aloud; +https://support.google.com/webmasters/answer/1061943)"
66.102.6.97 - - [23/Dec/2024:12:29:02 +0530] "GET /assets/vendor/font-icons/css/mds-icons.min.css HTTP/1.1" 200 909 "https://selectionsilks.com/kurtis/combo-6" "Mozilla/5.0 (Linux; Android 7.0; SM-G930V Build/NRD90M) AppleWebKit/537.36 (KHTML, like Gecko) Chrome/59.0.3071.125 Mobile Safari/537.36 (compatible; Google-Read-Aloud; +https://support.google.com/webmasters/answer/1061943)"
66.102.6.98 - - [23/Dec/2024:12:29:02 +0530] "GET /assets/js/plugins-2.1.js HTTP/1.1" 200 80986 "https://selectionsilks.com/kurtis/combo-6" "Mozilla/5.0 (Linux; Android 7.0; SM-G930V Build/NRD90M) AppleWebKit/537.36 (KHTML, like Gecko) Chrome/59.0.3071.125 Mobile Safari/537.36 (compatible; Google-Read-Aloud; +https://support.google.com/webmasters/answer/1061943)"
66.102.6.98 - - [23/Dec/2024:12:29:21 +0530] "GET /salwar-suits HTTP/1.1" 200 14367 "-" "Mozilla/5.0 (Linux; Android 7.0; SM-G930V Build/NRD90M) AppleWebKit/537.36 (KHTML, like Gecko) Chrome/59.0.3071.125 Mobile Safari/537.36 (compatible; Google-Read-Aloud; +https://support.google.com/webmasters/answer/1061943)"
66.102.6.97 - - [23/Dec/2024:12:30:09 +0530] "GET /assets/vendor/font-icons/css/mds-icons.min.css HTTP/1.1" 200 909 "https://selectionsilks.com/kurtis/combo-3" "Mozilla/5.0 (Linux; Android 7.0; SM-G930V Build/NRD90M) AppleWebKit/537.36 (KHTML, like Gecko) Chrome/59.0.3071.125 Mobile Safari/537.36 (compatible; Google-Read-Aloud; +https://support.google.com/webmasters/answer/1061943)"
64.233.173.4 - - [23/Dec/2024:12:30:10 +0530] "GET /assets/js/script-2.1.min.js HTTP/1.1" 200 8507 "https://selectionsilks.com/kurtis/combo-3" "Mozilla/5.0 (Linux; Android 7.0; SM-G930V Build/NRD90M) AppleWebKit/537.36 (KHTML, like Gecko) Chrome/59.0.3071.125 Mobile Safari/537.36 (compatible; Google-Read-Aloud; +https://support.google.com/webmasters/answer/1061943)"
216.244.66.236 - - [23/Dec/2024:12:31:28 +0530] "GET /kids?search=&p_max=999 HTTP/1.1" 200 175944 "-" "Mozilla/5.0 (compatible; DotBot/1.2; +https://opensiteexplorer.org/dotbot; help@moz.com)"
85.208.96.203 - - [23/Dec/2024:12:31:34 +0530] "GET /robots.txt HTTP/1.1" 200 25 "-" "Mozilla/5.0 (compatible; SemrushBot/7~bl; +http://www.semrush.com/bot.html)"
136.232.215.70 - - [23/Dec/2024:12:36:35 +0530] "GET /a/simple-lightbox.css?v2.14.0 HTTP/2" 200 1000 "https://a1tex.in/" "Mozilla/5.0 (Linux; Android 10; K) AppleWebKit/537.36 (KHTML, like Gecko) Chrome/131.0.0.0 Mobile Safari/537.36"
136.232.215.70 - - [23/Dec/2024:12:36:35 +0530] "GET /a/simple-lightbox.js?v2.14.0 HTTP/2" 200 13205 "https://a1tex.in/" "Mozilla/5.0 (Linux; Android 10; K) AppleWebKit/537.36 (KHTML, like Gecko) Chrome/131.0.0.0 Mobile Safari/537.36"
116.68.96.63 - - [23/Dec/2024:12:37:10 +0530] "GET /a/simple-lightbox.css?v2.14.0 HTTP/2" 200 1000 "https://www.a1tex.in/" "Mozilla/5.0 (Windows NT 10.0; Win64; x64) AppleWebKit/537.36 (KHTML, like Gecko) Chrome/131.0.0.0 Safari/537.36"
116.68.96.63 - - [23/Dec/2024:12:37:10 +0530] "GET /a/simple-lightbox.js?v2.14.0 HTTP/2" 200 13205 "https://www.a1tex.in/" "Mozilla/5.0 (Windows NT 10.0; Win64; x64) AppleWebKit/537.36 (KHTML, like Gecko) Chrome/131.0.0.0 Safari/537.36"
154.28.229.48 - - [23/Dec/2024:12:59:52 +0530] "GET / HTTP/1.1" 200 23219 "-" "Mozilla/5.0 (X11; Linux x86_64) AppleWebKit/537.36 (KHTML, like Gecko) Chrome/117.0.0.0 Safari/537.36"
104.164.173.62 - - [23/Dec/2024:13:00:00 +0530] "GET / HTTP/1.1" 200 23220 "-" "Mozilla/5.0 (Macintosh; Intel Mac OS X 10_15_7) AppleWebKit/537.36 (KHTML, like Gecko) Chrome/117.0.0.0 Safari/537.36"
104.164.173.62 - - [23/Dec/2024:13:00:08 +0530] "GET / HTTP/1.1" 200 23220 "-" "Mozilla/5.0 (Windows NT 10.0; Win64; x64) AppleWebKit/537.36 (KHTML, like Gecko) Chrome/117.0.0.0 Safari/537.36"
104.164.173.62 - - [23/Dec/2024:13:00:09 +0530] "GET /assets/js/jquery-3.5.1.min.js HTTP/1.1" 200 30280 "-" "Mozilla/5.0 (Windows NT 10.0; Win64; x64) AppleWebKit/537.36 (KHTML, like Gecko) Chrome/117.0.0.0 Safari/537.36"
106.219.181.135 - - [23/Dec/2024:13:01:45 +0530] "GET /a/simple-lightbox.css?v2.14.0 HTTP/2" 200 1000 "https://a1tex.in/" "Mozilla/5.0 (Linux; Android 14; 23124RN87I Build/UP1A.231005.007; wv) AppleWebKit/537.36 (KHTML, like Gecko) Version/4.0 Chrome/131.0.6778.135 Mobile Safari/537.36 Instagram 361.0.0.46.88 Android (34/14; 320dpi; 720x1454; Xiaomi/Redmi; 23124RN87I; air; mt6835; en_IN; 674675144)"
106.219.181.135 - - [23/Dec/2024:13:01:45 +0530] "GET /a/simple-lightbox.js?v2.14.0 HTTP/2" 200 13205 "https://a1tex.in/" "Mozilla/5.0 (Linux; Android 14; 23124RN87I Build/UP1A.231005.007; wv) AppleWebKit/537.36 (KHTML, like Gecko) Version/4.0 Chrome/131.0.6778.135 Mobile Safari/537.36 Instagram 361.0.0.46.88 Android (34/14; 320dpi; 720x1454; Xiaomi/Redmi; 23124RN87I; air; mt6835; en_IN; 674675144)"
42.106.176.21 - - [23/Dec/2024:12:51:24 +0530] "GET /a/simple-lightbox.css?v2.14.0 HTTP/2" 200 1000 "https://www.a1tex.in/" "Mozilla/5.0 (Linux; Android 10; K) AppleWebKit/537.36 (KHTML, like Gecko) Chrome/131.0.0.0 Mobile Safari/537.36"
42.106.176.21 - - [23/Dec/2024:12:51:24 +0530] "GET /a/simple-lightbox.js?v2.14.0 HTTP/2" 200 13205 "https://www.a1tex.in/" "Mozilla/5.0 (Linux; Android 10; K) AppleWebKit/537.36 (KHTML, like Gecko) Chrome/131.0.0.0 Mobile Safari/537.36"
152.58.199.114 - - [23/Dec/2024:12:55:15 +0530] "GET /a/simple-lightbox.css?v2.14.0 HTTP/2" 200 1000 "https://www.a1tex.in/" "Mozilla/5.0 (Linux; Android 10; K) AppleWebKit/537.36 (KHTML, like Gecko) Chrome/131.0.0.0 Mobile Safari/537.36"
152.58.199.114 - - [23/Dec/2024:12:55:15 +0530] "GET /a/simple-lightbox.js?v2.14.0 HTTP/2" 200 13205 "https://www.a1tex.in/" "Mozilla/5.0 (Linux; Android 10; K) AppleWebKit/537.36 (KHTML, like Gecko) Chrome/131.0.0.0 Mobile Safari/537.36"
66.249.66.166 - - [23/Dec/2024:12:44:37 +0530] "GET /uploads/images/202410/img_1920x_670fd0db727053-54938822-93010306.jpg HTTP/1.1" 200 936620 "-" "Googlebot-Image/1.0"
152.58.226.136 - - [23/Dec/2024:12:40:04 +0530] "GET /a/simple-lightbox.css?v2.14.0 HTTP/2" 200 1000 "https://www.a1tex.in/" "Mozilla/5.0 (Linux; Android 10; K) AppleWebKit/537.36 (KHTML, like Gecko) Chrome/131.0.0.0 Mobile Safari/537.36"
