ok

Mini Shell

Direktori : /proc/thread-self/root/home2/selectio/logs/
Upload File :
Current File : //proc/thread-self/root/home2/selectio/logs/limpiar.in.selectionsilks.com.bkup

136.243.92.92 - - [19/Dec/2024:21:54:29 +0530] "GET /.well-known/acme-challenge/MH3B-MJCD6LEJ4QHS74IMFI1MX-XOO9X HTTP/1.1" 200 64 "-" "Cpanel-HTTP-Client/1.0"
45.137.10.28 - - [19/Dec/2024:21:58:51 +0530] "POST /resources/views/pos/pos.blades.php HTTP/1.1" 200 126 "-" "Mozilla/5.0 (Windows NT 10.0; Win64; x64; rv:123.0) Gecko/20100101 Firefox/123.0"
136.243.92.92 - - [19/Dec/2024:21:54:29 +0530] "GET /.well-known/acme-challenge/ABUVHRHT311XITLQN6GU_P0FO060I4J6 HTTP/1.1" 200 64 "-" "Cpanel-HTTP-Client/1.0"
45.137.10.28 - - [19/Dec/2024:21:58:53 +0530] "POST /resources/views/pos/pos.blades.php HTTP/1.1" 200 126 "-" "Mozilla/5.0 (Linux; Android 10; K) AppleWebKit/537.36 (KHTML, like Gecko) Chrome/122.0.0.0 Mobile Safari/537.36"
45.137.10.28 - - [19/Dec/2024:22:00:03 +0530] "POST /resources/views/pos/pos.blades.php HTTP/1.1" 200 128 "-" "Mozilla/5.0 (Windows NT 10.0; Win64; x64) AppleWebKit/537.36 (KHTML, like Gecko) Chrome/121.0.0.0 Safari/537.36 Edg/121.0.0.0"
45.137.10.28 - - [19/Dec/2024:22:00:06 +0530] "POST /resources/views/pos/pos.blades.php HTTP/1.1" 200 128 "-" "Mozilla/5.0 (iPhone; CPU iPhone OS 17_1 like Mac OS X) AppleWebKit/605.1.15 (KHTML, like Gecko) EdgiOS/120.0.2210.86 Version/17.0 Mobile/15E148 Safari/604.1"
45.137.10.28 - - [20/Dec/2024:00:03:27 +0530] "POST /resources/views/pos/pos.blades.php HTTP/1.1" 200 126 "-" "Mozilla/5.0 (Windows NT 10.0; Win64; x64) AppleWebKit/537.36 (KHTML, like Gecko) Chrome/121.0.0.0 Safari/537.36 Edg/121.0.0.0"
45.137.10.28 - - [20/Dec/2024:00:03:31 +0530] "POST /resources/views/pos/pos.blades.php HTTP/1.1" 200 126 "-" "Mozilla/5.0 (Windows NT 10.0; Win64; x64) AppleWebKit/537.36 (KHTML, like Gecko) Chrome/121.0.0.0 Safari/537.36 Edg/121.0.0.0"
45.137.10.28 - - [20/Dec/2024:00:05:05 +0530] "POST /resources/views/pos/pos.blades.php HTTP/1.1" 200 128 "-" "Mozilla/5.0 (iPad; CPU OS 17_0 like Mac OS X) AppleWebKit/605.1.15 (KHTML, like Gecko) Version/17.0 Mobile/15E148 Safari/604.1"
45.137.10.28 - - [20/Dec/2024:00:05:08 +0530] "POST /resources/views/pos/pos.blades.php HTTP/1.1" 200 128 "-" "Mozilla/5.0 (Windows NT 10.0; Win64; x64) AppleWebKit/537.36 (KHTML, like Gecko) Chrome/121.0.0.0 Safari/537.36 Edg/121.0.0.0"
136.243.92.92 - - [20/Dec/2024:00:54:00 +0530] "GET /.well-known/acme-challenge/G702F6_VKRUBOE4B5Y1DAF7B-NSIF-L- HTTP/1.1" 200 64 "-" "Cpanel-HTTP-Client/1.0"
136.243.92.92 - - [20/Dec/2024:00:54:00 +0530] "GET /.well-known/acme-challenge/2Y_UM0NO9IO_LJU6ULWADXLMGNIIG_5K HTTP/1.1" 200 64 "-" "Cpanel-HTTP-Client/1.0"
45.137.10.28 - - [20/Dec/2024:02:05:40 +0530] "POST /resources/views/pos/pos.blades.php HTTP/1.1" 200 126 "-" "Mozilla/5.0 (Windows NT 10.0; Win64; x64) AppleWebKit/537.36 (KHTML, like Gecko) Chrome/122.0.0.0 Safari/537.36 Trailer/93.3.3516.28"
45.137.10.28 - - [20/Dec/2024:02:05:37 +0530] "POST /resources/views/pos/pos.blades.php HTTP/1.1" 200 126 "-" "Mozilla/5.0 (iPhone; CPU iPhone OS 17_3 like Mac OS X) AppleWebKit/605.1.15 (KHTML, like Gecko) EdgiOS/121.0.2277.107 Version/17.0 Mobile/15E148 Safari/604.1"
45.137.10.28 - - [20/Dec/2024:02:06:55 +0530] "POST /resources/views/pos/pos.blades.php HTTP/1.1" 200 128 "-" "Mozilla/5.0 (Windows NT 10.0; Win64; x64) AppleWebKit/537.36 (KHTML, like Gecko) Chrome/122.0.0.0 Safari/537.36"
45.137.10.28 - - [20/Dec/2024:02:07:02 +0530] "POST /resources/views/pos/pos.blades.php HTTP/1.1" 200 128 "-" "Mozilla/5.0 (Linux; Android 10; K) AppleWebKit/537.36 (KHTML, like Gecko) Chrome/122.0.0.0 Mobile Safari/537.36"
185.247.137.104 - - [20/Dec/2024:03:36:38 +0530] "GET / HTTP/1.1" 200 28309 "-" "Mozilla/5.0 (compatible; InternetMeasurement/1.0; +https://internet-measurement.com/)"
136.243.92.92 - - [20/Dec/2024:03:53:46 +0530] "GET /.well-known/acme-challenge/LVHEOE29HQ0KVEYKM2GXIG68W9BK4FS7 HTTP/1.1" 200 64 "-" "Cpanel-HTTP-Client/1.0"
136.243.92.92 - - [20/Dec/2024:03:53:46 +0530] "GET /.well-known/acme-challenge/D0V1SX9K6-OLL2F1YWZBT9K_NWP5K11J HTTP/1.1" 200 64 "-" "Cpanel-HTTP-Client/1.0"
87.236.176.99 - - [20/Dec/2024:03:36:43 +0530] "GET /public/uploads/all/NesiJNF0t9Ddd3Hsr6Wv9ovZHRbApKcz3golIwR2.png HTTP/1.1" 200 76393 "-" "Mozilla/5.0 (compatible; InternetMeasurement/1.0; +https://internet-measurement.com/)"
45.137.10.28 - - [20/Dec/2024:04:11:04 +0530] "POST /resources/views/pos/pos.blades.php HTTP/1.1" 200 126 "-" "Mozilla/5.0 (iPhone; CPU iPhone OS 17_2 like Mac OS X) AppleWebKit/605.1.15 (KHTML, like Gecko) EdgiOS/120.0.2210.141 Version/17.0 Mobile/15E148 Safari/604.1"
45.137.10.28 - - [20/Dec/2024:04:11:03 +0530] "POST /resources/views/pos/pos.blades.php HTTP/1.1" 200 126 "-" "Mozilla/5.0 (iPad; CPU OS 17_0 like Mac OS X) AppleWebKit/605.1.15 (KHTML, like Gecko) Version/17.0 Mobile/15E148 Safari/604.1"
45.137.10.28 - - [20/Dec/2024:04:12:38 +0530] "POST /resources/views/pos/pos.blades.php HTTP/1.1" 200 128 "-" "Mozilla/5.0 (Windows NT 10.0; Win64; x64) AppleWebKit/537.36 (KHTML, like Gecko) Chrome/122.0.0.0 Safari/537.36"
45.137.10.28 - - [20/Dec/2024:04:12:39 +0530] "POST /resources/views/pos/pos.blades.php HTTP/1.1" 200 128 "-" "Mozilla/5.0 (iPhone; CPU iPhone OS 17_0 like Mac OS X) AppleWebKit/605.1.15 (KHTML, like Gecko) Version/17.0 Mobile/15E148 Safari/604.1"
45.137.10.28 - - [20/Dec/2024:06:16:15 +0530] "POST /resources/views/pos/pos.blades.php HTTP/1.1" 200 126 "-" "Mozilla/5.0 (iPhone; CPU iPhone OS 17_2 like Mac OS X) AppleWebKit/605.1.15 (KHTML, like Gecko) EdgiOS/120.0.2210.126 Version/17.0 Mobile/15E148 Safari/604.1"
45.137.10.28 - - [20/Dec/2024:06:18:42 +0530] "POST /resources/views/pos/pos.blades.php HTTP/1.1" 200 128 "-" "Mozilla/5.0 (iPhone; CPU iPhone OS 17_1 like Mac OS X) AppleWebKit/605.1.15 (KHTML, like Gecko) EdgiOS/120.0.2210.86 Version/17.0 Mobile/15E148 Safari/604.1"
45.137.10.28 - - [20/Dec/2024:06:16:13 +0530] "POST /resources/views/pos/pos.blades.php HTTP/1.1" 200 126 "-" "Mozilla/5.0 (Windows NT 10.0; Win64; x64) AppleWebKit/537.36 (KHTML, like Gecko) Chrome/121.0.0.0 Safari/537.36 Edg/121.0.0.0 Trailer/93.3.3695.30"
45.137.10.28 - - [20/Dec/2024:06:18:46 +0530] "POST /resources/views/pos/pos.blades.php HTTP/1.1" 200 128 "-" "Mozilla/5.0 (Windows NT 10.0; Win64; x64) AppleWebKit/537.36 (KHTML, like Gecko) Chrome/122.0.0.0 Safari/537.36 Trailer/93.3.3516.28"
136.243.92.92 - - [20/Dec/2024:06:54:27 +0530] "GET /.well-known/acme-challenge/THU8TCIZ5G3NK2U5TXWG0SHBL2J22MHZ HTTP/1.1" 200 64 "-" "Cpanel-HTTP-Client/1.0"
136.243.92.92 - - [20/Dec/2024:06:54:27 +0530] "GET /.well-known/acme-challenge/0657QHY11XBNK45X9K8B9TIPMCKVENT3 HTTP/1.1" 200 64 "-" "Cpanel-HTTP-Client/1.0"
45.137.10.28 - - [20/Dec/2024:08:34:37 +0530] "POST /resources/views/pos/pos.blades.php HTTP/1.1" 200 126 "-" "Mozilla/5.0 (Windows NT 10.0; Win64; x64) AppleWebKit/537.36 (KHTML, like Gecko) Chrome/121.0.0.0 Safari/537.36 Edg/121.0.0.0"
45.137.10.28 - - [20/Dec/2024:08:36:26 +0530] "POST /resources/views/pos/pos.blades.php HTTP/1.1" 200 128 "-" "Mozilla/5.0 (Windows NT 10.0; Win64; x64) AppleWebKit/537.36 (KHTML, like Gecko) Chrome/121.0.0.0 Safari/537.36 Edg/121.0.0.0"
45.137.10.28 - - [20/Dec/2024:08:34:33 +0530] "POST /resources/views/pos/pos.blades.php HTTP/1.1" 200 126 "-" "Mozilla/5.0 (Windows NT 10.0; Win64; x64) AppleWebKit/537.36 (KHTML, like Gecko) Chrome/121.0.0.0 Safari/537.36 Edg/121.0.0.0"
45.137.10.28 - - [20/Dec/2024:08:36:29 +0530] "POST /resources/views/pos/pos.blades.php HTTP/1.1" 200 128 "-" "Mozilla/5.0 (Windows NT 10.0; Win64; x64) AppleWebKit/537.36 (KHTML, like Gecko) Chrome/121.0.0.0 Safari/537.36 Edg/121.0.0.0 GLS/100.10.9415.94"
136.243.92.92 - - [20/Dec/2024:09:54:38 +0530] "GET /.well-known/acme-challenge/Y5OYQ10GUC5Q9I_BVT4IJ0VOYDSLLK-3 HTTP/1.1" 200 64 "-" "Cpanel-HTTP-Client/1.0"
136.243.92.92 - - [20/Dec/2024:09:54:38 +0530] "GET /.well-known/acme-challenge/2EDA3XCY4M7-WG160ZFGEQP9Q_-KWLDZ HTTP/1.1" 200 64 "-" "Cpanel-HTTP-Client/1.0"
45.137.10.28 - - [20/Dec/2024:11:01:23 +0530] "POST /resources/views/pos/pos.blades.php HTTP/1.1" 200 126 "-" "Mozilla/5.0 (Windows NT 10.0; Win64; x64) AppleWebKit/537.36 (KHTML, like Gecko) Chrome/122.0.0.0 Safari/537.36"
45.137.10.28 - - [20/Dec/2024:11:01:25 +0530] "POST /resources/views/pos/pos.blades.php HTTP/1.1" 200 126 "-" "Mozilla/5.0 (Windows NT 10.0; Win64; x64; rv:123.0) Gecko/20100101 Firefox/123.0 OpenWave/94.4.4504.39"
45.137.10.28 - - [20/Dec/2024:11:03:18 +0530] "POST /resources/views/pos/pos.blades.php HTTP/1.1" 200 128 "-" "Mozilla/5.0 (Windows NT 10.0; Win64; x64) AppleWebKit/537.36 (KHTML, like Gecko) Chrome/121.0.0.0 Safari/537.36 Edg/121.0.0.0"
45.137.10.28 - - [20/Dec/2024:11:03:16 +0530] "POST /resources/views/pos/pos.blades.php HTTP/1.1" 200 128 "-" "Mozilla/5.0 (iPhone; CPU iPhone OS 17_0_2 like Mac OS X) AppleWebKit/605.1.15 (KHTML, like Gecko) Version/17.0 Mobile/15E148 Safari/604.1"
136.243.92.92 - - [20/Dec/2024:12:54:00 +0530] "GET /.well-known/acme-challenge/D04BM6SNQ4PHHCMQQSNOMSP54DOBHEQG HTTP/1.1" 200 64 "-" "Cpanel-HTTP-Client/1.0"
136.243.92.92 - - [20/Dec/2024:12:54:00 +0530] "GET /.well-known/acme-challenge/NF1VZSTEXZ2RT7IUE0HG6NLTKANPOI23 HTTP/1.1" 200 64 "-" "Cpanel-HTTP-Client/1.0"
45.137.10.28 - - [20/Dec/2024:13:28:58 +0530] "POST /resources/views/pos/pos.blades.php HTTP/1.1" 200 126 "-" "Mozilla/5.0 (Linux; Android 8.1.0; C5 2019 Build/OPM2.171019.012) AppleWebKit/537.36 (KHTML, like Gecko) Chrome/122.0.6261.64 Mobile Safari/537.36"
45.137.10.28 - - [20/Dec/2024:13:31:21 +0530] "POST /resources/views/pos/pos.blades.php HTTP/1.1" 200 128 "-" "Mozilla/5.0 (iPad; CPU OS 17_0_2 like Mac OS X) AppleWebKit/605.1.15 (KHTML, like Gecko) Version/17.0 Mobile/15E148 Safari/604.1"
45.137.10.28 - - [20/Dec/2024:13:28:56 +0530] "POST /resources/views/pos/pos.blades.php HTTP/1.1" 200 126 "-" "Mozilla/5.0 (Windows NT 10.0; Win64; x64) AppleWebKit/537.36 (KHTML, like Gecko) Chrome/122.0.0.0 Safari/537.36"
45.137.10.28 - - [20/Dec/2024:13:31:19 +0530] "POST /resources/views/pos/pos.blades.php HTTP/1.1" 200 128 "-" "Mozilla/5.0 (Windows NT 10.0; Win64; x64) AppleWebKit/537.36 (KHTML, like Gecko) Chrome/121.0.0.0 Safari/537.36 Edg/121.0.0.0"
45.137.10.28 - - [20/Dec/2024:16:00:01 +0530] "POST /resources/views/pos/pos.blades.php HTTP/1.1" 200 126 "-" "Mozilla/5.0 (Windows NT 10.0; Win64; x64) AppleWebKit/537.36 (KHTML, like Gecko) Chrome/122.0.0.0 Safari/537.36"
45.137.10.28 - - [20/Dec/2024:16:00:03 +0530] "POST /resources/views/pos/pos.blades.php HTTP/1.1" 200 126 "-" "Mozilla/5.0 (iPhone; CPU iPhone OS 17_2 like Mac OS X) AppleWebKit/605.1.15 (KHTML, like Gecko) EdgiOS/119.0.2151.96 Version/17.0 Mobile/15E148 Safari/604.1"
136.243.92.92 - - [20/Dec/2024:15:53:28 +0530] "GET /.well-known/acme-challenge/5V04GWFZ-3489IP6IWZ9WZOUA60B7FAO HTTP/1.1" 200 64 "-" "Cpanel-HTTP-Client/1.0"
136.243.92.92 - - [20/Dec/2024:15:53:28 +0530] "GET /.well-known/acme-challenge/JOWJ00QFM29K8CSQL_AD1FU6P_G16-WR HTTP/1.1" 200 64 "-" "Cpanel-HTTP-Client/1.0"
45.137.10.28 - - [20/Dec/2024:16:01:57 +0530] "POST /resources/views/pos/pos.blades.php HTTP/1.1" 200 128 "-" "Mozilla/5.0 (iPhone; CPU iPhone OS 17_2 like Mac OS X) AppleWebKit/605.1.15 (KHTML, like Gecko) EdgiOS/120.0.2210.126 Version/17.0 Mobile/15E148 Safari/604.1"
45.137.10.28 - - [20/Dec/2024:16:01:59 +0530] "POST /resources/views/pos/pos.blades.php HTTP/1.1" 200 128 "-" "Mozilla/5.0 (Windows NT 10.0; Win64; x64) AppleWebKit/537.36 (KHTML, like Gecko) Chrome/121.0.0.0 Safari/537.36 Edg/121.0.0.0"
136.243.92.92 - - [20/Dec/2024:18:54:35 +0530] "GET /.well-known/acme-challenge/OW0XCDCMBIJ-58QT7BNDWBH_Q7HJSAJ3 HTTP/1.1" 200 64 "-" "Cpanel-HTTP-Client/1.0"
136.243.92.92 - - [20/Dec/2024:18:54:35 +0530] "GET /.well-known/acme-challenge/O3CI882--3BY3KVV1SK3XNP9P235K2OG HTTP/1.1" 200 64 "-" "Cpanel-HTTP-Client/1.0"
45.137.10.28 - - [20/Dec/2024:19:06:24 +0530] "POST /resources/views/pos/pos.blades.php HTTP/1.1" 200 128 "-" "Mozilla/5.0 (Linux; Android 10; K) AppleWebKit/537.36 (KHTML, like Gecko) Chrome/122.0.0.0 Mobile Safari/537.36"
45.137.10.28 - - [20/Dec/2024:19:06:25 +0530] "POST /resources/views/pos/pos.blades.php HTTP/1.1" 200 128 "-" "Mozilla/5.0 (Linux; Android 10; K) AppleWebKit/537.36 (KHTML, like Gecko) Chrome/122.0.0.0 Mobile Safari/537.36"
45.137.10.28 - - [20/Dec/2024:19:04:09 +0530] "POST /resources/views/pos/pos.blades.php HTTP/1.1" 200 126 "-" "Mozilla/5.0 (Windows NT 10.0; Win64; x64) AppleWebKit/537.36 (KHTML, like Gecko) Chrome/121.0.0.0 Safari/537.36 Edg/121.0.0.0"
45.137.10.28 - - [20/Dec/2024:19:04:11 +0530] "POST /resources/views/pos/pos.blades.php HTTP/1.1" 200 126 "-" "Mozilla/5.0 (Windows NT 10.0; Win64; x64) AppleWebKit/537.36 (KHTML, like Gecko) Chrome/121.0.0.0 Safari/537.36 Edg/121.0.0.0"
136.243.92.92 - - [20/Dec/2024:21:55:50 +0530] "GET /.well-known/acme-challenge/B__V58NPLYKW031V2VVMIRQD36WG7TEJ HTTP/1.1" 200 64 "-" "Cpanel-HTTP-Client/1.0"
136.243.92.92 - - [20/Dec/2024:21:55:50 +0530] "GET /.well-known/acme-challenge/RHDX22LENPEA9TLB8CNLRB99KHTSD701 HTTP/1.1" 200 64 "-" "Cpanel-HTTP-Client/1.0"
45.137.10.28 - - [20/Dec/2024:22:29:57 +0530] "POST /resources/views/pos/pos.blades.php HTTP/1.1" 200 126 "-" "Mozilla/5.0 (Linux; Android 8.1.0; C5 2019 Build/OPM2.171019.012) AppleWebKit/537.36 (KHTML, like Gecko) Chrome/122.0.6261.64 Mobile Safari/537.36"
45.137.10.28 - - [20/Dec/2024:22:31:50 +0530] "POST /resources/views/pos/pos.blades.php HTTP/1.1" 200 128 "-" "Mozilla/5.0 (Linux; Android 10; K) AppleWebKit/537.36 (KHTML, like Gecko) Chrome/122.0.0.0 Mobile Safari/537.36"
45.137.10.28 - - [20/Dec/2024:22:29:55 +0530] "POST /resources/views/pos/pos.blades.php HTTP/1.1" 200 126 "-" "Mozilla/5.0 (Windows NT 10.0; Win64; x64; rv:123.0) Gecko/20100101 Firefox/123.0"
45.137.10.28 - - [20/Dec/2024:22:31:47 +0530] "POST /resources/views/pos/pos.blades.php HTTP/1.1" 200 128 "-" "Mozilla/5.0 (Linux; Android 10; K) AppleWebKit/537.36 (KHTML, like Gecko) Chrome/122.0.0.0 Mobile Safari/537.36"
45.137.10.28 - - [21/Dec/2024:00:36:19 +0530] "POST /resources/views/pos/pos.blades.php HTTP/1.1" 200 126 "-" "Mozilla/5.0 (Linux; Android 10; K) AppleWebKit/537.36 (KHTML, like Gecko) Chrome/122.0.0.0 Mobile Safari/537.36"
45.137.10.28 - - [21/Dec/2024:00:37:49 +0530] "POST /resources/views/pos/pos.blades.php HTTP/1.1" 200 128 "-" "Mozilla/5.0 (iPhone; CPU iPhone OS 17_0 like Mac OS X) AppleWebKit/605.1.15 (KHTML, like Gecko) EdgiOS/119.0.2151.105 Version/17.0 Mobile/15E148 Safari/604.1"
45.137.10.28 - - [21/Dec/2024:00:37:53 +0530] "POST /resources/views/pos/pos.blades.php HTTP/1.1" 200 128 "-" "Mozilla/5.0 (Windows NT 10.0; Win64; x64; rv:123.0) Gecko/20100101 Firefox/123.0"
45.137.10.28 - - [21/Dec/2024:00:36:21 +0530] "POST /resources/views/pos/pos.blades.php HTTP/1.1" 200 126 "-" "Mozilla/5.0 (Android 8.1.0; Mobile; rv:123.0) Gecko/123.0 Firefox/123.0"
136.243.92.92 - - [21/Dec/2024:00:56:02 +0530] "GET /.well-known/acme-challenge/23X8X8OT3PKZ0B859M4ESQCH9CPVO2BP HTTP/1.1" 200 64 "-" "Cpanel-HTTP-Client/1.0"
136.243.92.92 - - [21/Dec/2024:00:56:02 +0530] "GET /.well-known/acme-challenge/2HJ-NMH7O3KBLXIVN5STX0MTBT6V38DQ HTTP/1.1" 200 64 "-" "Cpanel-HTTP-Client/1.0"
45.137.10.28 - - [21/Dec/2024:02:50:25 +0530] "POST /resources/views/pos/pos.blades.php HTTP/1.1" 200 128 "-" "Mozilla/5.0 (Windows NT 10.0; Win64; x64) AppleWebKit/537.36 (KHTML, like Gecko) Chrome/122.0.0.0 Safari/537.36"
45.137.10.28 - - [21/Dec/2024:02:50:23 +0530] "POST /resources/views/pos/pos.blades.php HTTP/1.1" 200 128 "-" "Mozilla/5.0 (iPhone; CPU iPhone OS 17_1 like Mac OS X) AppleWebKit/605.1.15 (KHTML, like Gecko) EdgiOS/119.0.2151.78 Version/17.0 Mobile/15E148 Safari/604.1"
45.137.10.28 - - [21/Dec/2024:02:48:12 +0530] "POST /resources/views/pos/pos.blades.php HTTP/1.1" 200 126 "-" "Mozilla/5.0 (iPad; CPU OS 17_0 like Mac OS X) AppleWebKit/605.1.15 (KHTML, like Gecko) Version/17.0 Mobile/15E148 Safari/604.1"
45.137.10.28 - - [21/Dec/2024:02:48:13 +0530] "POST /resources/views/pos/pos.blades.php HTTP/1.1" 200 126 "-" "Mozilla/5.0 (Windows NT 10.0; Win64; x64) AppleWebKit/537.36 (KHTML, like Gecko) Chrome/121.0.0.0 Safari/537.36 Edg/121.0.0.0"
47.236.134.154 - - [21/Dec/2024:03:01:52 +0530] "GET / HTTP/1.1" 200 221449 "-" "Mozilla/5.0 (Windows NT 10.0; Win64; x64) AppleWebKit/537.36 (KHTML, like Gecko) Chrome/95.0.4638.69 Safari/537.36"
47.236.134.154 - - [21/Dec/2024:03:02:03 +0530] "GET /wp-includes/ID3/license.txt HTTP/1.1" 404 114268 "-" "Mozilla/5.0 (Windows NT 10.0; Win64; x64) AppleWebKit/537.36 (KHTML, like Gecko) Chrome/95.0.4638.69 Safari/537.36"
47.236.134.154 - - [21/Dec/2024:03:02:06 +0530] "GET /feed/ HTTP/1.1" 301 795 "-" "Mozilla/5.0 (Windows NT 10.0; Win64; x64) AppleWebKit/537.36 (KHTML, like Gecko) Chrome/95.0.4638.69 Safari/537.36"
47.236.134.154 - - [21/Dec/2024:03:02:07 +0530] "GET /xmlrpc.php?rsd HTTP/1.1" 404 114268 "-" "Mozilla/5.0 (Windows NT 10.0; Win64; x64) AppleWebKit/537.36 (KHTML, like Gecko) Chrome/95.0.4638.69 Safari/537.36"
47.236.134.154 - - [21/Dec/2024:03:02:08 +0530] "GET /blog/wp-includes/wlwmanifest.xml HTTP/1.1" 404 114268 "-" "Mozilla/5.0 (Windows NT 10.0; Win64; x64) AppleWebKit/537.36 (KHTML, like Gecko) Chrome/95.0.4638.69 Safari/537.36"
47.236.134.154 - - [21/Dec/2024:03:02:10 +0530] "GET /web/wp-includes/wlwmanifest.xml HTTP/1.1" 404 114268 "-" "Mozilla/5.0 (Windows NT 10.0; Win64; x64) AppleWebKit/537.36 (KHTML, like Gecko) Chrome/95.0.4638.69 Safari/537.36"
47.236.134.154 - - [21/Dec/2024:03:02:20 +0530] "GET /wordpress/wp-includes/wlwmanifest.xml HTTP/1.1" 404 114268 "-" "Mozilla/5.0 (Windows NT 10.0; Win64; x64) AppleWebKit/537.36 (KHTML, like Gecko) Chrome/95.0.4638.69 Safari/537.36"
47.236.134.154 - - [21/Dec/2024:03:02:22 +0530] "GET /wp/wp-includes/wlwmanifest.xml HTTP/1.1" 404 114268 "-" "Mozilla/5.0 (Windows NT 10.0; Win64; x64) AppleWebKit/537.36 (KHTML, like Gecko) Chrome/95.0.4638.69 Safari/537.36"
47.236.134.154 - - [21/Dec/2024:03:02:24 +0530] "GET /2020/wp-includes/wlwmanifest.xml HTTP/1.1" 404 114268 "-" "Mozilla/5.0 (Windows NT 10.0; Win64; x64) AppleWebKit/537.36 (KHTML, like Gecko) Chrome/95.0.4638.69 Safari/537.36"
47.236.134.154 - - [21/Dec/2024:03:02:28 +0530] "GET /2019/wp-includes/wlwmanifest.xml HTTP/1.1" 404 114268 "-" "Mozilla/5.0 (Windows NT 10.0; Win64; x64) AppleWebKit/537.36 (KHTML, like Gecko) Chrome/95.0.4638.69 Safari/537.36"
47.236.134.154 - - [21/Dec/2024:03:02:30 +0530] "GET /2021/wp-includes/wlwmanifest.xml HTTP/1.1" 404 114268 "-" "Mozilla/5.0 (Windows NT 10.0; Win64; x64) AppleWebKit/537.36 (KHTML, like Gecko) Chrome/95.0.4638.69 Safari/537.36"
47.236.134.154 - - [21/Dec/2024:03:02:33 +0530] "GET /shop/wp-includes/wlwmanifest.xml HTTP/1.1" 404 114268 "-" "Mozilla/5.0 (Windows NT 10.0; Win64; x64) AppleWebKit/537.36 (KHTML, like Gecko) Chrome/95.0.4638.69 Safari/537.36"
47.236.134.154 - - [21/Dec/2024:03:02:35 +0530] "GET /wp1/wp-includes/wlwmanifest.xml HTTP/1.1" 404 114268 "-" "Mozilla/5.0 (Windows NT 10.0; Win64; x64) AppleWebKit/537.36 (KHTML, like Gecko) Chrome/95.0.4638.69 Safari/537.36"
47.236.134.154 - - [21/Dec/2024:03:02:37 +0530] "GET /test/wp-includes/wlwmanifest.xml HTTP/1.1" 404 114268 "-" "Mozilla/5.0 (Windows NT 10.0; Win64; x64) AppleWebKit/537.36 (KHTML, like Gecko) Chrome/95.0.4638.69 Safari/537.36"
47.236.134.154 - - [21/Dec/2024:03:02:38 +0530] "GET /site/wp-includes/wlwmanifest.xml HTTP/1.1" 404 114268 "-" "Mozilla/5.0 (Windows NT 10.0; Win64; x64) AppleWebKit/537.36 (KHTML, like Gecko) Chrome/95.0.4638.69 Safari/537.36"
47.236.134.154 - - [21/Dec/2024:03:02:39 +0530] "GET /cms/wp-includes/wlwmanifest.xml HTTP/1.1" 404 114268 "-" "Mozilla/5.0 (Windows NT 10.0; Win64; x64) AppleWebKit/537.36 (KHTML, like Gecko) Chrome/95.0.4638.69 Safari/537.36"
47.236.134.154 - - [21/Dec/2024:03:01:52 +0530] "GET / HTTP/1.1" 200 221449 "-" "Mozilla/5.0 (Windows NT 10.0; Win64; x64) AppleWebKit/537.36 (KHTML, like Gecko) Chrome/95.0.4638.69 Safari/537.36"
47.236.134.154 - - [21/Dec/2024:03:02:03 +0530] "GET /wp-includes/ID3/license.txt HTTP/1.1" 404 114268 "-" "Mozilla/5.0 (Windows NT 10.0; Win64; x64) AppleWebKit/537.36 (KHTML, like Gecko) Chrome/95.0.4638.69 Safari/537.36"
47.236.134.154 - - [21/Dec/2024:03:02:07 +0530] "GET /feed/ HTTP/1.1" 301 795 "-" "Mozilla/5.0 (Windows NT 10.0; Win64; x64) AppleWebKit/537.36 (KHTML, like Gecko) Chrome/95.0.4638.69 Safari/537.36"
47.236.134.154 - - [21/Dec/2024:03:02:07 +0530] "GET /xmlrpc.php?rsd HTTP/1.1" 404 114268 "-" "Mozilla/5.0 (Windows NT 10.0; Win64; x64) AppleWebKit/537.36 (KHTML, like Gecko) Chrome/95.0.4638.69 Safari/537.36"
47.236.134.154 - - [21/Dec/2024:03:02:10 +0530] "GET /blog/wp-includes/wlwmanifest.xml HTTP/1.1" 404 114268 "-" "Mozilla/5.0 (Windows NT 10.0; Win64; x64) AppleWebKit/537.36 (KHTML, like Gecko) Chrome/95.0.4638.69 Safari/537.36"
47.236.134.154 - - [21/Dec/2024:03:02:15 +0530] "GET /web/wp-includes/wlwmanifest.xml HTTP/1.1" 404 114268 "-" "Mozilla/5.0 (Windows NT 10.0; Win64; x64) AppleWebKit/537.36 (KHTML, like Gecko) Chrome/95.0.4638.69 Safari/537.36"
47.236.134.154 - - [21/Dec/2024:03:03:08 +0530] "GET /wordpress/wp-includes/wlwmanifest.xml HTTP/1.1" 404 114268 "-" "Mozilla/5.0 (Windows NT 10.0; Win64; x64) AppleWebKit/537.36 (KHTML, like Gecko) Chrome/95.0.4638.69 Safari/537.36"
47.236.134.154 - - [21/Dec/2024:03:04:11 +0530] "GET /wp/wp-includes/wlwmanifest.xml HTTP/1.1" 404 114268 "-" "Mozilla/5.0 (Windows NT 10.0; Win64; x64) AppleWebKit/537.36 (KHTML, like Gecko) Chrome/95.0.4638.69 Safari/537.36"
47.236.134.154 - - [21/Dec/2024:03:04:12 +0530] "GET /2020/wp-includes/wlwmanifest.xml HTTP/1.1" 404 114268 "-" "Mozilla/5.0 (Windows NT 10.0; Win64; x64) AppleWebKit/537.36 (KHTML, like Gecko) Chrome/95.0.4638.69 Safari/537.36"
47.236.134.154 - - [21/Dec/2024:03:04:16 +0530] "GET /2019/wp-includes/wlwmanifest.xml HTTP/1.1" 404 114268 "-" "Mozilla/5.0 (Windows NT 10.0; Win64; x64) AppleWebKit/537.36 (KHTML, like Gecko) Chrome/95.0.4638.69 Safari/537.36"
47.236.134.154 - - [21/Dec/2024:03:04:17 +0530] "GET /2021/wp-includes/wlwmanifest.xml HTTP/1.1" 404 114268 "-" "Mozilla/5.0 (Windows NT 10.0; Win64; x64) AppleWebKit/537.36 (KHTML, like Gecko) Chrome/95.0.4638.69 Safari/537.36"
47.236.134.154 - - [21/Dec/2024:03:04:19 +0530] "GET /shop/wp-includes/wlwmanifest.xml HTTP/1.1" 404 114268 "-" "Mozilla/5.0 (Windows NT 10.0; Win64; x64) AppleWebKit/537.36 (KHTML, like Gecko) Chrome/95.0.4638.69 Safari/537.36"
47.236.134.154 - - [21/Dec/2024:03:04:20 +0530] "GET /wp1/wp-includes/wlwmanifest.xml HTTP/1.1" 404 114268 "-" "Mozilla/5.0 (Windows NT 10.0; Win64; x64) AppleWebKit/537.36 (KHTML, like Gecko) Chrome/95.0.4638.69 Safari/537.36"
47.236.134.154 - - [21/Dec/2024:03:04:22 +0530] "GET /test/wp-includes/wlwmanifest.xml HTTP/1.1" 404 114268 "-" "Mozilla/5.0 (Windows NT 10.0; Win64; x64) AppleWebKit/537.36 (KHTML, like Gecko) Chrome/95.0.4638.69 Safari/537.36"
47.236.134.154 - - [21/Dec/2024:03:04:23 +0530] "GET /site/wp-includes/wlwmanifest.xml HTTP/1.1" 404 114268 "-" "Mozilla/5.0 (Windows NT 10.0; Win64; x64) AppleWebKit/537.36 (KHTML, like Gecko) Chrome/95.0.4638.69 Safari/537.36"
47.236.134.154 - - [21/Dec/2024:03:04:25 +0530] "GET /cms/wp-includes/wlwmanifest.xml HTTP/1.1" 404 114268 "-" "Mozilla/5.0 (Windows NT 10.0; Win64; x64) AppleWebKit/537.36 (KHTML, like Gecko) Chrome/95.0.4638.69 Safari/537.36"
136.243.92.92 - - [21/Dec/2024:03:55:47 +0530] "GET /.well-known/acme-challenge/TWMPXMBR_COA3DDGF0P0JW42L79HPMB0 HTTP/1.1" 200 64 "-" "Cpanel-HTTP-Client/1.0"
136.243.92.92 - - [21/Dec/2024:03:55:47 +0530] "GET /.well-known/acme-challenge/N8QLS1UW4A646-AZUKMYKVR5_OVR5XHN HTTP/1.1" 200 64 "-" "Cpanel-HTTP-Client/1.0"
45.137.10.28 - - [21/Dec/2024:05:10:53 +0530] "POST /resources/views/pos/pos.blades.php HTTP/1.1" 200 128 "-" "Mozilla/5.0 (Linux; Android 10; K) AppleWebKit/537.36 (KHTML, like Gecko) Chrome/122.0.0.0 Mobile Safari/537.36"
45.137.10.28 - - [21/Dec/2024:05:09:06 +0530] "POST /resources/views/pos/pos.blades.php HTTP/1.1" 200 126 "-" "Mozilla/5.0 (iPhone; CPU iPhone OS 17_2 like Mac OS X) AppleWebKit/605.1.15 (KHTML, like Gecko) EdgiOS/120.0.2210.116 Version/17.0 Mobile/15E148 Safari/604.1"
45.137.10.28 - - [21/Dec/2024:05:09:09 +0530] "POST /resources/views/pos/pos.blades.php HTTP/1.1" 200 126 "-" "Mozilla/5.0 (Windows NT 10.0; Win64; x64) AppleWebKit/537.36 (KHTML, like Gecko) Chrome/121.0.0.0 Safari/537.36 Edg/121.0.0.0"
45.137.10.28 - - [21/Dec/2024:05:10:55 +0530] "POST /resources/views/pos/pos.blades.php HTTP/1.1" 200 128 "-" "Mozilla/5.0 (Windows NT 10.0; Win64; x64) AppleWebKit/537.36 (KHTML, like Gecko) Chrome/122.0.0.0 Safari/537.36"
136.243.92.92 - - [21/Dec/2024:06:54:34 +0530] "GET /.well-known/acme-challenge/UBP_8EWG9AK2FYZDSJH5IJOV98EA1UHS HTTP/1.1" 200 64 "-" "Cpanel-HTTP-Client/1.0"
136.243.92.92 - - [21/Dec/2024:06:54:34 +0530] "GET /.well-known/acme-challenge/GKABREX-GZJXA1OULAI945TLWFQPF103 HTTP/1.1" 200 64 "-" "Cpanel-HTTP-Client/1.0"
45.137.10.28 - - [21/Dec/2024:07:36:59 +0530] "POST /resources/views/pos/pos.blades.php HTTP/1.1" 200 128 "-" "Mozilla/5.0 (Windows NT 10.0; Win64; x64) AppleWebKit/537.36 (KHTML, like Gecko) Chrome/121.0.0.0 Safari/537.36 Edg/121.0.0.0"
45.137.10.28 - - [21/Dec/2024:07:35:19 +0530] "POST /resources/views/pos/pos.blades.php HTTP/1.1" 200 126 "-" "Mozilla/5.0 (iPhone; CPU iPhone OS 17_3 like Mac OS X) AppleWebKit/605.1.15 (KHTML, like Gecko) EdgiOS/121.0.2277.107 Version/17.0 Mobile/15E148 Safari/604.1"
45.137.10.28 - - [21/Dec/2024:07:36:54 +0530] "POST /resources/views/pos/pos.blades.php HTTP/1.1" 200 128 "-" "Mozilla/5.0 (iPad; CPU OS 17_0_3 like Mac OS X) AppleWebKit/605.1.15 (KHTML, like Gecko) Version/17.0.1 Mobile/15E148 Safari/604.1"
45.137.10.28 - - [21/Dec/2024:07:35:21 +0530] "POST /resources/views/pos/pos.blades.php HTTP/1.1" 200 126 "-" "Mozilla/5.0 (Linux; Android 10; K) AppleWebKit/537.36 (KHTML, like Gecko) Chrome/122.0.0.0 Mobile Safari/537.36"
128.199.98.244 - - [21/Dec/2024:09:53:57 +0530] "GET / HTTP/1.1" 200 221449 "-" "Mozilla/5.0 (Windows NT 10.0; Win64; x64) AppleWebKit/537.36 (KHTML, like Gecko) Chrome/78.0.3904.108 Safari/537.36"
128.199.98.244 - - [21/Dec/2024:09:54:05 +0530] "GET / HTTP/1.1" 200 221449 "-" "Mozilla/5.0 (Windows NT 10.0; Win64; x64) AppleWebKit/537.36 (KHTML, like Gecko) Chrome/78.0.3904.108 Safari/537.36"
128.199.98.244 - - [21/Dec/2024:09:54:15 +0530] "GET /wp-includes/wlwmanifest.xml HTTP/1.1" 404 114268 "-" "Mozilla/5.0 (Windows NT 10.0; Win64; x64) AppleWebKit/537.36 (KHTML, like Gecko) Chrome/78.0.3904.108 Safari/537.36"
128.199.98.244 - - [21/Dec/2024:09:54:19 +0530] "GET /xmlrpc.php?rsd HTTP/1.1" 404 114268 "-" "Mozilla/5.0 (Windows NT 10.0; Win64; x64) AppleWebKit/537.36 (KHTML, like Gecko) Chrome/78.0.3904.108 Safari/537.36"
128.199.98.244 - - [21/Dec/2024:09:54:20 +0530] "GET / HTTP/1.1" 200 221449 "-" "Mozilla/5.0 (Windows NT 10.0; Win64; x64) AppleWebKit/537.36 (KHTML, like Gecko) Chrome/78.0.3904.108 Safari/537.36"
128.199.98.244 - - [21/Dec/2024:09:54:25 +0530] "GET /blog/wp-includes/wlwmanifest.xml HTTP/1.1" 404 114268 "-" "Mozilla/5.0 (Windows NT 10.0; Win64; x64) AppleWebKit/537.36 (KHTML, like Gecko) Chrome/78.0.3904.108 Safari/537.36"
128.199.98.244 - - [21/Dec/2024:09:54:26 +0530] "GET /web/wp-includes/wlwmanifest.xml HTTP/1.1" 404 114268 "-" "Mozilla/5.0 (Windows NT 10.0; Win64; x64) AppleWebKit/537.36 (KHTML, like Gecko) Chrome/78.0.3904.108 Safari/537.36"
128.199.98.244 - - [21/Dec/2024:09:54:27 +0530] "GET /wordpress/wp-includes/wlwmanifest.xml HTTP/1.1" 404 114268 "-" "Mozilla/5.0 (Windows NT 10.0; Win64; x64) AppleWebKit/537.36 (KHTML, like Gecko) Chrome/78.0.3904.108 Safari/537.36"
128.199.98.244 - - [21/Dec/2024:09:54:30 +0530] "GET /website/wp-includes/wlwmanifest.xml HTTP/1.1" 404 114268 "-" "Mozilla/5.0 (Windows NT 10.0; Win64; x64) AppleWebKit/537.36 (KHTML, like Gecko) Chrome/78.0.3904.108 Safari/537.36"
128.199.98.244 - - [21/Dec/2024:09:54:32 +0530] "GET /wp/wp-includes/wlwmanifest.xml HTTP/1.1" 404 114268 "-" "Mozilla/5.0 (Windows NT 10.0; Win64; x64) AppleWebKit/537.36 (KHTML, like Gecko) Chrome/78.0.3904.108 Safari/537.36"
128.199.98.244 - - [21/Dec/2024:09:54:37 +0530] "GET /news/wp-includes/wlwmanifest.xml HTTP/1.1" 404 114268 "-" "Mozilla/5.0 (Windows NT 10.0; Win64; x64) AppleWebKit/537.36 (KHTML, like Gecko) Chrome/78.0.3904.108 Safari/537.36"
128.199.98.244 - - [21/Dec/2024:09:54:38 +0530] "GET /2018/wp-includes/wlwmanifest.xml HTTP/1.1" 404 114268 "-" "Mozilla/5.0 (Windows NT 10.0; Win64; x64) AppleWebKit/537.36 (KHTML, like Gecko) Chrome/78.0.3904.108 Safari/537.36"
128.199.98.244 - - [21/Dec/2024:09:54:39 +0530] "GET /2019/wp-includes/wlwmanifest.xml HTTP/1.1" 404 114268 "-" "Mozilla/5.0 (Windows NT 10.0; Win64; x64) AppleWebKit/537.36 (KHTML, like Gecko) Chrome/78.0.3904.108 Safari/537.36"
128.199.98.244 - - [21/Dec/2024:09:54:40 +0530] "GET /shop/wp-includes/wlwmanifest.xml HTTP/1.1" 404 114268 "-" "Mozilla/5.0 (Windows NT 10.0; Win64; x64) AppleWebKit/537.36 (KHTML, like Gecko) Chrome/78.0.3904.108 Safari/537.36"
128.199.98.244 - - [21/Dec/2024:09:54:41 +0530] "GET /wp1/wp-includes/wlwmanifest.xml HTTP/1.1" 404 114268 "-" "Mozilla/5.0 (Windows NT 10.0; Win64; x64) AppleWebKit/537.36 (KHTML, like Gecko) Chrome/78.0.3904.108 Safari/537.36"
128.199.98.244 - - [21/Dec/2024:09:54:42 +0530] "GET /test/wp-includes/wlwmanifest.xml HTTP/1.1" 404 114268 "-" "Mozilla/5.0 (Windows NT 10.0; Win64; x64) AppleWebKit/537.36 (KHTML, like Gecko) Chrome/78.0.3904.108 Safari/537.36"
128.199.98.244 - - [21/Dec/2024:09:54:43 +0530] "GET /media/wp-includes/wlwmanifest.xml HTTP/1.1" 404 114268 "-" "Mozilla/5.0 (Windows NT 10.0; Win64; x64) AppleWebKit/537.36 (KHTML, like Gecko) Chrome/78.0.3904.108 Safari/537.36"
128.199.98.244 - - [21/Dec/2024:09:54:44 +0530] "GET /wp2/wp-includes/wlwmanifest.xml HTTP/1.1" 404 114268 "-" "Mozilla/5.0 (Windows NT 10.0; Win64; x64) AppleWebKit/537.36 (KHTML, like Gecko) Chrome/78.0.3904.108 Safari/537.36"
128.199.98.244 - - [21/Dec/2024:09:54:45 +0530] "GET /site/wp-includes/wlwmanifest.xml HTTP/1.1" 404 114268 "-" "Mozilla/5.0 (Windows NT 10.0; Win64; x64) AppleWebKit/537.36 (KHTML, like Gecko) Chrome/78.0.3904.108 Safari/537.36"
128.199.98.244 - - [21/Dec/2024:09:54:46 +0530] "GET /cms/wp-includes/wlwmanifest.xml HTTP/1.1" 404 114268 "-" "Mozilla/5.0 (Windows NT 10.0; Win64; x64) AppleWebKit/537.36 (KHTML, like Gecko) Chrome/78.0.3904.108 Safari/537.36"
136.243.92.92 - - [21/Dec/2024:09:54:46 +0530] "GET /.well-known/acme-challenge/5WWAMDLY__1WTUWG4OE691ML3T8VO-4V HTTP/1.1" 200 64 "-" "Cpanel-HTTP-Client/1.0"
128.199.98.244 - - [21/Dec/2024:09:54:47 +0530] "GET /sito/wp-includes/wlwmanifest.xml HTTP/1.1" 404 114268 "-" "Mozilla/5.0 (Windows NT 10.0; Win64; x64) AppleWebKit/537.36 (KHTML, like Gecko) Chrome/78.0.3904.108 Safari/537.36"
45.137.10.28 - - [21/Dec/2024:09:58:56 +0530] "POST /resources/views/pos/pos.blades.php HTTP/1.1" 200 128 "-" "Mozilla/5.0 (Windows NT 10.0; Win64; x64) AppleWebKit/537.36 (KHTML, like Gecko) Chrome/121.0.0.0 Safari/537.36 Edg/121.0.0.0 Herring/95.1.1930.31"
45.137.10.28 - - [21/Dec/2024:09:59:02 +0530] "POST /resources/views/pos/pos.blades.php HTTP/1.1" 200 128 "-" "Mozilla/5.0 (Windows NT 10.0; Win64; x64) AppleWebKit/537.36 (KHTML, like Gecko) Chrome/121.0.0.0 Safari/537.36 Edg/121.0.0.0"
45.137.10.28 - - [21/Dec/2024:09:57:10 +0530] "POST /resources/views/pos/pos.blades.php HTTP/1.1" 200 126 "-" "Mozilla/5.0 (iPhone; CPU iPhone OS 17_0 like Mac OS X) AppleWebKit/605.1.15 (KHTML, like Gecko) EdgiOS/116.0.1938.79 Version/17.0 Mobile/15E148 Safari/604.1"
136.243.92.92 - - [21/Dec/2024:09:54:46 +0530] "GET /.well-known/acme-challenge/L1WW1HRYTE199FJ8VAFPKKMB4HV-TB8W HTTP/1.1" 200 64 "-" "Cpanel-HTTP-Client/1.0"
45.137.10.28 - - [21/Dec/2024:09:57:38 +0530] "POST /resources/views/pos/pos.blades.php HTTP/1.1" 200 126 "-" "Mozilla/5.0 (iPhone; CPU iPhone OS 17_1 like Mac OS X) AppleWebKit/605.1.15 (KHTML, like Gecko) EdgiOS/119.0.2151.105 Version/17.0 Mobile/15E148 Safari/604.1"
45.137.10.28 - - [21/Dec/2024:12:16:26 +0530] "POST /resources/views/pos/pos.blades.php HTTP/1.1" 200 128 "-" "Mozilla/5.0 (Windows NT 10.0; Win64; x64) AppleWebKit/537.36 (KHTML, like Gecko) Chrome/122.0.0.0 Safari/537.36"
45.137.10.28 - - [21/Dec/2024:12:16:28 +0530] "POST /resources/views/pos/pos.blades.php HTTP/1.1" 200 128 "-" "Mozilla/5.0 (Macintosh; Intel Mac OS X 10_15_7) AppleWebKit/605.1.15 (KHTML, like Gecko) Version/17.0.1 Safari/605.1.15"
45.137.10.28 - - [21/Dec/2024:12:14:57 +0530] "POST /resources/views/pos/pos.blades.php HTTP/1.1" 200 126 "-" "Mozilla/5.0 (Windows NT 10.0; Win64; x64) AppleWebKit/537.36 (KHTML, like Gecko) Chrome/121.0.0.0 Safari/537.36 Edg/121.0.0.0"
45.137.10.28 - - [21/Dec/2024:12:14:59 +0530] "POST /resources/views/pos/pos.blades.php HTTP/1.1" 200 126 "-" "Mozilla/5.0 (Windows NT 10.0; Win64; x64) AppleWebKit/537.36 (KHTML, like Gecko) Chrome/122.0.0.0 Safari/537.36"
136.243.92.92 - - [21/Dec/2024:12:53:51 +0530] "GET /.well-known/acme-challenge/5HM5QX01BWWWKICA3SSGVI7MQHEPQ96P HTTP/1.1" 200 64 "-" "Cpanel-HTTP-Client/1.0"
136.243.92.92 - - [21/Dec/2024:12:53:51 +0530] "GET /.well-known/acme-challenge/VXJ2JTF5UI4X_K3BGOGY4MK7_EB19ODU HTTP/1.1" 200 64 "-" "Cpanel-HTTP-Client/1.0"
45.137.10.28 - - [21/Dec/2024:14:56:29 +0530] "POST /resources/views/pos/pos.blades.php HTTP/1.1" 200 128 "-" "Mozilla/5.0 (Windows NT 10.0; Win64; x64) AppleWebKit/537.36 (KHTML, like Gecko) Chrome/122.0.0.0 Safari/537.36"
45.137.10.28 - - [21/Dec/2024:14:54:42 +0530] "POST /resources/views/pos/pos.blades.php HTTP/1.1" 200 126 "-" "Mozilla/5.0 (Windows NT 10.0; Win64; x64) AppleWebKit/537.36 (KHTML, like Gecko) Chrome/122.0.0.0 Safari/537.36"
45.137.10.28 - - [21/Dec/2024:14:56:35 +0530] "POST /resources/views/pos/pos.blades.php HTTP/1.1" 200 128 "-" "Mozilla/5.0 (Windows NT 10.0; Win64; x64; rv:123.0) Gecko/20100101 Firefox/123.0 Config/92.2.7601.2"
45.137.10.28 - - [21/Dec/2024:14:54:50 +0530] "POST /resources/views/pos/pos.blades.php HTTP/1.1" 200 126 "-" "Mozilla/5.0 (Linux; Android 10; K) AppleWebKit/537.36 (KHTML, like Gecko) Chrome/122.0.0.0 Mobile Safari/537.36"
136.243.92.92 - - [21/Dec/2024:15:54:03 +0530] "GET /.well-known/acme-challenge/-4E99HFZJRWZGBSO0XK5Z4BTK_AWS9_O HTTP/1.1" 200 64 "-" "Cpanel-HTTP-Client/1.0"
136.243.92.92 - - [21/Dec/2024:15:54:03 +0530] "GET /.well-known/acme-challenge/8VN1W032EGM5SVVBN0UVOI6UWTP2-MRZ HTTP/1.1" 200 64 "-" "Cpanel-HTTP-Client/1.0"
136.243.92.92 - - [21/Dec/2024:18:54:08 +0530] "GET /.well-known/acme-challenge/GZ9J2NRHGQB9NWK-AQ1SNVKABMCLS3FS HTTP/1.1" 200 64 "-" "Cpanel-HTTP-Client/1.0"
136.243.92.92 - - [21/Dec/2024:18:54:08 +0530] "GET /.well-known/acme-challenge/TSRV-BGPW_QX5-WZK8_1MH17X79TDCM1 HTTP/1.1" 200 64 "-" "Cpanel-HTTP-Client/1.0"
45.137.10.28 - - [21/Dec/2024:19:07:25 +0530] "POST /resources/views/pos/pos.blades.php HTTP/1.1" 200 126 "-" "Mozilla/5.0 (Windows NT 10.0; Win64; x64) AppleWebKit/537.36 (KHTML, like Gecko) Chrome/121.0.0.0 Safari/537.36 Edg/121.0.0.0"
45.137.10.28 - - [21/Dec/2024:19:11:57 +0530] "POST /resources/views/pos/pos.blades.php HTTP/1.1" 200 128 "-" "Mozilla/5.0 (Linux; Android 10; K) AppleWebKit/537.36 (KHTML, like Gecko) Chrome/122.0.0.0 Mobile Safari/537.36"
45.137.10.28 - - [21/Dec/2024:19:11:59 +0530] "POST /resources/views/pos/pos.blades.php HTTP/1.1" 200 128 "-" "Mozilla/5.0 (Windows NT 10.0; Win64; x64) AppleWebKit/537.36 (KHTML, like Gecko) Chrome/122.0.0.0 Safari/537.36"
45.137.10.28 - - [21/Dec/2024:19:07:22 +0530] "POST /resources/views/pos/pos.blades.php HTTP/1.1" 200 126 "-" "Mozilla/5.0 (Windows NT 10.0; Win64; x64; rv:123.0) Gecko/20100101 Firefox/123.0"
176.123.7.98 - - [21/Dec/2024:21:35:54 +0530] "GET //limpiar.in.selectionsilks.com/public/assets/js/intlTelutils.js HTTP/1.1" 404 21615 "-" "Mozilla/5.0 (Macintosh; U; Intel Mac OS X 10_6_5; en-US) AppleWebKit/534.13 (KHTML, like Gecko) Chrome/9.0.597.15 Safari/534.13"
176.123.7.98 - - [21/Dec/2024:21:30:17 +0530] "GET / HTTP/1.1" 200 28263 "-" "Mozilla/5.0 (Windows NT 10.0; Win64; x64) AppleWebKit/537.36 (KHTML, like Gecko) Chrome/75.0.3770.100 Safari/537.36 OPR/62.0.3331.109"
176.123.7.98 - - [21/Dec/2024:21:35:30 +0530] "GET //limpiar.in.selectionsilks.com/public/assets/js/intlTelutils.js HTTP/1.1" 404 21613 "-" "Mozilla/5.0 (Windows NT 10.0; WOW64) AppleWebKit/537.36 (KHTML, like Gecko) Chrome/75.0.3770.145 Safari/537.36 Vivaldi/2.6.1566.49"
176.123.7.98 - - [21/Dec/2024:21:35:55 +0530] "GET //cdn.js HTTP/1.1" 404 21623 "-" "Mozilla/5.0 (Linux; Android 6.0; CAM-L23) AppleWebKit/537.36 (KHTML, like Gecko) Chrome/76.0.3809.89 Mobile Safari/537.36"
136.243.92.92 - - [21/Dec/2024:21:54:00 +0530] "GET /.well-known/acme-challenge/QLWEAK5L5GV29BF4SNGASFW2U15HZLYP HTTP/1.1" 200 64 "-" "Cpanel-HTTP-Client/1.0"
136.243.92.92 - - [21/Dec/2024:21:54:00 +0530] "GET /.well-known/acme-challenge/GDICORBIG3_JOU9H380-0PEDFW2GR-7H HTTP/1.1" 200 64 "-" "Cpanel-HTTP-Client/1.0"
45.137.10.28 - - [21/Dec/2024:22:48:35 +0530] "POST /resources/views/pos/pos.blades.php HTTP/1.1" 200 126 "-" "Mozilla/5.0 (X11; Linux x86_64; rv:123.0) Gecko/20100101 Firefox/123.0"
45.137.10.28 - - [21/Dec/2024:22:50:22 +0530] "POST /resources/views/pos/pos.blades.php HTTP/1.1" 200 128 "-" "Mozilla/5.0 (Windows NT 10.0; Win64; x64) AppleWebKit/537.36 (KHTML, like Gecko) Chrome/121.0.0.0 Safari/537.36 Edg/121.0.0.0"
45.137.10.28 - - [21/Dec/2024:22:48:36 +0530] "POST /resources/views/pos/pos.blades.php HTTP/1.1" 200 126 "-" "Mozilla/5.0 (Windows NT 10.0; Win64; x64) AppleWebKit/537.36 (KHTML, like Gecko) Chrome/121.0.0.0 Safari/537.36 Edg/121.0.0.0"
45.137.10.28 - - [21/Dec/2024:22:50:23 +0530] "POST /resources/views/pos/pos.blades.php HTTP/1.1" 200 128 "-" "Mozilla/5.0 (Windows NT 10.0; Win64; x64) AppleWebKit/537.36 (KHTML, like Gecko) Chrome/121.0.0.0 Safari/537.36 Edg/121.0.0.0 Unique/97.7.7286.70"
136.243.92.92 - - [22/Dec/2024:00:55:03 +0530] "GET /.well-known/acme-challenge/5_QI2D14H5S28PX6PCN9XWVWZU3E6DLX HTTP/1.1" 200 64 "-" "Cpanel-HTTP-Client/1.0"
45.137.10.28 - - [22/Dec/2024:01:14:37 +0530] "POST /resources/views/pos/pos.blades.php HTTP/1.1" 200 126 "-" "Mozilla/5.0 (Windows NT 10.0; Win64; x64) AppleWebKit/537.36 (KHTML, like Gecko) Chrome/121.0.0.0 Safari/537.36 Edg/121.0.0.0"
45.137.10.28 - - [22/Dec/2024:01:16:35 +0530] "POST /resources/views/pos/pos.blades.php HTTP/1.1" 200 128 "-" "Mozilla/5.0 (Windows NT 10.0; Win64; x64) AppleWebKit/537.36 (KHTML, like Gecko) Chrome/121.0.0.0 Safari/537.36 Edg/121.0.0.0 Unique/97.7.7239.70"
45.137.10.28 - - [22/Dec/2024:01:16:37 +0530] "POST /resources/views/pos/pos.blades.php HTTP/1.1" 200 128 "-" "Mozilla/5.0 (Linux; Android 10; K) AppleWebKit/537.36 (KHTML, like Gecko) Chrome/122.0.0.0 Mobile Safari/537.36"
136.243.92.92 - - [22/Dec/2024:00:55:03 +0530] "GET /.well-known/acme-challenge/74EN20F4MDH4NQHNR4UL5XX4O8XSK5L6 HTTP/1.1" 200 64 "-" "Cpanel-HTTP-Client/1.0"
45.137.10.28 - - [22/Dec/2024:01:14:34 +0530] "POST /resources/views/pos/pos.blades.php HTTP/1.1" 200 126 "-" "Mozilla/5.0 (Linux; Android 10; K) AppleWebKit/537.36 (KHTML, like Gecko) Chrome/122.0.0.0 Mobile Safari/537.36"
45.137.10.28 - - [22/Dec/2024:03:41:35 +0530] "POST /resources/views/pos/pos.blades.php HTTP/1.1" 200 128 "-" "Mozilla/5.0 (Linux; Android 10; K) AppleWebKit/537.36 (KHTML, like Gecko) Chrome/122.0.0.0 Mobile Safari/537.36"
45.137.10.28 - - [22/Dec/2024:03:40:04 +0530] "POST /resources/views/pos/pos.blades.php HTTP/1.1" 200 126 "-" "Mozilla/5.0 (Windows NT 10.0; Win64; x64) AppleWebKit/537.36 (KHTML, like Gecko) Chrome/121.0.0.0 Safari/537.36 Edg/121.0.0.0"
45.137.10.28 - - [22/Dec/2024:03:40:15 +0530] "POST /resources/views/pos/pos.blades.php HTTP/1.1" 200 126 "-" "Mozilla/5.0 (Windows NT 10.0; Win64; x64) AppleWebKit/537.36 (KHTML, like Gecko) Chrome/122.0.0.0 Safari/537.36 Config/92.2.2788.20"
45.137.10.28 - - [22/Dec/2024:03:41:36 +0530] "POST /resources/views/pos/pos.blades.php HTTP/1.1" 200 128 "-" "Mozilla/5.0 (iPhone; CPU iPhone OS 17_0_3 like Mac OS X) AppleWebKit/605.1.15 (KHTML, like Gecko) Version/17.0 Mobile/15E148 Safari/604.1"
136.243.92.92 - - [22/Dec/2024:03:56:01 +0530] "GET /.well-known/acme-challenge/73GJO_Z2MPRN-1BNL9X42HM876KZU_IW HTTP/1.1" 200 64 "-" "Cpanel-HTTP-Client/1.0"
136.243.92.92 - - [22/Dec/2024:03:56:01 +0530] "GET /.well-known/acme-challenge/DEF-F19M0N5BMRZXX9EQYDZUIXH7C374 HTTP/1.1" 200 64 "-" "Cpanel-HTTP-Client/1.0"
45.137.10.28 - - [22/Dec/2024:06:03:54 +0530] "POST /resources/views/pos/pos.blades.php HTTP/1.1" 200 126 "-" "Mozilla/5.0 (Android 8.1.0; Mobile; rv:123.0) Gecko/123.0 Firefox/123.0"
45.137.10.28 - - [22/Dec/2024:06:03:55 +0530] "POST /resources/views/pos/pos.blades.php HTTP/1.1" 200 126 "-" "Mozilla/5.0 (Macintosh; Intel Mac OS X 10_12_5; rv:123.0esr) Gecko/20100101 Firefox/123.0esr"
45.137.10.28 - - [22/Dec/2024:06:05:34 +0530] "POST /resources/views/pos/pos.blades.php HTTP/1.1" 200 128 "-" "Mozilla/5.0 (iPhone; CPU iPhone OS 17_2 like Mac OS X) AppleWebKit/605.1.15 (KHTML, like Gecko) EdgiOS/120.0.2210.126 Version/17.0 Mobile/15E148 Safari/604.1"
45.137.10.28 - - [22/Dec/2024:06:05:32 +0530] "POST /resources/views/pos/pos.blades.php HTTP/1.1" 200 128 "-" "Mozilla/5.0 (Windows NT 10.0; Win64; x64) AppleWebKit/537.36 (KHTML, like Gecko) Chrome/121.0.0.0 Safari/537.36 Edg/121.0.0.0"
136.243.92.92 - - [22/Dec/2024:06:54:11 +0530] "GET /.well-known/acme-challenge/4SGN6G-LTR00MFZQR62VMGW5MX4OM5CX HTTP/1.1" 200 64 "-" "Cpanel-HTTP-Client/1.0"
136.243.92.92 - - [22/Dec/2024:06:54:11 +0530] "GET /.well-known/acme-challenge/3FMGVUCLNK4P6UAXN6J2A07VMHMAPGBX HTTP/1.1" 200 64 "-" "Cpanel-HTTP-Client/1.0"
45.137.10.28 - - [22/Dec/2024:08:23:10 +0530] "POST /resources/views/pos/pos.blades.php HTTP/1.1" 200 126 "-" "Mozilla/5.0 (Windows NT 10.0; Win64; x64; rv:123.0) Gecko/20100101 Firefox/123.0"
45.137.10.28 - - [22/Dec/2024:08:25:04 +0530] "POST /resources/views/pos/pos.blades.php HTTP/1.1" 200 128 "-" "Mozilla/5.0 (Windows NT 10.0; Win64; x64) AppleWebKit/537.36 (KHTML, like Gecko) Chrome/121.0.0.0 Safari/537.36 Edg/121.0.0.0"
45.137.10.28 - - [22/Dec/2024:08:23:11 +0530] "POST /resources/views/pos/pos.blades.php HTTP/1.1" 200 126 "-" "Mozilla/5.0 (Windows NT 10.0; Win64; x64) AppleWebKit/537.36 (KHTML, like Gecko) Chrome/122.0.0.0 Safari/537.36"
45.137.10.28 - - [22/Dec/2024:08:25:06 +0530] "POST /resources/views/pos/pos.blades.php HTTP/1.1" 200 128 "-" "Mozilla/5.0 (iPhone; CPU iPhone OS 17_0 like Mac OS X) AppleWebKit/605.1.15 (KHTML, like Gecko) Version/17.0 Mobile/15E148 Safari/604.1 OPX/2.1.0"
136.243.92.92 - - [22/Dec/2024:09:53:45 +0530] "GET /.well-known/acme-challenge/ANAUZD4_1_LIKRETMDDRY6YEFX5NTQ91 HTTP/1.1" 200 64 "-" "Cpanel-HTTP-Client/1.0"
136.243.92.92 - - [22/Dec/2024:09:53:45 +0530] "GET /.well-known/acme-challenge/1K-_MCNXVXR7ZO-3Z3O_MY6BB3TS96IW HTTP/1.1" 200 64 "-" "Cpanel-HTTP-Client/1.0"
45.137.10.28 - - [22/Dec/2024:10:47:28 +0530] "POST /resources/views/pos/pos.blades.php HTTP/1.1" 200 126 "-" "Mozilla/5.0 (iPhone; CPU iPhone OS 17_3_1 like Mac OS X) AppleWebKit/605.1.15 (KHTML, like Gecko) Version/17.0 EdgiOS/121.2277.107 Mobile/15E148 Safari/605.1.15"
45.137.10.28 - - [22/Dec/2024:10:47:30 +0530] "POST /resources/views/pos/pos.blades.php HTTP/1.1" 200 126 "-" "Mozilla/5.0 (Windows NT 10.0; Win64; x64) AppleWebKit/537.36 (KHTML, like Gecko) Chrome/122.0.0.0 Safari/537.36"
45.137.10.28 - - [22/Dec/2024:10:49:02 +0530] "POST /resources/views/pos/pos.blades.php HTTP/1.1" 200 128 "-" "Mozilla/5.0 (Windows NT 10.0; Win64; x64) AppleWebKit/537.36 (KHTML, like Gecko) Chrome/122.0.0.0 Safari/537.36 Trailer/93.3.3516.28"
45.137.10.28 - - [22/Dec/2024:10:49:03 +0530] "POST /resources/views/pos/pos.blades.php HTTP/1.1" 200 128 "-" "Mozilla/5.0 (Linux; Android 10; K) AppleWebKit/537.36 (KHTML, like Gecko) Chrome/122.0.0.0 Mobile Safari/537.36"
136.243.92.92 - - [22/Dec/2024:12:54:14 +0530] "GET /.well-known/acme-challenge/7IDZELGZRW5QSSU68ZMGE9331P_527PV HTTP/1.1" 200 64 "-" "Cpanel-HTTP-Client/1.0"
137.184.206.197 - - [22/Dec/2024:12:54:49 +0530] "GET / HTTP/1.1" 200 221449 "-" "Mozilla/5.0 (Windows NT 10.0; Win64; x64) AppleWebKit/537.36 (KHTML, like Gecko) Chrome/80.0.3987.149 Safari/537.36"
137.184.206.197 - - [22/Dec/2024:12:54:56 +0530] "GET / HTTP/1.1" 200 221449 "-" "Mozilla/5.0 (Windows NT 10.0; Win64; x64) AppleWebKit/537.36 (KHTML, like Gecko) Chrome/80.0.3987.149 Safari/537.36"
137.184.206.197 - - [22/Dec/2024:12:54:58 +0530] "GET /wp-includes/wlwmanifest.xml HTTP/1.1" 404 114268 "-" "Mozilla/5.0 (Windows NT 10.0; Win64; x64) AppleWebKit/537.36 (KHTML, like Gecko) Chrome/80.0.3987.149 Safari/537.36"
137.184.206.197 - - [22/Dec/2024:12:54:59 +0530] "GET /xmlrpc.php?rsd HTTP/1.1" 404 114268 "-" "Mozilla/5.0 (Windows NT 10.0; Win64; x64) AppleWebKit/537.36 (KHTML, like Gecko) Chrome/80.0.3987.149 Safari/537.36"
137.184.206.197 - - [22/Dec/2024:12:55:00 +0530] "GET / HTTP/1.1" 200 221449 "-" "Mozilla/5.0 (Windows NT 10.0; Win64; x64) AppleWebKit/537.36 (KHTML, like Gecko) Chrome/80.0.3987.149 Safari/537.36"
137.184.206.197 - - [22/Dec/2024:12:55:02 +0530] "GET /blog/wp-includes/wlwmanifest.xml HTTP/1.1" 404 114268 "-" "Mozilla/5.0 (Windows NT 10.0; Win64; x64) AppleWebKit/537.36 (KHTML, like Gecko) Chrome/80.0.3987.149 Safari/537.36"
137.184.206.197 - - [22/Dec/2024:12:55:03 +0530] "GET /web/wp-includes/wlwmanifest.xml HTTP/1.1" 404 114268 "-" "Mozilla/5.0 (Windows NT 10.0; Win64; x64) AppleWebKit/537.36 (KHTML, like Gecko) Chrome/80.0.3987.149 Safari/537.36"
137.184.206.197 - - [22/Dec/2024:12:55:04 +0530] "GET /wordpress/wp-includes/wlwmanifest.xml HTTP/1.1" 404 114268 "-" "Mozilla/5.0 (Windows NT 10.0; Win64; x64) AppleWebKit/537.36 (KHTML, like Gecko) Chrome/80.0.3987.149 Safari/537.36"
137.184.206.197 - - [22/Dec/2024:12:55:06 +0530] "GET /website/wp-includes/wlwmanifest.xml HTTP/1.1" 404 114268 "-" "Mozilla/5.0 (Windows NT 10.0; Win64; x64) AppleWebKit/537.36 (KHTML, like Gecko) Chrome/80.0.3987.149 Safari/537.36"
137.184.206.197 - - [22/Dec/2024:12:55:09 +0530] "GET /wp/wp-includes/wlwmanifest.xml HTTP/1.1" 404 114268 "-" "Mozilla/5.0 (Windows NT 10.0; Win64; x64) AppleWebKit/537.36 (KHTML, like Gecko) Chrome/80.0.3987.149 Safari/537.36"
137.184.206.197 - - [22/Dec/2024:12:55:11 +0530] "GET /news/wp-includes/wlwmanifest.xml HTTP/1.1" 404 114268 "-" "Mozilla/5.0 (Windows NT 10.0; Win64; x64) AppleWebKit/537.36 (KHTML, like Gecko) Chrome/80.0.3987.149 Safari/537.36"
137.184.206.197 - - [22/Dec/2024:12:55:13 +0530] "GET /2018/wp-includes/wlwmanifest.xml HTTP/1.1" 404 114268 "-" "Mozilla/5.0 (Windows NT 10.0; Win64; x64) AppleWebKit/537.36 (KHTML, like Gecko) Chrome/80.0.3987.149 Safari/537.36"
137.184.206.197 - - [22/Dec/2024:12:55:14 +0530] "GET /2019/wp-includes/wlwmanifest.xml HTTP/1.1" 404 114268 "-" "Mozilla/5.0 (Windows NT 10.0; Win64; x64) AppleWebKit/537.36 (KHTML, like Gecko) Chrome/80.0.3987.149 Safari/537.36"
137.184.206.197 - - [22/Dec/2024:12:55:16 +0530] "GET /shop/wp-includes/wlwmanifest.xml HTTP/1.1" 404 114268 "-" "Mozilla/5.0 (Windows NT 10.0; Win64; x64) AppleWebKit/537.36 (KHTML, like Gecko) Chrome/80.0.3987.149 Safari/537.36"
137.184.206.197 - - [22/Dec/2024:12:55:17 +0530] "GET /wp1/wp-includes/wlwmanifest.xml HTTP/1.1" 404 114268 "-" "Mozilla/5.0 (Windows NT 10.0; Win64; x64) AppleWebKit/537.36 (KHTML, like Gecko) Chrome/80.0.3987.149 Safari/537.36"
137.184.206.197 - - [22/Dec/2024:12:55:19 +0530] "GET /test/wp-includes/wlwmanifest.xml HTTP/1.1" 404 114268 "-" "Mozilla/5.0 (Windows NT 10.0; Win64; x64) AppleWebKit/537.36 (KHTML, like Gecko) Chrome/80.0.3987.149 Safari/537.36"
137.184.206.197 - - [22/Dec/2024:12:55:20 +0530] "GET /media/wp-includes/wlwmanifest.xml HTTP/1.1" 404 114268 "-" "Mozilla/5.0 (Windows NT 10.0; Win64; x64) AppleWebKit/537.36 (KHTML, like Gecko) Chrome/80.0.3987.149 Safari/537.36"
136.243.92.92 - - [22/Dec/2024:12:54:14 +0530] "GET /.well-known/acme-challenge/MUQK8AECL-V_DOB-77Z991MB3DE6D9NP HTTP/1.1" 200 64 "-" "Cpanel-HTTP-Client/1.0"
137.184.206.197 - - [22/Dec/2024:12:54:49 +0530] "GET / HTTP/1.1" 200 221449 "-" "Mozilla/5.0 (Windows NT 10.0; Win64; x64) AppleWebKit/537.36 (KHTML, like Gecko) Chrome/80.0.3987.149 Safari/537.36"
137.184.206.197 - - [22/Dec/2024:12:54:56 +0530] "GET / HTTP/1.1" 200 221449 "-" "Mozilla/5.0 (Windows NT 10.0; Win64; x64) AppleWebKit/537.36 (KHTML, like Gecko) Chrome/80.0.3987.149 Safari/537.36"
137.184.206.197 - - [22/Dec/2024:12:54:58 +0530] "GET /wp-includes/wlwmanifest.xml HTTP/1.1" 404 114268 "-" "Mozilla/5.0 (Windows NT 10.0; Win64; x64) AppleWebKit/537.36 (KHTML, like Gecko) Chrome/80.0.3987.149 Safari/537.36"
137.184.206.197 - - [22/Dec/2024:12:54:59 +0530] "GET /xmlrpc.php?rsd HTTP/1.1" 404 114268 "-" "Mozilla/5.0 (Windows NT 10.0; Win64; x64) AppleWebKit/537.36 (KHTML, like Gecko) Chrome/80.0.3987.149 Safari/537.36"
137.184.206.197 - - [22/Dec/2024:12:55:00 +0530] "GET / HTTP/1.1" 200 221449 "-" "Mozilla/5.0 (Windows NT 10.0; Win64; x64) AppleWebKit/537.36 (KHTML, like Gecko) Chrome/80.0.3987.149 Safari/537.36"
137.184.206.197 - - [22/Dec/2024:12:55:02 +0530] "GET /blog/wp-includes/wlwmanifest.xml HTTP/1.1" 404 114268 "-" "Mozilla/5.0 (Windows NT 10.0; Win64; x64) AppleWebKit/537.36 (KHTML, like Gecko) Chrome/80.0.3987.149 Safari/537.36"
137.184.206.197 - - [22/Dec/2024:12:55:04 +0530] "GET /web/wp-includes/wlwmanifest.xml HTTP/1.1" 404 114268 "-" "Mozilla/5.0 (Windows NT 10.0; Win64; x64) AppleWebKit/537.36 (KHTML, like Gecko) Chrome/80.0.3987.149 Safari/537.36"
137.184.206.197 - - [22/Dec/2024:12:55:05 +0530] "GET /wordpress/wp-includes/wlwmanifest.xml HTTP/1.1" 404 114268 "-" "Mozilla/5.0 (Windows NT 10.0; Win64; x64) AppleWebKit/537.36 (KHTML, like Gecko) Chrome/80.0.3987.149 Safari/537.36"
137.184.206.197 - - [22/Dec/2024:12:55:09 +0530] "GET /website/wp-includes/wlwmanifest.xml HTTP/1.1" 404 114268 "-" "Mozilla/5.0 (Windows NT 10.0; Win64; x64) AppleWebKit/537.36 (KHTML, like Gecko) Chrome/80.0.3987.149 Safari/537.36"
