185.147.125.17 - - [20/Dec/2024:22:34:02 +0530] "POST /contact.php HTTP/1.0" 200 40557 "https://sqarextechnologies.com/contact.php" "Mozilla/5.0 (Windows NT 10.0.0; Win64; x64; ) AppleWebKit/537.36 (KHTML, like Gecko) Chrome/124.0.6367.63 Chrome/124.0.6367.63 Not-A.Brand/99 Safari/537.36"
185.147.125.22 - - [20/Dec/2024:22:50:03 +0530] "GET / HTTP/1.0" 200 163502 "https://sqarextechnologies.com/" "Mozilla/5.0 (Windows NT 10.0.0; Win64; x64; ) AppleWebKit/537.36 (KHTML, like Gecko) Chrome/124.0.6367.78 Chrome/124.0.6367.78 Not-A.Brand/99 Safari/537.36"
185.147.125.22 - - [20/Dec/2024:23:01:58 +0530] "POST /contact.php HTTP/1.0" 200 40557 "https://sqarextechnologies.com/contact.php" "Mozilla/5.0 (Windows NT 15.0.0; Win64; x64; ) AppleWebKit/537.36 (KHTML, like Gecko) Chrome/124.0.6367.119 Chrome/124.0.6367.119 Not-A.Brand/99 Safari/537.36"
185.147.125.21 - - [20/Dec/2024:23:05:52 +0530] "GET / HTTP/1.0" 200 163502 "https://sqarextechnologies.com/" "Mozilla/5.0 (Windows NT 10.0.0; Win64; x64; ) AppleWebKit/537.36 (KHTML, like Gecko) Chrome/124.0.6367.61 Chrome/124.0.6367.61 Not-A.Brand/99 Safari/537.36"
185.147.125.21 - - [20/Dec/2024:23:05:52 +0530] "POST /contact.php HTTP/1.0" 200 40557 "https://sqarextechnologies.com/contact.php" "Mozilla/5.0 (Windows NT 10.0.0; Win64; x64; ) AppleWebKit/537.36 (KHTML, like Gecko) Chrome/124.0.6367.61 Chrome/124.0.6367.61 Not-A.Brand/99 Safari/537.36"
185.147.125.22 - - [20/Dec/2024:23:12:13 +0530] "GET /contact-form.php HTTP/1.0" 200 33707 "https://sqarextechnologies.com/contact-form.php" "Mozilla/5.0 (Windows NT 10.0.0; Win64; x64; ) AppleWebKit/537.36 (KHTML, like Gecko) Chrome/124.0.6367.119 Chrome/124.0.6367.119 Not-A.Brand/99 Safari/537.36"
185.147.125.22 - - [20/Dec/2024:23:19:57 +0530] "GET / HTTP/1.0" 200 163502 "https://sqarextechnologies.com/" "Mozilla/5.0 (Windows NT 10.0.0; Win64; x64; ) AppleWebKit/537.36 (KHTML, like Gecko) Chrome/124.0.6367.78 Chrome/124.0.6367.78 Not-A.Brand/99 Safari/537.36"
185.147.125.22 - - [20/Dec/2024:23:19:57 +0530] "GET /contact.php HTTP/1.0" 200 40299 "https://sqarextechnologies.com/contact.php" "Mozilla/5.0 (Windows NT 10.0.0; Win64; x64; ) AppleWebKit/537.36 (KHTML, like Gecko) Chrome/124.0.6367.78 Chrome/124.0.6367.78 Not-A.Brand/99 Safari/537.36"
185.147.125.22 - - [20/Dec/2024:23:19:57 +0530] "POST /contact.php HTTP/1.0" 200 40557 "https://sqarextechnologies.com/contact.php" "Mozilla/5.0 (Windows NT 10.0.0; Win64; x64; ) AppleWebKit/537.36 (KHTML, like Gecko) Chrome/124.0.6367.78 Chrome/124.0.6367.78 Not-A.Brand/99 Safari/537.36"
185.147.125.22 - - [20/Dec/2024:23:29:56 +0530] "GET /contact.php HTTP/1.0" 200 40299 "https://sqarextechnologies.com/contact.php" "Mozilla/5.0 (Windows NT 10.0.0; Win64; x64; ) AppleWebKit/537.36 (KHTML, like Gecko) Chrome/124.0.6367.78 Chrome/124.0.6367.78 Not-A.Brand/99 Safari/537.36"
185.147.125.22 - - [20/Dec/2024:23:29:55 +0530] "GET / HTTP/1.0" 200 163502 "https://sqarextechnologies.com/" "Mozilla/5.0 (Windows NT 10.0.0; Win64; x64; ) AppleWebKit/537.36 (KHTML, like Gecko) Chrome/124.0.6367.78 Chrome/124.0.6367.78 Not-A.Brand/99 Safari/537.36"
185.147.125.22 - - [20/Dec/2024:23:29:56 +0530] "POST /contact.php HTTP/1.0" 200 40557 "https://sqarextechnologies.com/contact.php" "Mozilla/5.0 (Windows NT 10.0.0; Win64; x64; ) AppleWebKit/537.36 (KHTML, like Gecko) Chrome/124.0.6367.78 Chrome/124.0.6367.78 Not-A.Brand/99 Safari/537.36"
185.147.125.22 - - [20/Dec/2024:23:52:23 +0530] "GET / HTTP/1.0" 200 163502 "https://sqarextechnologies.com/" "Mozilla/5.0 (Windows NT 10.0; Win64; x64) AppleWebKit/537.36 (KHTML, like Gecko) Chrome/124.0.6367.92 Safari/537.36"
185.147.125.22 - - [20/Dec/2024:23:52:23 +0530] "POST /contact.php HTTP/1.0" 200 40557 "https://sqarextechnologies.com/contact.php" "Mozilla/5.0 (Windows NT 10.0; Win64; x64) AppleWebKit/537.36 (KHTML, like Gecko) Chrome/124.0.6367.92 Safari/537.36"
185.147.125.22 - - [21/Dec/2024:00:04:35 +0530] "POST /contact.php HTTP/1.0" 200 40557 "https://sqarextechnologies.com/contact.php" "Mozilla/5.0 (Windows NT 10.0.0; Win64; x64; ) AppleWebKit/537.36 (KHTML, like Gecko) Chrome/124.0.6367.62 Chrome/124.0.6367.62 Not-A.Brand/99 Safari/537.36"
185.147.125.22 - - [21/Dec/2024:00:04:33 +0530] "GET / HTTP/1.0" 200 163502 "https://sqarextechnologies.com/" "Mozilla/5.0 (Windows NT 10.0.0; Win64; x64; ) AppleWebKit/537.36 (KHTML, like Gecko) Chrome/124.0.6367.62 Chrome/124.0.6367.62 Not-A.Brand/99 Safari/537.36"
185.147.125.22 - - [21/Dec/2024:00:04:34 +0530] "GET /contact.php HTTP/1.0" 200 40299 "https://sqarextechnologies.com/contact.php" "Mozilla/5.0 (Windows NT 10.0.0; Win64; x64; ) AppleWebKit/537.36 (KHTML, like Gecko) Chrome/124.0.6367.62 Chrome/124.0.6367.62 Not-A.Brand/99 Safari/537.36"
185.147.125.22 - - [20/Dec/2024:23:52:23 +0530] "GET /contact.php HTTP/1.0" 200 40299 "https://sqarextechnologies.com/contact.php" "Mozilla/5.0 (Windows NT 10.0; Win64; x64) AppleWebKit/537.36 (KHTML, like Gecko) Chrome/124.0.6367.92 Safari/537.36"
165.22.225.42 - - [21/Dec/2024:00:28:57 +0530] "GET /images/logo/letter-s.png HTTP/1.1" 200 25502 "https://sqarextechnologies.com/" "Mozilla/5.0 (compatible)"
165.22.225.42 - - [21/Dec/2024:00:28:52 +0530] "GET / HTTP/1.1" 200 34674 "-" "Mozilla/5.0 (compatible)"
34.32.191.120 - - [21/Dec/2024:00:38:08 +0530] "GET /media/system/js/core.js HTTP/2" 200 34674 "http://sqarextechnologies.com/media/system/js/core.js" "Mozilla/5.0 (Macintosh; Intel Mac OS X 10_10_1) AppleWebKit/537.36 (KHTML, like Gecko) Chrome/39.0.2171.95 Safari/537.36"
34.32.191.120 - - [21/Dec/2024:00:38:08 +0530] "GET /wp-includes/js/jquery/jquery.js HTTP/2" 200 34674 "http://sqarextechnologies.com/wp-includes/js/jquery/jquery.js" "Mozilla/5.0 (Macintosh; Intel Mac OS X 10_10_1) AppleWebKit/537.36 (KHTML, like Gecko) Chrome/39.0.2171.95 Safari/537.36"
185.147.125.22 - - [21/Dec/2024:00:49:40 +0530] "POST /contact-form.php HTTP/1.0" 200 33965 "https://sqarextechnologies.com/contact-form.php" "Mozilla/5.0 (Windows NT 10.0.0; Win64; x64; ) AppleWebKit/537.36 (KHTML, like Gecko) Chrome/124.0.6367.93 Chrome/124.0.6367.93 Not-A.Brand/99 Safari/537.36"
185.147.125.22 - - [21/Dec/2024:00:55:23 +0530] "POST /contact.php HTTP/1.0" 200 40557 "https://sqarextechnologies.com/contact.php" "Mozilla/5.0 (Windows NT 10.0.0; Win64; x64; ) AppleWebKit/537.36 (KHTML, like Gecko) Chrome/124.0.6367.119 Chrome/124.0.6367.119 Not-A.Brand/99 Safari/537.36"
185.147.125.22 - - [21/Dec/2024:00:49:40 +0530] "GET /contact-form.php HTTP/1.0" 200 33707 "https://sqarextechnologies.com/contact-form.php" "Mozilla/5.0 (Windows NT 10.0.0; Win64; x64; ) AppleWebKit/537.36 (KHTML, like Gecko) Chrome/124.0.6367.93 Chrome/124.0.6367.93 Not-A.Brand/99 Safari/537.36"
20.42.10.188 - - [21/Dec/2024:00:43:08 +0530] "GET /robots.txt HTTP/2" 200 34674 "-" "Mozilla/5.0 AppleWebKit/537.36 (KHTML, like Gecko); compatible; OAI-SearchBot/1.0; +https://openai.com/searchbot"
185.147.125.22 - - [21/Dec/2024:00:49:34 +0530] "GET / HTTP/1.0" 200 163502 "https://sqarextechnologies.com/" "Mozilla/5.0 (Windows NT 10.0.0; Win64; x64; ) AppleWebKit/537.36 (KHTML, like Gecko) Chrome/124.0.6367.93 Chrome/124.0.6367.93 Not-A.Brand/99 Safari/537.36"
185.147.125.22 - - [21/Dec/2024:00:55:23 +0530] "GET / HTTP/1.0" 200 163502 "https://sqarextechnologies.com/" "Mozilla/5.0 (Windows NT 10.0.0; Win64; x64; ) AppleWebKit/537.36 (KHTML, like Gecko) Chrome/124.0.6367.119 Chrome/124.0.6367.119 Not-A.Brand/99 Safari/537.36"
185.147.125.22 - - [21/Dec/2024:00:55:23 +0530] "GET /contact.php HTTP/1.0" 200 40299 "https://sqarextechnologies.com/contact.php" "Mozilla/5.0 (Windows NT 10.0.0; Win64; x64; ) AppleWebKit/537.36 (KHTML, like Gecko) Chrome/124.0.6367.119 Chrome/124.0.6367.119 Not-A.Brand/99 Safari/537.36"
185.147.125.22 - - [21/Dec/2024:00:59:38 +0530] "GET / HTTP/1.0" 200 163502 "https://sqarextechnologies.com/" "Mozilla/5.0 (Windows NT 10.0; Win64; x64; ) AppleWebKit/537.36 (KHTML, like Gecko) Chrome/124.0.6367.61 Chrome/124.0.6367.61 Not-A.Brand/99 Safari/537.36"
185.147.125.22 - - [21/Dec/2024:00:59:38 +0530] "GET /contact.php HTTP/1.0" 200 40299 "https://sqarextechnologies.com/contact.php" "Mozilla/5.0 (Windows NT 10.0; Win64; x64; ) AppleWebKit/537.36 (KHTML, like Gecko) Chrome/124.0.6367.61 Chrome/124.0.6367.61 Not-A.Brand/99 Safari/537.36"
185.147.125.22 - - [21/Dec/2024:00:59:38 +0530] "POST /contact.php HTTP/1.0" 200 40557 "https://sqarextechnologies.com/contact.php" "Mozilla/5.0 (Windows NT 10.0; Win64; x64; ) AppleWebKit/537.36 (KHTML, like Gecko) Chrome/124.0.6367.61 Chrome/124.0.6367.61 Not-A.Brand/99 Safari/537.36"
185.147.125.22 - - [21/Dec/2024:01:08:15 +0530] "GET /contact.php HTTP/1.0" 200 40299 "https://sqarextechnologies.com/contact.php" "Mozilla/5.0 (Windows NT 10.0; Win64; x64) AppleWebKit/537.36 (KHTML, like Gecko) Chrome/125.0.0.0 Safari/537.36"
185.147.125.22 - - [21/Dec/2024:01:09:27 +0530] "GET / HTTP/1.0" 200 163502 "https://sqarextechnologies.com/" "Mozilla/5.0 (Windows NT 10.0.0; Win64; x64; ) AppleWebKit/537.36 (KHTML, like Gecko) Chrome/124.0.6367.61 Chrome/124.0.6367.61 Not-A.Brand/99 Safari/537.36"
185.147.125.22 - - [21/Dec/2024:01:08:15 +0530] "GET / HTTP/1.0" 200 163502 "https://sqarextechnologies.com/" "Mozilla/5.0 (Windows NT 10.0; Win64; x64) AppleWebKit/537.36 (KHTML, like Gecko) Chrome/125.0.0.0 Safari/537.36"
185.147.125.22 - - [21/Dec/2024:01:08:16 +0530] "POST /contact.php HTTP/1.0" 200 40557 "https://sqarextechnologies.com/contact.php" "Mozilla/5.0 (Windows NT 10.0; Win64; x64) AppleWebKit/537.36 (KHTML, like Gecko) Chrome/125.0.0.0 Safari/537.36"
185.147.125.22 - - [21/Dec/2024:01:09:27 +0530] "GET /contact.php HTTP/1.0" 200 40299 "https://sqarextechnologies.com/contact.php" "Mozilla/5.0 (Windows NT 10.0.0; Win64; x64; ) AppleWebKit/537.36 (KHTML, like Gecko) Chrome/124.0.6367.61 Chrome/124.0.6367.61 Not-A.Brand/99 Safari/537.36"
185.147.125.22 - - [21/Dec/2024:01:09:27 +0530] "POST /contact.php HTTP/1.0" 200 40557 "https://sqarextechnologies.com/contact.php" "Mozilla/5.0 (Windows NT 10.0.0; Win64; x64; ) AppleWebKit/537.36 (KHTML, like Gecko) Chrome/124.0.6367.61 Chrome/124.0.6367.61 Not-A.Brand/99 Safari/537.36"
185.147.125.22 - - [21/Dec/2024:01:19:29 +0530] "GET / HTTP/1.0" 200 163502 "https://sqarextechnologies.com/" "Mozilla/5.0 (Windows NT 10.0.0; Win64; x64; ) AppleWebKit/537.36 (KHTML, like Gecko) Chrome/124.0.6367.93 Chrome/124.0.6367.93 Not-A.Brand/99 Safari/537.36"
185.147.125.22 - - [21/Dec/2024:01:19:30 +0530] "GET /contact.php HTTP/1.0" 200 40299 "https://sqarextechnologies.com/contact.php" "Mozilla/5.0 (Windows NT 10.0.0; Win64; x64; ) AppleWebKit/537.36 (KHTML, like Gecko) Chrome/124.0.6367.93 Chrome/124.0.6367.93 Not-A.Brand/99 Safari/537.36"
185.147.125.22 - - [21/Dec/2024:01:19:30 +0530] "POST /contact.php HTTP/1.0" 200 40557 "https://sqarextechnologies.com/contact.php" "Mozilla/5.0 (Windows NT 10.0.0; Win64; x64; ) AppleWebKit/537.36 (KHTML, like Gecko) Chrome/124.0.6367.93 Chrome/124.0.6367.93 Not-A.Brand/99 Safari/537.36"
185.147.125.22 - - [21/Dec/2024:01:31:42 +0530] "GET /contact.php HTTP/1.0" 200 40299 "https://sqarextechnologies.com/contact.php" "Mozilla/5.0 (Windows NT 10.0.0; Win64; x64; ) AppleWebKit/537.36 (KHTML, like Gecko) Chrome/124.0.6367.78 Chrome/124.0.6367.78 Not-A.Brand/99 Safari/537.36"
185.147.125.22 - - [21/Dec/2024:01:31:42 +0530] "POST /contact.php HTTP/1.0" 200 40557 "https://sqarextechnologies.com/contact.php" "Mozilla/5.0 (Windows NT 10.0.0; Win64; x64; ) AppleWebKit/537.36 (KHTML, like Gecko) Chrome/124.0.6367.78 Chrome/124.0.6367.78 Not-A.Brand/99 Safari/537.36"
185.147.125.22 - - [21/Dec/2024:01:39:51 +0530] "GET / HTTP/1.0" 200 163502 "https://sqarextechnologies.com/" "Mozilla/5.0 (Windows NT 10.0; Win64; x64; ) AppleWebKit/537.36 (KHTML, like Gecko) Chrome/124.0.6367.61 Chrome/124.0.6367.61 Not-A.Brand/99 Safari/537.36"
185.147.125.22 - - [21/Dec/2024:01:39:52 +0530] "GET /contact.php HTTP/1.0" 200 40299 "https://sqarextechnologies.com/contact.php" "Mozilla/5.0 (Windows NT 10.0; Win64; x64; ) AppleWebKit/537.36 (KHTML, like Gecko) Chrome/124.0.6367.61 Chrome/124.0.6367.61 Not-A.Brand/99 Safari/537.36"
185.147.125.22 - - [21/Dec/2024:01:31:41 +0530] "GET / HTTP/1.0" 200 163502 "https://sqarextechnologies.com/" "Mozilla/5.0 (Windows NT 10.0.0; Win64; x64; ) AppleWebKit/537.36 (KHTML, like Gecko) Chrome/124.0.6367.78 Chrome/124.0.6367.78 Not-A.Brand/99 Safari/537.36"
185.147.125.17 - - [21/Dec/2024:01:37:06 +0530] "GET /contact.php HTTP/1.0" 200 40299 "https://sqarextechnologies.com/contact.php" "Mozilla/5.0 (Windows NT 10.0.0; Win64; x64; ) AppleWebKit/537.36 (KHTML, like Gecko) Chrome/124.0.6367.62 Chrome/124.0.6367.62 Not-A.Brand/99 Safari/537.36"
185.147.125.17 - - [21/Dec/2024:01:37:06 +0530] "POST /contact.php HTTP/1.0" 200 40557 "https://sqarextechnologies.com/contact.php" "Mozilla/5.0 (Windows NT 10.0.0; Win64; x64; ) AppleWebKit/537.36 (KHTML, like Gecko) Chrome/124.0.6367.62 Chrome/124.0.6367.62 Not-A.Brand/99 Safari/537.36"
185.147.125.22 - - [21/Dec/2024:01:39:52 +0530] "POST /contact.php HTTP/1.0" 200 40557 "https://sqarextechnologies.com/contact.php" "Mozilla/5.0 (Windows NT 10.0; Win64; x64; ) AppleWebKit/537.36 (KHTML, like Gecko) Chrome/124.0.6367.61 Chrome/124.0.6367.61 Not-A.Brand/99 Safari/537.36"
185.147.125.22 - - [21/Dec/2024:02:09:51 +0530] "GET / HTTP/1.0" 200 163502 "https://sqarextechnologies.com/" "Mozilla/5.0 (Windows NT 15.0.0; Win64; x64; ) AppleWebKit/537.36 (KHTML, like Gecko) Chrome/124.0.6367.119 Chrome/124.0.6367.119 Not-A.Brand/99 Safari/537.36"
185.147.125.22 - - [21/Dec/2024:02:09:51 +0530] "GET /contact.php HTTP/1.0" 200 40299 "https://sqarextechnologies.com/contact.php" "Mozilla/5.0 (Windows NT 15.0.0; Win64; x64; ) AppleWebKit/537.36 (KHTML, like Gecko) Chrome/124.0.6367.119 Chrome/124.0.6367.119 Not-A.Brand/99 Safari/537.36"
185.147.125.22 - - [21/Dec/2024:02:19:34 +0530] "GET /contact.php HTTP/1.0" 200 40299 "https://sqarextechnologies.com/contact.php" "Mozilla/5.0 (Windows NT 10.0; Win64; x64) AppleWebKit/537.36 (KHTML, like Gecko) Chrome/124.0.0.0 Safari/537.36"
35.180.227.199 - - [21/Dec/2024:02:20:58 +0530] "GET /test/ HTTP/1.1" 200 34674 "-" "Mozilla/5.0 (Windows NT 6.3; Win64; x64; rv:63.0) Gecko/20100101 Firefox/63.0"
185.147.125.22 - - [21/Dec/2024:01:50:24 +0530] "GET /contact.php HTTP/1.0" 200 40299 "https://sqarextechnologies.com/contact.php" "Mozilla/5.0 (Windows NT 10.0.0; Win64; x64; ) AppleWebKit/537.36 (KHTML, like Gecko) Chrome/124.0.6367.62 Chrome/124.0.6367.62 Not-A.Brand/99 Safari/537.36"
35.180.227.199 - - [21/Dec/2024:02:20:53 +0530] "GET /wordpress/ HTTP/1.1" 200 34674 "-" "Mozilla/5.0 (Windows NT 6.3; Win64; x64; rv:63.0) Gecko/20100101 Firefox/63.0"
35.180.227.199 - - [21/Dec/2024:02:20:55 +0530] "GET /wp/ HTTP/1.1" 200 34674 "-" "Mozilla/5.0 (Windows NT 6.3; Win64; x64; rv:63.0) Gecko/20100101 Firefox/63.0"
185.147.125.22 - - [21/Dec/2024:01:50:24 +0530] "GET / HTTP/1.0" 200 163502 "https://sqarextechnologies.com/" "Mozilla/5.0 (Windows NT 10.0.0; Win64; x64; ) AppleWebKit/537.36 (KHTML, like Gecko) Chrome/124.0.6367.62 Chrome/124.0.6367.62 Not-A.Brand/99 Safari/537.36"
185.147.125.22 - - [21/Dec/2024:02:02:17 +0530] "GET / HTTP/1.0" 200 163502 "https://sqarextechnologies.com/" "Mozilla/5.0 (Windows NT 10.0.0; Win64; x64; ) AppleWebKit/537.36 (KHTML, like Gecko) Chrome/124.0.6367.119 Chrome/124.0.6367.119 Not-A.Brand/99 Safari/537.36"
185.147.125.22 - - [21/Dec/2024:02:02:17 +0530] "POST /contact.php HTTP/1.0" 200 40557 "https://sqarextechnologies.com/contact.php" "Mozilla/5.0 (Windows NT 10.0.0; Win64; x64; ) AppleWebKit/537.36 (KHTML, like Gecko) Chrome/124.0.6367.119 Chrome/124.0.6367.119 Not-A.Brand/99 Safari/537.36"
43.131.243.208 - - [21/Dec/2024:02:17:53 +0530] "GET / HTTP/1.1" 200 34674 "http://www.sqarextechnologies.com" "Mozilla/5.0 (iPhone; CPU iPhone OS 13_2_3 like Mac OS X) AppleWebKit/605.1.15 (KHTML, like Gecko) Version/13.0.3 Mobile/15E148 Safari/604.1"
185.147.125.22 - - [21/Dec/2024:02:19:34 +0530] "POST /contact.php HTTP/1.0" 200 40557 "https://sqarextechnologies.com/contact.php" "Mozilla/5.0 (Windows NT 10.0; Win64; x64) AppleWebKit/537.36 (KHTML, like Gecko) Chrome/124.0.0.0 Safari/537.36"
35.180.227.199 - - [21/Dec/2024:02:20:55 +0530] "GET /blog/ HTTP/1.1" 200 34674 "-" "Mozilla/5.0 (Windows NT 6.3; Win64; x64; rv:63.0) Gecko/20100101 Firefox/63.0"
35.180.227.199 - - [21/Dec/2024:02:20:58 +0530] "GET /new/ HTTP/1.1" 200 34674 "-" "Mozilla/5.0 (Windows NT 6.3; Win64; x64; rv:63.0) Gecko/20100101 Firefox/63.0"
185.147.125.17 - - [21/Dec/2024:01:37:06 +0530] "GET / HTTP/1.0" 200 163502 "https://sqarextechnologies.com/" "Mozilla/5.0 (Windows NT 10.0.0; Win64; x64; ) AppleWebKit/537.36 (KHTML, like Gecko) Chrome/124.0.6367.62 Chrome/124.0.6367.62 Not-A.Brand/99 Safari/537.36"
185.147.125.22 - - [21/Dec/2024:01:50:24 +0530] "POST /contact.php HTTP/1.0" 200 40557 "https://sqarextechnologies.com/contact.php" "Mozilla/5.0 (Windows NT 10.0.0; Win64; x64; ) AppleWebKit/537.36 (KHTML, like Gecko) Chrome/124.0.6367.62 Chrome/124.0.6367.62 Not-A.Brand/99 Safari/537.36"
185.147.125.22 - - [21/Dec/2024:02:02:17 +0530] "GET /contact.php HTTP/1.0" 200 40299 "https://sqarextechnologies.com/contact.php" "Mozilla/5.0 (Windows NT 10.0.0; Win64; x64; ) AppleWebKit/537.36 (KHTML, like Gecko) Chrome/124.0.6367.119 Chrome/124.0.6367.119 Not-A.Brand/99 Safari/537.36"
157.55.39.63 - - [21/Dec/2024:02:08:02 +0530] "GET /images/data-management/travel4.png HTTP/2" 200 140094 "-" "Mozilla/5.0 AppleWebKit/537.36 (KHTML, like Gecko; compatible; bingbot/2.0; +http://www.bing.com/bingbot.htm) Chrome/116.0.1938.76 Safari/537.36"
185.147.125.22 - - [21/Dec/2024:02:09:52 +0530] "POST /contact.php HTTP/1.0" 200 40557 "https://sqarextechnologies.com/contact.php" "Mozilla/5.0 (Windows NT 15.0.0; Win64; x64; ) AppleWebKit/537.36 (KHTML, like Gecko) Chrome/124.0.6367.119 Chrome/124.0.6367.119 Not-A.Brand/99 Safari/537.36"
185.147.125.22 - - [21/Dec/2024:02:19:33 +0530] "GET / HTTP/1.0" 200 163502 "https://sqarextechnologies.com/" "Mozilla/5.0 (Windows NT 10.0; Win64; x64) AppleWebKit/537.36 (KHTML, like Gecko) Chrome/124.0.0.0 Safari/537.36"
35.180.227.199 - - [21/Dec/2024:02:20:57 +0530] "GET /old/ HTTP/1.1" 200 34674 "-" "Mozilla/5.0 (Windows NT 6.3; Win64; x64; rv:63.0) Gecko/20100101 Firefox/63.0"
35.180.227.199 - - [21/Dec/2024:02:21:00 +0530] "GET /backup/ HTTP/1.1" 200 34674 "-" "Mozilla/5.0 (Windows NT 6.3; Win64; x64; rv:63.0) Gecko/20100101 Firefox/63.0"
35.180.227.199 - - [21/Dec/2024:02:21:00 +0530] "GET /temp/ HTTP/1.1" 200 34674 "-" "Mozilla/5.0 (Windows NT 6.3; Win64; x64; rv:63.0) Gecko/20100101 Firefox/63.0"
35.180.227.199 - - [21/Dec/2024:02:21:01 +0530] "GET / HTTP/1.1" 200 34674 "-" "Mozilla/5.0 (Windows NT 6.3; Win64; x64; rv:63.0) Gecko/20100101 Firefox/63.0"
185.147.125.22 - - [21/Dec/2024:02:31:36 +0530] "GET /contact.php HTTP/1.0" 200 40299 "https://sqarextechnologies.com/contact.php" "Mozilla/5.0 (Windows NT 10.0; Win64; x64; ) AppleWebKit/537.36 (KHTML, like Gecko) Chrome/124.0.6367.61 Chrome/124.0.6367.61 Not-A.Brand/99 Safari/537.36"
185.147.125.22 - - [21/Dec/2024:02:39:23 +0530] "GET / HTTP/1.0" 200 163502 "https://sqarextechnologies.com/" "Mozilla/5.0 (Windows NT 10.0.0; Win64; x64; ) AppleWebKit/537.36 (KHTML, like Gecko) Chrome/124.0.6367.60 Chrome/124.0.6367.60 Not-A.Brand/99 Safari/537.36"
185.147.125.22 - - [21/Dec/2024:02:31:36 +0530] "POST /contact.php HTTP/1.0" 200 40557 "https://sqarextechnologies.com/contact.php" "Mozilla/5.0 (Windows NT 10.0; Win64; x64; ) AppleWebKit/537.36 (KHTML, like Gecko) Chrome/124.0.6367.61 Chrome/124.0.6367.61 Not-A.Brand/99 Safari/537.36"
51.222.253.11 - - [21/Dec/2024:02:29:17 +0530] "GET /aviation-industry-email-list.php HTTP/2" 200 8571 "-" "Mozilla/5.0 (compatible; AhrefsBot/7.0; +http://ahrefs.com/robot/)"
185.147.125.22 - - [21/Dec/2024:02:39:24 +0530] "GET /contact.php HTTP/1.0" 200 40299 "https://sqarextechnologies.com/contact.php" "Mozilla/5.0 (Windows NT 10.0.0; Win64; x64; ) AppleWebKit/537.36 (KHTML, like Gecko) Chrome/124.0.6367.60 Chrome/124.0.6367.60 Not-A.Brand/99 Safari/537.36"
185.147.125.22 - - [21/Dec/2024:02:31:36 +0530] "GET / HTTP/1.0" 200 163502 "https://sqarextechnologies.com/" "Mozilla/5.0 (Windows NT 10.0; Win64; x64; ) AppleWebKit/537.36 (KHTML, like Gecko) Chrome/124.0.6367.61 Chrome/124.0.6367.61 Not-A.Brand/99 Safari/537.36"
185.147.125.22 - - [21/Dec/2024:02:39:24 +0530] "POST /contact.php HTTP/1.0" 200 40557 "https://sqarextechnologies.com/contact.php" "Mozilla/5.0 (Windows NT 10.0.0; Win64; x64; ) AppleWebKit/537.36 (KHTML, like Gecko) Chrome/124.0.6367.60 Chrome/124.0.6367.60 Not-A.Brand/99 Safari/537.36"
185.147.125.22 - - [21/Dec/2024:02:48:04 +0530] "GET /contact.php HTTP/1.0" 200 40299 "https://sqarextechnologies.com/contact.php" "Mozilla/5.0 (Windows NT 10.0.0; Win64; x64; ) AppleWebKit/537.36 (KHTML, like Gecko) Chrome/124.0.6367.93 Chrome/124.0.6367.93 Not-A.Brand/99 Safari/537.36"
185.147.125.23 - - [21/Dec/2024:02:48:08 +0530] "GET / HTTP/1.0" 200 163502 "https://sqarextechnologies.com/" "Mozilla/5.0 (Windows NT 10.0.0; Win64; x64; ) AppleWebKit/537.36 (KHTML, like Gecko) Chrome/124.0.6367.61 Chrome/124.0.6367.61 Not-A.Brand/99 Safari/537.36"
185.147.125.22 - - [21/Dec/2024:02:48:04 +0530] "GET / HTTP/1.0" 200 163502 "https://sqarextechnologies.com/" "Mozilla/5.0 (Windows NT 10.0.0; Win64; x64; ) AppleWebKit/537.36 (KHTML, like Gecko) Chrome/124.0.6367.93 Chrome/124.0.6367.93 Not-A.Brand/99 Safari/537.36"
185.147.125.22 - - [21/Dec/2024:02:48:05 +0530] "POST /contact.php HTTP/1.0" 200 40557 "https://sqarextechnologies.com/contact.php" "Mozilla/5.0 (Windows NT 10.0.0; Win64; x64; ) AppleWebKit/537.36 (KHTML, like Gecko) Chrome/124.0.6367.93 Chrome/124.0.6367.93 Not-A.Brand/99 Safari/537.36"
185.147.125.23 - - [21/Dec/2024:02:48:09 +0530] "POST /contact.php HTTP/1.0" 200 40557 "https://sqarextechnologies.com/contact.php" "Mozilla/5.0 (Windows NT 10.0.0; Win64; x64; ) AppleWebKit/537.36 (KHTML, like Gecko) Chrome/124.0.6367.61 Chrome/124.0.6367.61 Not-A.Brand/99 Safari/537.36"
185.147.125.23 - - [21/Dec/2024:02:48:40 +0530] "POST /contact.php HTTP/1.0" 200 40557 "https://sqarextechnologies.com/contact.php" "Mozilla/5.0 (Windows NT 10.0; Win64; x64) AppleWebKit/537.36 (KHTML, like Gecko) Chrome/124.0.0.0 Safari/537.36"
185.147.125.23 - - [21/Dec/2024:02:48:39 +0530] "GET / HTTP/1.0" 200 163502 "https://sqarextechnologies.com/" "Mozilla/5.0 (Windows NT 10.0; Win64; x64) AppleWebKit/537.36 (KHTML, like Gecko) Chrome/124.0.0.0 Safari/537.36"
95.108.213.184 - - [21/Dec/2024:03:02:19 +0530] "GET /assets/img/assets/img/images/logo/assets/img/images/logo/letter-s.png HTTP/1.1" 200 34674 "-" "Mozilla/5.0 (compatible; YandexFavicons/1.0; +http://yandex.com/bots)"
51.222.253.18 - - [21/Dec/2024:02:58:46 +0530] "GET /automotive.php HTTP/2" 200 10580 "-" "Mozilla/5.0 (compatible; AhrefsBot/7.0; +http://ahrefs.com/robot/)"
185.147.125.21 - - [21/Dec/2024:03:04:08 +0530] "GET /contact.php HTTP/1.0" 200 40299 "https://sqarextechnologies.com/contact.php" "Mozilla/5.0 (Windows NT 10.0.0; Win64; x64; ) AppleWebKit/537.36 (KHTML, like Gecko) Chrome/124.0.6367.63 Chrome/124.0.6367.63 Not-A.Brand/99 Safari/537.36"
185.147.125.23 - - [21/Dec/2024:02:48:09 +0530] "GET /contact.php HTTP/1.0" 200 40299 "https://sqarextechnologies.com/contact.php" "Mozilla/5.0 (Windows NT 10.0.0; Win64; x64; ) AppleWebKit/537.36 (KHTML, like Gecko) Chrome/124.0.6367.61 Chrome/124.0.6367.61 Not-A.Brand/99 Safari/537.36"
185.147.125.23 - - [21/Dec/2024:02:48:40 +0530] "GET /contact.php HTTP/1.0" 200 40299 "https://sqarextechnologies.com/contact.php" "Mozilla/5.0 (Windows NT 10.0; Win64; x64) AppleWebKit/537.36 (KHTML, like Gecko) Chrome/124.0.0.0 Safari/537.36"
5.255.231.53 - - [21/Dec/2024:03:02:18 +0530] "GET /robots.txt HTTP/1.1" 200 163502 "-" "Mozilla/5.0 (compatible; YandexBot/3.0; +http://yandex.com/bots)"
185.147.125.21 - - [21/Dec/2024:03:04:08 +0530] "POST /contact.php HTTP/1.0" 200 40557 "https://sqarextechnologies.com/contact.php" "Mozilla/5.0 (Windows NT 10.0.0; Win64; x64; ) AppleWebKit/537.36 (KHTML, like Gecko) Chrome/124.0.6367.63 Chrome/124.0.6367.63 Not-A.Brand/99 Safari/537.36"
185.147.125.22 - - [21/Dec/2024:03:18:12 +0530] "POST /contact.php HTTP/1.0" 200 40557 "https://sqarextechnologies.com/contact.php" "Mozilla/5.0 (Windows NT 10.0.0; Win64; x64; ) AppleWebKit/537.36 (KHTML, like Gecko) Chrome/124.0.6367.93 Chrome/124.0.6367.93 Not-A.Brand/99 Safari/537.36"
185.147.125.21 - - [21/Dec/2024:03:21:00 +0530] "GET / HTTP/1.0" 200 163502 "https://sqarextechnologies.com/" "Mozilla/5.0 (Windows NT 10.0.0; Win64; x64; ) AppleWebKit/537.36 (KHTML, like Gecko) Chrome/124.0.6367.60 Chrome/124.0.6367.60 Not-A.Brand/99 Safari/537.36"
185.147.125.21 - - [21/Dec/2024:03:21:01 +0530] "GET /contact.php HTTP/1.0" 200 40299 "https://sqarextechnologies.com/contact.php" "Mozilla/5.0 (Windows NT 10.0.0; Win64; x64; ) AppleWebKit/537.36 (KHTML, like Gecko) Chrome/124.0.6367.60 Chrome/124.0.6367.60 Not-A.Brand/99 Safari/537.36"
185.147.125.21 - - [21/Dec/2024:03:21:05 +0530] "GET /contact.php HTTP/1.0" 200 40299 "https://sqarextechnologies.com/contact.php" "Mozilla/5.0 (Windows NT 10.0.0; Win64; x64; ) AppleWebKit/537.36 (KHTML, like Gecko) Chrome/124.0.6367.63 Chrome/124.0.6367.63 Not-A.Brand/99 Safari/537.36"
185.147.125.21 - - [21/Dec/2024:03:21:05 +0530] "POST /contact.php HTTP/1.0" 200 40557 "https://sqarextechnologies.com/contact.php" "Mozilla/5.0 (Windows NT 10.0.0; Win64; x64; ) AppleWebKit/537.36 (KHTML, like Gecko) Chrome/124.0.6367.63 Chrome/124.0.6367.63 Not-A.Brand/99 Safari/537.36"
185.147.125.21 - - [21/Dec/2024:03:11:41 +0530] "POST /contact.php HTTP/1.0" 200 40557 "https://sqarextechnologies.com/contact.php" "Mozilla/5.0 (Windows NT 10.0; Win64; x64) AppleWebKit/537.36 (KHTML, like Gecko) Chrome/125.0.0.0 Safari/537.36"
185.147.125.22 - - [21/Dec/2024:03:18:10 +0530] "GET / HTTP/1.0" 200 163502 "https://sqarextechnologies.com/" "Mozilla/5.0 (Windows NT 10.0.0; Win64; x64; ) AppleWebKit/537.36 (KHTML, like Gecko) Chrome/124.0.6367.93 Chrome/124.0.6367.93 Not-A.Brand/99 Safari/537.36"
185.147.125.22 - - [21/Dec/2024:03:10:03 +0530] "POST /contact.php HTTP/1.0" 200 40557 "https://sqarextechnologies.com/contact.php" "Mozilla/5.0 (Windows NT 10.0.0; Win64; x64; ) AppleWebKit/537.36 (KHTML, like Gecko) Chrome/124.0.6367.78 Chrome/124.0.6367.78 Not-A.Brand/99 Safari/537.36"
185.147.125.22 - - [21/Dec/2024:03:18:11 +0530] "GET /contact.php HTTP/1.0" 200 40299 "https://sqarextechnologies.com/contact.php" "Mozilla/5.0 (Windows NT 10.0.0; Win64; x64; ) AppleWebKit/537.36 (KHTML, like Gecko) Chrome/124.0.6367.93 Chrome/124.0.6367.93 Not-A.Brand/99 Safari/537.36"
185.147.125.21 - - [21/Dec/2024:03:04:08 +0530] "GET / HTTP/1.0" 200 163502 "https://sqarextechnologies.com/" "Mozilla/5.0 (Windows NT 10.0.0; Win64; x64; ) AppleWebKit/537.36 (KHTML, like Gecko) Chrome/124.0.6367.63 Chrome/124.0.6367.63 Not-A.Brand/99 Safari/537.36"
185.147.125.22 - - [21/Dec/2024:03:10:03 +0530] "GET / HTTP/1.0" 200 163502 "https://sqarextechnologies.com/" "Mozilla/5.0 (Windows NT 10.0.0; Win64; x64; ) AppleWebKit/537.36 (KHTML, like Gecko) Chrome/124.0.6367.78 Chrome/124.0.6367.78 Not-A.Brand/99 Safari/537.36"
185.147.125.22 - - [21/Dec/2024:03:10:03 +0530] "GET /contact.php HTTP/1.0" 200 40299 "https://sqarextechnologies.com/contact.php" "Mozilla/5.0 (Windows NT 10.0.0; Win64; x64; ) AppleWebKit/537.36 (KHTML, like Gecko) Chrome/124.0.6367.78 Chrome/124.0.6367.78 Not-A.Brand/99 Safari/537.36"
185.147.125.21 - - [21/Dec/2024:03:11:41 +0530] "GET / HTTP/1.0" 200 163502 "https://sqarextechnologies.com/" "Mozilla/5.0 (Windows NT 10.0; Win64; x64) AppleWebKit/537.36 (KHTML, like Gecko) Chrome/125.0.0.0 Safari/537.36"
185.147.125.21 - - [21/Dec/2024:03:11:41 +0530] "GET /contact.php HTTP/1.0" 200 40299 "https://sqarextechnologies.com/contact.php" "Mozilla/5.0 (Windows NT 10.0; Win64; x64) AppleWebKit/537.36 (KHTML, like Gecko) Chrome/125.0.0.0 Safari/537.36"
185.147.125.21 - - [21/Dec/2024:03:21:05 +0530] "GET / HTTP/1.0" 200 163502 "https://sqarextechnologies.com/" "Mozilla/5.0 (Windows NT 10.0.0; Win64; x64; ) AppleWebKit/537.36 (KHTML, like Gecko) Chrome/124.0.6367.63 Chrome/124.0.6367.63 Not-A.Brand/99 Safari/537.36"
51.222.253.17 - - [21/Dec/2024:03:22:53 +0530] "GET /travel-industry-email-list.php HTTP/2" 200 8873 "-" "Mozilla/5.0 (compatible; AhrefsBot/7.0; +http://ahrefs.com/robot/)"
185.147.125.22 - - [21/Dec/2024:03:27:53 +0530] "GET / HTTP/1.0" 200 163502 "https://sqarextechnologies.com/" "Mozilla/5.0 (Windows NT 10.0; Win64; x64) AppleWebKit/537.36 (KHTML, like Gecko) Chrome/124.0.0.0 Safari/537.36"
185.147.125.21 - - [21/Dec/2024:03:31:14 +0530] "GET / HTTP/1.0" 200 163502 "https://sqarextechnologies.com/" "Mozilla/5.0 (Windows NT 10.0.0; Win64; x64; ) AppleWebKit/537.36 (KHTML, like Gecko) Chrome/124.0.6367.91 Chrome/124.0.6367.91 Not-A.Brand/99 Safari/537.36"
185.147.125.21 - - [21/Dec/2024:03:31:15 +0530] "GET /contact.php HTTP/1.0" 200 40299 "https://sqarextechnologies.com/contact.php" "Mozilla/5.0 (Windows NT 10.0.0; Win64; x64; ) AppleWebKit/537.36 (KHTML, like Gecko) Chrome/124.0.6367.91 Chrome/124.0.6367.91 Not-A.Brand/99 Safari/537.36"
185.147.125.21 - - [21/Dec/2024:03:31:15 +0530] "GET / HTTP/1.0" 200 163502 "https://sqarextechnologies.com/" "Mozilla/5.0 (Windows NT 10.0; Win64; x64; ) AppleWebKit/537.36 (KHTML, like Gecko) Chrome/124.0.6367.61 Chrome/124.0.6367.61 Not-A.Brand/99 Safari/537.36"
185.147.125.21 - - [21/Dec/2024:03:31:15 +0530] "POST /contact.php HTTP/1.0" 200 40557 "https://sqarextechnologies.com/contact.php" "Mozilla/5.0 (Windows NT 10.0.0; Win64; x64; ) AppleWebKit/537.36 (KHTML, like Gecko) Chrome/124.0.6367.91 Chrome/124.0.6367.91 Not-A.Brand/99 Safari/537.36"
185.147.125.21 - - [21/Dec/2024:03:41:22 +0530] "POST /contact.php HTTP/1.0" 200 40557 "https://sqarextechnologies.com/contact.php" "Mozilla/5.0 (Windows NT 10.0.0; Win64; x64; ) AppleWebKit/537.36 (KHTML, like Gecko) Chrome/124.0.6367.91 Chrome/124.0.6367.91 Not-A.Brand/99 Safari/537.36"
185.147.125.21 - - [21/Dec/2024:03:21:01 +0530] "POST /contact.php HTTP/1.0" 200 40557 "https://sqarextechnologies.com/contact.php" "Mozilla/5.0 (Windows NT 10.0.0; Win64; x64; ) AppleWebKit/537.36 (KHTML, like Gecko) Chrome/124.0.6367.60 Chrome/124.0.6367.60 Not-A.Brand/99 Safari/537.36"
185.147.125.22 - - [21/Dec/2024:03:27:54 +0530] "GET /contact.php HTTP/1.0" 200 40299 "https://sqarextechnologies.com/contact.php" "Mozilla/5.0 (Windows NT 10.0; Win64; x64) AppleWebKit/537.36 (KHTML, like Gecko) Chrome/124.0.0.0 Safari/537.36"
217.148.140.143 - - [21/Dec/2024:03:29:49 +0530] "POST /contact-form.php HTTP/1.1" 200 5764 "https://sqarextechnologies.com/contact-form.php" "Mozilla/5.0 (Windows NT 10.0; Win64; x64) AppleWebKit/537.36 (KHTML, like Gecko) Chrome/114.0.0.0 Safari/537.36 OPR/89.0.4447.51"
194.38.23.16 - - [21/Dec/2024:03:43:57 +0530] "GET /wp-content/plugins/formcraft/file-upload/server/php/upload.php HTTP/1.1" 200 163502 "-" "ALittle Client"
185.147.125.21 - - [21/Dec/2024:03:44:17 +0530] "GET /contact.php HTTP/1.0" 200 40299 "https://sqarextechnologies.com/contact.php" "Mozilla/5.0 (Windows NT 10.0; Win64; x64) AppleWebKit/537.36 (KHTML, like Gecko) Chrome/124.0.0.0 Safari/537.36"
185.147.125.21 - - [21/Dec/2024:03:44:17 +0530] "POST /contact.php HTTP/1.0" 200 40557 "https://sqarextechnologies.com/contact.php" "Mozilla/5.0 (Windows NT 10.0; Win64; x64) AppleWebKit/537.36 (KHTML, like Gecko) Chrome/124.0.0.0 Safari/537.36"
185.147.125.22 - - [21/Dec/2024:03:50:03 +0530] "POST /contact.php HTTP/1.0" 200 40557 "https://sqarextechnologies.com/contact.php" "Mozilla/5.0 (Windows NT 10.0.0; Win64; x64; ) AppleWebKit/537.36 (KHTML, like Gecko) Chrome/124.0.6367.60 Chrome/124.0.6367.60 Not-A.Brand/99 Safari/537.36"
185.147.125.22 - - [21/Dec/2024:03:58:04 +0530] "POST /contact.php HTTP/1.0" 200 40557 "https://sqarextechnologies.com/contact.php" "Mozilla/5.0 (Windows NT 10.0.0; Win64; x64; ) AppleWebKit/537.36 (KHTML, like Gecko) Chrome/124.0.6367.119 Chrome/124.0.6367.119 Not-A.Brand/99 Safari/537.36"
185.147.125.21 - - [21/Dec/2024:04:04:16 +0530] "GET /contact.php HTTP/1.0" 200 40299 "https://sqarextechnologies.com/contact.php" "Mozilla/5.0 (Windows NT 10.0; Win64; x64; ) AppleWebKit/537.36 (KHTML, like Gecko) Chrome/124.0.6367.61 Chrome/124.0.6367.61 Not-A.Brand/99 Safari/537.36"
217.148.140.143 - - [21/Dec/2024:03:29:48 +0530] "GET /contact-form.php HTTP/1.1" 200 5603 "-" "Mozilla/5.0 (Windows NT 10.0; Win64; x64) AppleWebKit/537.36 (KHTML, like Gecko) Chrome/114.0.0.0 Safari/537.36 OPR/89.0.4447.51"
185.147.125.21 - - [21/Dec/2024:03:31:16 +0530] "POST /contact.php HTTP/1.0" 200 40557 "https://sqarextechnologies.com/contact.php" "Mozilla/5.0 (Windows NT 10.0; Win64; x64; ) AppleWebKit/537.36 (KHTML, like Gecko) Chrome/124.0.6367.61 Chrome/124.0.6367.61 Not-A.Brand/99 Safari/537.36"
157.55.39.61 - - [21/Dec/2024:03:40:41 +0530] "GET /images/data-management/travel4.png HTTP/2" 200 140094 "-" "Mozilla/5.0 AppleWebKit/537.36 (KHTML, like Gecko; compatible; bingbot/2.0; +http://www.bing.com/bingbot.htm) Chrome/116.0.1938.76 Safari/537.36"
185.147.125.21 - - [21/Dec/2024:03:44:17 +0530] "GET / HTTP/1.0" 200 163502 "https://sqarextechnologies.com/" "Mozilla/5.0 (Windows NT 10.0; Win64; x64) AppleWebKit/537.36 (KHTML, like Gecko) Chrome/124.0.0.0 Safari/537.36"
185.147.125.22 - - [21/Dec/2024:03:50:02 +0530] "GET / HTTP/1.0" 200 163502 "https://sqarextechnologies.com/" "Mozilla/5.0 (Windows NT 10.0.0; Win64; x64; ) AppleWebKit/537.36 (KHTML, like Gecko) Chrome/124.0.6367.60 Chrome/124.0.6367.60 Not-A.Brand/99 Safari/537.36"
185.147.125.22 - - [21/Dec/2024:03:50:03 +0530] "GET /contact.php HTTP/1.0" 200 40299 "https://sqarextechnologies.com/contact.php" "Mozilla/5.0 (Windows NT 10.0.0; Win64; x64; ) AppleWebKit/537.36 (KHTML, like Gecko) Chrome/124.0.6367.60 Chrome/124.0.6367.60 Not-A.Brand/99 Safari/537.36"
185.147.125.22 - - [21/Dec/2024:03:58:03 +0530] "GET / HTTP/1.0" 200 163502 "https://sqarextechnologies.com/" "Mozilla/5.0 (Windows NT 10.0.0; Win64; x64; ) AppleWebKit/537.36 (KHTML, like Gecko) Chrome/124.0.6367.119 Chrome/124.0.6367.119 Not-A.Brand/99 Safari/537.36"
185.147.125.21 - - [21/Dec/2024:04:02:36 +0530] "GET / HTTP/1.0" 200 163502 "https://sqarextechnologies.com/" "Mozilla/5.0 (Windows NT 10.0.0; Win64; x64; ) AppleWebKit/537.36 (KHTML, like Gecko) Chrome/124.0.6367.119 Chrome/124.0.6367.119 Not-A.Brand/99 Safari/537.36"
185.147.125.22 - - [21/Dec/2024:04:10:00 +0530] "POST /contact.php HTTP/1.0" 200 40557 "https://sqarextechnologies.com/contact.php" "Mozilla/5.0 (Windows NT 10.0.0; Win64; x64; ) AppleWebKit/537.36 (KHTML, like Gecko) Chrome/124.0.6367.61 Chrome/124.0.6367.61 Not-A.Brand/99 Safari/537.36"
185.147.125.21 - - [21/Dec/2024:04:10:44 +0530] "POST /contact.php HTTP/1.0" 200 40557 "https://sqarextechnologies.com/contact.php" "Mozilla/5.0 (Windows NT 10.0.0; Win64; x64; ) AppleWebKit/537.36 (KHTML, like Gecko) Chrome/124.0.6367.93 Chrome/124.0.6367.93 Not-A.Brand/99 Safari/537.36"
185.147.125.22 - - [21/Dec/2024:04:09:59 +0530] "GET /contact.php HTTP/1.0" 200 40299 "https://sqarextechnologies.com/contact.php" "Mozilla/5.0 (Windows NT 10.0.0; Win64; x64; ) AppleWebKit/537.36 (KHTML, like Gecko) Chrome/124.0.6367.61 Chrome/124.0.6367.61 Not-A.Brand/99 Safari/537.36"
185.147.125.21 - - [21/Dec/2024:04:10:43 +0530] "GET / HTTP/1.0" 200 163502 "https://sqarextechnologies.com/" "Mozilla/5.0 (Windows NT 10.0.0; Win64; x64; ) AppleWebKit/537.36 (KHTML, like Gecko) Chrome/124.0.6367.93 Chrome/124.0.6367.93 Not-A.Brand/99 Safari/537.36"
185.147.125.22 - - [21/Dec/2024:03:58:03 +0530] "GET /contact.php HTTP/1.0" 200 40299 "https://sqarextechnologies.com/contact.php" "Mozilla/5.0 (Windows NT 10.0.0; Win64; x64; ) AppleWebKit/537.36 (KHTML, like Gecko) Chrome/124.0.6367.119 Chrome/124.0.6367.119 Not-A.Brand/99 Safari/537.36"
185.147.125.21 - - [21/Dec/2024:04:04:15 +0530] "GET / HTTP/1.0" 200 163502 "https://sqarextechnologies.com/" "Mozilla/5.0 (Windows NT 10.0; Win64; x64; ) AppleWebKit/537.36 (KHTML, like Gecko) Chrome/124.0.6367.61 Chrome/124.0.6367.61 Not-A.Brand/99 Safari/537.36"
185.147.125.22 - - [21/Dec/2024:04:09:59 +0530] "GET / HTTP/1.0" 200 163502 "https://sqarextechnologies.com/" "Mozilla/5.0 (Windows NT 10.0.0; Win64; x64; ) AppleWebKit/537.36 (KHTML, like Gecko) Chrome/124.0.6367.61 Chrome/124.0.6367.61 Not-A.Brand/99 Safari/537.36"
185.147.125.21 - - [21/Dec/2024:04:10:44 +0530] "GET /contact.php HTTP/1.0" 200 40299 "https://sqarextechnologies.com/contact.php" "Mozilla/5.0 (Windows NT 10.0.0; Win64; x64; ) AppleWebKit/537.36 (KHTML, like Gecko) Chrome/124.0.6367.93 Chrome/124.0.6367.93 Not-A.Brand/99 Safari/537.36"
185.147.125.22 - - [21/Dec/2024:03:27:54 +0530] "POST /contact.php HTTP/1.0" 200 40557 "https://sqarextechnologies.com/contact.php" "Mozilla/5.0 (Windows NT 10.0; Win64; x64) AppleWebKit/537.36 (KHTML, like Gecko) Chrome/124.0.0.0 Safari/537.36"
185.147.125.21 - - [21/Dec/2024:03:31:15 +0530] "GET /contact.php HTTP/1.0" 200 40299 "https://sqarextechnologies.com/contact.php" "Mozilla/5.0 (Windows NT 10.0; Win64; x64; ) AppleWebKit/537.36 (KHTML, like Gecko) Chrome/124.0.6367.61 Chrome/124.0.6367.61 Not-A.Brand/99 Safari/537.36"
185.147.125.21 - - [21/Dec/2024:03:41:22 +0530] "GET / HTTP/1.0" 200 163502 "https://sqarextechnologies.com/" "Mozilla/5.0 (Windows NT 10.0.0; Win64; x64; ) AppleWebKit/537.36 (KHTML, like Gecko) Chrome/124.0.6367.91 Chrome/124.0.6367.91 Not-A.Brand/99 Safari/537.36"
185.147.125.21 - - [21/Dec/2024:03:41:22 +0530] "GET /contact.php HTTP/1.0" 200 40299 "https://sqarextechnologies.com/contact.php" "Mozilla/5.0 (Windows NT 10.0.0; Win64; x64; ) AppleWebKit/537.36 (KHTML, like Gecko) Chrome/124.0.6367.91 Chrome/124.0.6367.91 Not-A.Brand/99 Safari/537.36"
185.147.125.21 - - [21/Dec/2024:03:50:58 +0530] "GET / HTTP/1.0" 200 163502 "https://sqarextechnologies.com/" "Mozilla/5.0 (Windows NT 10.0.0; Win64; x64; ) AppleWebKit/537.36 (KHTML, like Gecko) Chrome/124.0.6367.62 Chrome/124.0.6367.62 Not-A.Brand/99 Safari/537.36"
185.147.125.21 - - [21/Dec/2024:03:50:58 +0530] "GET /contact.php HTTP/1.0" 200 40299 "https://sqarextechnologies.com/contact.php" "Mozilla/5.0 (Windows NT 10.0.0; Win64; x64; ) AppleWebKit/537.36 (KHTML, like Gecko) Chrome/124.0.6367.62 Chrome/124.0.6367.62 Not-A.Brand/99 Safari/537.36"
185.147.125.21 - - [21/Dec/2024:03:50:59 +0530] "POST /contact.php HTTP/1.0" 200 40557 "https://sqarextechnologies.com/contact.php" "Mozilla/5.0 (Windows NT 10.0.0; Win64; x64; ) AppleWebKit/537.36 (KHTML, like Gecko) Chrome/124.0.6367.62 Chrome/124.0.6367.62 Not-A.Brand/99 Safari/537.36"
185.147.125.21 - - [21/Dec/2024:04:02:37 +0530] "GET /contact.php HTTP/1.0" 200 40299 "https://sqarextechnologies.com/contact.php" "Mozilla/5.0 (Windows NT 10.0.0; Win64; x64; ) AppleWebKit/537.36 (KHTML, like Gecko) Chrome/124.0.6367.119 Chrome/124.0.6367.119 Not-A.Brand/99 Safari/537.36"
185.147.125.21 - - [21/Dec/2024:04:02:37 +0530] "POST /contact.php HTTP/1.0" 200 40557 "https://sqarextechnologies.com/contact.php" "Mozilla/5.0 (Windows NT 10.0.0; Win64; x64; ) AppleWebKit/537.36 (KHTML, like Gecko) Chrome/124.0.6367.119 Chrome/124.0.6367.119 Not-A.Brand/99 Safari/537.36"
185.147.125.21 - - [21/Dec/2024:04:04:16 +0530] "POST /contact.php HTTP/1.0" 200 40557 "https://sqarextechnologies.com/contact.php" "Mozilla/5.0 (Windows NT 10.0; Win64; x64; ) AppleWebKit/537.36 (KHTML, like Gecko) Chrome/124.0.6367.61 Chrome/124.0.6367.61 Not-A.Brand/99 Safari/537.36"
185.147.125.21 - - [21/Dec/2024:04:20:13 +0530] "GET / HTTP/1.0" 200 163502 "https://sqarextechnologies.com/" "Mozilla/5.0 (Windows NT 10.0.0; Win64; x64; ) AppleWebKit/537.36 (KHTML, like Gecko) Chrome/124.0.6367.63 Chrome/124.0.6367.63 Not-A.Brand/99 Safari/537.36"
185.147.125.21 - - [21/Dec/2024:04:20:14 +0530] "POST /contact.php HTTP/1.0" 200 40557 "https://sqarextechnologies.com/contact.php" "Mozilla/5.0 (Windows NT 10.0.0; Win64; x64; ) AppleWebKit/537.36 (KHTML, like Gecko) Chrome/124.0.6367.63 Chrome/124.0.6367.63 Not-A.Brand/99 Safari/537.36"
185.147.125.22 - - [21/Dec/2024:04:17:52 +0530] "GET /contact.php HTTP/1.0" 200 40299 "https://sqarextechnologies.com/contact.php" "Mozilla/5.0 (Windows NT 15.0.0; Win64; x64; ) AppleWebKit/537.36 (KHTML, like Gecko) Chrome/124.0.6367.119 Chrome/124.0.6367.119 Not-A.Brand/99 Safari/537.36"
185.147.125.21 - - [21/Dec/2024:04:20:14 +0530] "GET /contact.php HTTP/1.0" 200 40299 "https://sqarextechnologies.com/contact.php" "Mozilla/5.0 (Windows NT 10.0.0; Win64; x64; ) AppleWebKit/537.36 (KHTML, like Gecko) Chrome/124.0.6367.63 Chrome/124.0.6367.63 Not-A.Brand/99 Safari/537.36"
185.147.125.22 - - [21/Dec/2024:04:17:52 +0530] "GET / HTTP/1.0" 200 163502 "https://sqarextechnologies.com/" "Mozilla/5.0 (Windows NT 15.0.0; Win64; x64; ) AppleWebKit/537.36 (KHTML, like Gecko) Chrome/124.0.6367.119 Chrome/124.0.6367.119 Not-A.Brand/99 Safari/537.36"
185.147.125.21 - - [21/Dec/2024:04:20:20 +0530] "GET / HTTP/1.0" 200 163502 "https://sqarextechnologies.com/" "Mozilla/5.0 (Windows NT 10.0; Win64; x64) AppleWebKit/537.36 (KHTML, like Gecko) Chrome/124.0.6367.92 Safari/537.36"
185.147.125.21 - - [21/Dec/2024:04:20:20 +0530] "POST /contact.php HTTP/1.0" 200 40557 "https://sqarextechnologies.com/contact.php" "Mozilla/5.0 (Windows NT 10.0; Win64; x64) AppleWebKit/537.36 (KHTML, like Gecko) Chrome/124.0.6367.92 Safari/537.36"
51.222.253.19 - - [21/Dec/2024:04:27:03 +0530] "GET /publishing-industry-email-list.php HTTP/2" 200 8824 "-" "Mozilla/5.0 (compatible; AhrefsBot/7.0; +http://ahrefs.com/robot/)"
207.46.13.107 - - [21/Dec/2024:04:30:05 +0530] "GET /images/data-management/travel4.png HTTP/2" 200 140094 "-" "Mozilla/5.0 AppleWebKit/537.36 (KHTML, like Gecko; compatible; bingbot/2.0; +http://www.bing.com/bingbot.htm) Chrome/116.0.1938.76 Safari/537.36"
185.147.125.22 - - [21/Dec/2024:04:30:10 +0530] "GET / HTTP/1.0" 200 163502 "https://sqarextechnologies.com/" "Mozilla/5.0 (Windows NT 10.0.0; Win64; x64; ) AppleWebKit/537.36 (KHTML, like Gecko) Chrome/124.0.6367.60 Chrome/124.0.6367.60 Not-A.Brand/99 Safari/537.36"
185.147.125.21 - - [21/Dec/2024:04:31:01 +0530] "POST /contact.php HTTP/1.0" 200 40557 "https://sqarextechnologies.com/contact.php" "Mozilla/5.0 (Windows NT 10.0.0; Win64; x64; ) AppleWebKit/537.36 (KHTML, like Gecko) Chrome/124.0.6367.63 Chrome/124.0.6367.63 Not-A.Brand/99 Safari/537.36"
185.147.125.17 - - [21/Dec/2024:04:33:16 +0530] "GET /contact.php HTTP/1.0" 200 40299 "https://sqarextechnologies.com/contact.php" "Mozilla/5.0 (Windows NT 10.0.0; Win64; x64; ) AppleWebKit/537.36 (KHTML, like Gecko) Chrome/124.0.6367.91 Chrome/124.0.6367.91 Not-A.Brand/99 Safari/537.36"
185.147.125.17 - - [21/Dec/2024:04:33:17 +0530] "POST /contact.php HTTP/1.0" 200 40557 "https://sqarextechnologies.com/contact.php" "Mozilla/5.0 (Windows NT 10.0.0; Win64; x64; ) AppleWebKit/537.36 (KHTML, like Gecko) Chrome/124.0.6367.91 Chrome/124.0.6367.91 Not-A.Brand/99 Safari/537.36"
92.118.39.244 - - [21/Dec/2024:04:44:28 +0530] "GET /js/bootstrap.min.js HTTP/1.1" 200 34674 "-" "Mozilla/5.0 (iPhone; CPU iPhone OS 13_0 like Mac OS X) AppleWebKit/605.1.15 (KHTML, like Gecko) CriOS/76.0.3809.81 Mobile/15E148 Safari/605.1"
92.118.39.244 - - [21/Dec/2024:04:44:28 +0530] "GET /wow/wow.min.js HTTP/1.1" 200 34674 "-" "Mozilla/5.0 (Android 6.0.1; Mobile; rv:48.0) Gecko/48.0 Firefox/48.0"
185.147.125.22 - - [21/Dec/2024:04:30:10 +0530] "GET /contact.php HTTP/1.0" 200 40299 "https://sqarextechnologies.com/contact.php" "Mozilla/5.0 (Windows NT 10.0.0; Win64; x64; ) AppleWebKit/537.36 (KHTML, like Gecko) Chrome/124.0.6367.60 Chrome/124.0.6367.60 Not-A.Brand/99 Safari/537.36"
185.147.125.17 - - [21/Dec/2024:04:33:16 +0530] "GET / HTTP/1.0" 200 163502 "https://sqarextechnologies.com/" "Mozilla/5.0 (Windows NT 10.0.0; Win64; x64; ) AppleWebKit/537.36 (KHTML, like Gecko) Chrome/124.0.6367.91 Chrome/124.0.6367.91 Not-A.Brand/99 Safari/537.36"
185.147.125.22 - - [21/Dec/2024:04:40:12 +0530] "GET / HTTP/1.0" 200 163502 "https://sqarextechnologies.com/" "Mozilla/5.0 (Windows NT 10.0.0; Win64; x64; ) AppleWebKit/537.36 (KHTML, like Gecko) Chrome/124.0.6367.78 Chrome/124.0.6367.78 Not-A.Brand/99 Safari/537.36"
185.147.125.22 - - [21/Dec/2024:04:40:12 +0530] "GET /contact.php HTTP/1.0" 200 40299 "https://sqarextechnologies.com/contact.php" "Mozilla/5.0 (Windows NT 10.0.0; Win64; x64; ) AppleWebKit/537.36 (KHTML, like Gecko) Chrome/124.0.6367.78 Chrome/124.0.6367.78 Not-A.Brand/99 Safari/537.36"
185.147.125.21 - - [21/Dec/2024:04:40:57 +0530] "GET / HTTP/1.0" 200 163502 "https://sqarextechnologies.com/" "Mozilla/5.0 (Windows NT 10.0.0; Win64; x64; ) AppleWebKit/537.36 (KHTML, like Gecko) Chrome/124.0.6367.62 Chrome/124.0.6367.62 Not-A.Brand/99 Safari/537.36"
92.118.39.244 - - [21/Dec/2024:04:44:15 +0530] "GET / HTTP/1.1" 200 34674 "-" "Mozilla/5.0 (X11; U; Linux; en-US) AppleWebKit/527 (KHTML, like Gecko, Safari/419.3) Arora/0.10.1"
92.118.39.244 - - [21/Dec/2024:04:44:28 +0530] "GET /js/theme.js HTTP/1.1" 200 34674 "-" "Mozilla/5.0 (Windows NT 10.0; Win64; x64) AppleWebKit/537.36 (KHTML, like Gecko) Chrome/78.0.3872.0 Safari/537.36 Edg/78.0.244.0"
92.118.39.244 - - [21/Dec/2024:04:44:28 +0530] "GET /js/jquery-3.6.0.min.js HTTP/1.1" 200 34674 "-" "Mozilla/5.0 (iPad; CPU OS 8_0_2 like Mac OS X) AppleWebKit/600.1.4 (KHTML like Gecko) Mobile/12A405 Version/7.0 Safari/9537.53"
92.118.39.244 - - [21/Dec/2024:04:44:28 +0530] "GET /fancybox/jquery.fancybox.min.js HTTP/1.1" 200 34674 "-" "FeedFetcher-Google; ( http://www.google.com/feedfetcher.html)"
185.147.125.22 - - [21/Dec/2024:04:48:02 +0530] "GET /contact.php HTTP/1.0" 200 40299 "https://sqarextechnologies.com/contact.php" "Mozilla/5.0 (Windows NT 10.0; Win64; x64) AppleWebKit/537.36 (KHTML, like Gecko) Chrome/124.0.6367.92 Safari/537.36"
185.147.125.22 - - [21/Dec/2024:04:17:52 +0530] "POST /contact.php HTTP/1.0" 200 40557 "https://sqarextechnologies.com/contact.php" "Mozilla/5.0 (Windows NT 15.0.0; Win64; x64; ) AppleWebKit/537.36 (KHTML, like Gecko) Chrome/124.0.6367.119 Chrome/124.0.6367.119 Not-A.Brand/99 Safari/537.36"
185.147.125.21 - - [21/Dec/2024:04:20:20 +0530] "GET /contact.php HTTP/1.0" 200 40299 "https://sqarextechnologies.com/contact.php" "Mozilla/5.0 (Windows NT 10.0; Win64; x64) AppleWebKit/537.36 (KHTML, like Gecko) Chrome/124.0.6367.92 Safari/537.36"
92.118.39.244 - - [21/Dec/2024:04:44:28 +0530] "GET /fancybox/fancybox-init.js HTTP/1.1" 200 34674 "-" "SAMSUNG-S8000/S8000XXIF3 SHP/VPP/R5 Jasmine/1.0 Nextreaming SMM-MMS/1.2.0 profile/MIDP-2.1 configuration/CLDC-1.1 FirePHP/0.3"
92.118.39.244 - - [21/Dec/2024:04:44:28 +0530] "GET /odometer/odometer.js HTTP/1.1" 200 34674 "-" "Mozilla/5.0 (X11; U; Linux i686; en-US) AppleWebKit/534.15 (KHTML, like Gecko) Ubuntu/10.10 Chromium/10.0.613.0 Chrome/10.0.613.0 Safari/534.15"
92.118.39.244 - - [21/Dec/2024:04:44:28 +0530] "GET /anime/anime.min.js HTTP/1.1" 200 34674 "-" "Mozilla/4.0 (compatible; GoogleToolbar 4.0.1019.5266-big; Windows XP 5.1; MSIE 6.0.2900.2180)"
185.147.125.22 - - [21/Dec/2024:04:48:03 +0530] "POST /contact.php HTTP/1.0" 200 40557 "https://sqarextechnologies.com/contact.php" "Mozilla/5.0 (Windows NT 10.0; Win64; x64) AppleWebKit/537.36 (KHTML, like Gecko) Chrome/124.0.6367.92 Safari/537.36"
185.147.125.22 - - [21/Dec/2024:04:30:10 +0530] "POST /contact.php HTTP/1.0" 200 40557 "https://sqarextechnologies.com/contact.php" "Mozilla/5.0 (Windows NT 10.0.0; Win64; x64; ) AppleWebKit/537.36 (KHTML, like Gecko) Chrome/124.0.6367.60 Chrome/124.0.6367.60 Not-A.Brand/99 Safari/537.36"
185.147.125.21 - - [21/Dec/2024:04:31:00 +0530] "GET / HTTP/1.0" 200 163502 "https://sqarextechnologies.com/" "Mozilla/5.0 (Windows NT 10.0.0; Win64; x64; ) AppleWebKit/537.36 (KHTML, like Gecko) Chrome/124.0.6367.63 Chrome/124.0.6367.63 Not-A.Brand/99 Safari/537.36"
185.147.125.21 - - [21/Dec/2024:04:31:00 +0530] "GET /contact.php HTTP/1.0" 200 40299 "https://sqarextechnologies.com/contact.php" "Mozilla/5.0 (Windows NT 10.0.0; Win64; x64; ) AppleWebKit/537.36 (KHTML, like Gecko) Chrome/124.0.6367.63 Chrome/124.0.6367.63 Not-A.Brand/99 Safari/537.36"
185.147.125.22 - - [21/Dec/2024:04:40:12 +0530] "POST /contact.php HTTP/1.0" 200 40557 "https://sqarextechnologies.com/contact.php" "Mozilla/5.0 (Windows NT 10.0.0; Win64; x64; ) AppleWebKit/537.36 (KHTML, like Gecko) Chrome/124.0.6367.78 Chrome/124.0.6367.78 Not-A.Brand/99 Safari/537.36"
185.147.125.21 - - [21/Dec/2024:04:40:58 +0530] "GET /contact.php HTTP/1.0" 200 40299 "https://sqarextechnologies.com/contact.php" "Mozilla/5.0 (Windows NT 10.0.0; Win64; x64; ) AppleWebKit/537.36 (KHTML, like Gecko) Chrome/124.0.6367.62 Chrome/124.0.6367.62 Not-A.Brand/99 Safari/537.36"
92.118.39.244 - - [21/Dec/2024:04:44:28 +0530] "GET /odometer/appear.js HTTP/1.1" 200 34674 "-" "Opera/9.30 (Nintendo Wii; U; ; 2047-7; en)"
92.118.39.244 - - [21/Dec/2024:04:44:28 +0530] "GET /splittext/splt.min.js HTTP/1.1" 200 34674 "-" "Mozilla/5.0 (iPhone; CPU iPhone OS 11_4 like Mac OS X) AppleWebKit/605.1.15 (KHTML, like Gecko) Version/11.0 Mobile/15E148 Safari/604.1"
92.118.39.244 - - [21/Dec/2024:04:44:28 +0530] "GET /swiper/swiper-bundle.min.js HTTP/1.1" 200 34674 "-" "Mozilla/5.0 (Linux; Android 7.0; SAMSUNG SM-G925R6 Build/NRD90M) AppleWebKit/537.36 (KHTML, like Gecko) SamsungBrowser/5.4 Chrome/51.0.2704.106 Mobile Safari/537.36"
185.147.125.22 - - [21/Dec/2024:04:48:02 +0530] "GET / HTTP/1.0" 200 163502 "https://sqarextechnologies.com/" "Mozilla/5.0 (Windows NT 10.0; Win64; x64) AppleWebKit/537.36 (KHTML, like Gecko) Chrome/124.0.6367.92 Safari/537.36"
185.147.125.21 - - [21/Dec/2024:04:52:18 +0530] "POST /contact.php HTTP/1.0" 200 40557 "https://sqarextechnologies.com/contact.php" "Mozilla/5.0 (Windows NT 10.0.0; Win64; x64; ) AppleWebKit/537.36 (KHTML, like Gecko) Chrome/124.0.6367.78 Chrome/124.0.6367.78 Not-A.Brand/99 Safari/537.36"
