172.172.130.74 - - [22/Dec/2024:09:47:47 +0530] "GET /wp-sigunq.php HTTP/1.1" 200 163502 "-" "-"
172.172.130.74 - - [22/Dec/2024:09:47:47 +0530] "GET /wso112233.php HTTP/1.1" 200 163502 "-" "-"
172.172.130.74 - - [22/Dec/2024:09:47:47 +0530] "GET /alfanew.php HTTP/1.1" 200 163502 "-" "-"
172.172.130.74 - - [22/Dec/2024:09:47:47 +0530] "GET /fw.php HTTP/1.1" 200 163502 "-" "-"
172.172.130.74 - - [22/Dec/2024:09:47:47 +0530] "GET /install.php HTTP/1.1" 200 163502 "-" "-"
172.172.130.74 - - [22/Dec/2024:09:47:48 +0530] "GET /wp-login.php HTTP/1.1" 200 163502 "-" "-"
172.172.130.74 - - [22/Dec/2024:09:47:48 +0530] "GET /wp-content/plugins/google-seo-rank/module.php HTTP/1.1" 200 163502 "-" "-"
172.172.130.74 - - [22/Dec/2024:09:47:48 +0530] "GET /chosen.php HTTP/1.1" 200 163502 "-" "-"
172.172.130.74 - - [22/Dec/2024:09:47:48 +0530] "GET /simple.php HTTP/1.1" 200 163502 "-" "-"
185.147.125.22 - - [22/Dec/2024:09:56:23 +0530] "GET /contact.php HTTP/1.0" 200 40299 "https://sqarextechnologies.com/contact.php" "Mozilla/5.0 (Windows NT 10.0.0; Win64; x64; ) AppleWebKit/537.36 (KHTML, like Gecko) Chrome/124.0.6367.119 Chrome/124.0.6367.119 Not-A.Brand/99 Safari/537.36"
185.7.214.130 - - [22/Dec/2024:10:04:50 +0530] "GET /contact.php HTTP/1.0" 200 40299 "https://sqarextechnologies.com/contact.php" "Mozilla/5.0 (Windows NT 10.0.0; Win64; x64; ) AppleWebKit/537.36 (KHTML, like Gecko) Chrome/124.0.6367.62 Chrome/124.0.6367.62 Not-A.Brand/99 Safari/537.36"
185.147.125.21 - - [22/Dec/2024:10:06:12 +0530] "GET / HTTP/1.0" 200 163502 "https://sqarextechnologies.com/" "Mozilla/5.0 (Windows NT 10.0; Win64; x64; ) AppleWebKit/537.36 (KHTML, like Gecko) Chrome/124.0.6367.61 Chrome/124.0.6367.61 Not-A.Brand/99 Safari/537.36"
185.147.125.21 - - [22/Dec/2024:10:06:12 +0530] "POST /contact.php HTTP/1.0" 200 40557 "https://sqarextechnologies.com/contact.php" "Mozilla/5.0 (Windows NT 10.0; Win64; x64; ) AppleWebKit/537.36 (KHTML, like Gecko) Chrome/124.0.6367.61 Chrome/124.0.6367.61 Not-A.Brand/99 Safari/537.36"
185.147.125.21 - - [22/Dec/2024:10:06:36 +0530] "GET /contact.php HTTP/1.0" 200 40299 "https://sqarextechnologies.com/contact.php" "Mozilla/5.0 (Windows NT 10.0; Win64; x64; ) AppleWebKit/537.36 (KHTML, like Gecko) Chrome/124.0.6367.61 Chrome/124.0.6367.61 Not-A.Brand/99 Safari/537.36"
185.147.125.22 - - [22/Dec/2024:10:07:29 +0530] "GET /contact.php HTTP/1.0" 200 40299 "https://sqarextechnologies.com/contact.php" "Mozilla/5.0 (Windows NT 10.0.0; Win64; x64; ) AppleWebKit/537.36 (KHTML, like Gecko) Chrome/124.0.6367.78 Chrome/124.0.6367.78 Not-A.Brand/99 Safari/537.36"
185.7.214.130 - - [22/Dec/2024:10:04:49 +0530] "GET / HTTP/1.0" 200 163502 "https://sqarextechnologies.com/" "Mozilla/5.0 (Windows NT 10.0.0; Win64; x64; ) AppleWebKit/537.36 (KHTML, like Gecko) Chrome/124.0.6367.62 Chrome/124.0.6367.62 Not-A.Brand/99 Safari/537.36"
185.7.214.130 - - [22/Dec/2024:10:04:50 +0530] "POST /contact.php HTTP/1.0" 200 40557 "https://sqarextechnologies.com/contact.php" "Mozilla/5.0 (Windows NT 10.0.0; Win64; x64; ) AppleWebKit/537.36 (KHTML, like Gecko) Chrome/124.0.6367.62 Chrome/124.0.6367.62 Not-A.Brand/99 Safari/537.36"
185.147.125.22 - - [22/Dec/2024:10:07:30 +0530] "POST /contact.php HTTP/1.0" 200 40557 "https://sqarextechnologies.com/contact.php" "Mozilla/5.0 (Windows NT 10.0.0; Win64; x64; ) AppleWebKit/537.36 (KHTML, like Gecko) Chrome/124.0.6367.78 Chrome/124.0.6367.78 Not-A.Brand/99 Safari/537.36"
185.147.125.21 - - [22/Dec/2024:10:06:36 +0530] "POST /contact.php HTTP/1.0" 200 40557 "https://sqarextechnologies.com/contact.php" "Mozilla/5.0 (Windows NT 10.0; Win64; x64; ) AppleWebKit/537.36 (KHTML, like Gecko) Chrome/124.0.6367.61 Chrome/124.0.6367.61 Not-A.Brand/99 Safari/537.36"
185.147.125.22 - - [22/Dec/2024:10:07:29 +0530] "GET / HTTP/1.0" 200 163502 "https://sqarextechnologies.com/" "Mozilla/5.0 (Windows NT 10.0.0; Win64; x64; ) AppleWebKit/537.36 (KHTML, like Gecko) Chrome/124.0.6367.78 Chrome/124.0.6367.78 Not-A.Brand/99 Safari/537.36"
185.147.125.21 - - [22/Dec/2024:10:06:12 +0530] "GET /contact.php HTTP/1.0" 200 40299 "https://sqarextechnologies.com/contact.php" "Mozilla/5.0 (Windows NT 10.0; Win64; x64; ) AppleWebKit/537.36 (KHTML, like Gecko) Chrome/124.0.6367.61 Chrome/124.0.6367.61 Not-A.Brand/99 Safari/537.36"
185.147.125.21 - - [22/Dec/2024:10:06:35 +0530] "GET / HTTP/1.0" 200 163502 "https://sqarextechnologies.com/" "Mozilla/5.0 (Windows NT 10.0; Win64; x64; ) AppleWebKit/537.36 (KHTML, like Gecko) Chrome/124.0.6367.61 Chrome/124.0.6367.61 Not-A.Brand/99 Safari/537.36"
185.147.125.21 - - [22/Dec/2024:10:31:00 +0530] "POST /contact.php HTTP/1.0" 200 40557 "https://sqarextechnologies.com/contact.php" "Mozilla/5.0 (Windows NT 10.0.0; Win64; x64; ) AppleWebKit/537.36 (KHTML, like Gecko) Chrome/124.0.6367.60 Chrome/124.0.6367.60 Not-A.Brand/99 Safari/537.36"
185.147.125.21 - - [22/Dec/2024:10:31:00 +0530] "GET /contact.php HTTP/1.0" 200 40299 "https://sqarextechnologies.com/contact.php" "Mozilla/5.0 (Windows NT 10.0.0; Win64; x64; ) AppleWebKit/537.36 (KHTML, like Gecko) Chrome/124.0.6367.60 Chrome/124.0.6367.60 Not-A.Brand/99 Safari/537.36"
185.147.125.21 - - [22/Dec/2024:10:31:00 +0530] "GET / HTTP/1.0" 200 163502 "https://sqarextechnologies.com/" "Mozilla/5.0 (Windows NT 10.0.0; Win64; x64; ) AppleWebKit/537.36 (KHTML, like Gecko) Chrome/124.0.6367.60 Chrome/124.0.6367.60 Not-A.Brand/99 Safari/537.36"
185.147.125.22 - - [22/Dec/2024:10:56:28 +0530] "GET /contact.php HTTP/1.0" 200 40299 "https://sqarextechnologies.com/contact.php" "Mozilla/5.0 (Windows NT 10.0.0; Win64; x64; ) AppleWebKit/537.36 (KHTML, like Gecko) Chrome/124.0.6367.78 Chrome/124.0.6367.78 Not-A.Brand/99 Safari/537.36"
185.147.125.21 - - [22/Dec/2024:10:57:46 +0530] "GET / HTTP/1.0" 200 163502 "https://sqarextechnologies.com/" "Mozilla/5.0 (Windows NT 10.0.0; Win64; x64; ) AppleWebKit/537.36 (KHTML, like Gecko) Chrome/124.0.6367.62 Chrome/124.0.6367.62 Not-A.Brand/99 Safari/537.36"
185.147.125.21 - - [22/Dec/2024:10:57:46 +0530] "GET /contact.php HTTP/1.0" 200 40299 "https://sqarextechnologies.com/contact.php" "Mozilla/5.0 (Windows NT 10.0.0; Win64; x64; ) AppleWebKit/537.36 (KHTML, like Gecko) Chrome/124.0.6367.62 Chrome/124.0.6367.62 Not-A.Brand/99 Safari/537.36"
185.147.125.21 - - [22/Dec/2024:10:57:46 +0530] "POST /contact.php HTTP/1.0" 200 40557 "https://sqarextechnologies.com/contact.php" "Mozilla/5.0 (Windows NT 10.0.0; Win64; x64; ) AppleWebKit/537.36 (KHTML, like Gecko) Chrome/124.0.6367.62 Chrome/124.0.6367.62 Not-A.Brand/99 Safari/537.36"
185.147.125.21 - - [22/Dec/2024:11:06:32 +0530] "GET /contact.php HTTP/1.0" 200 40299 "https://sqarextechnologies.com/contact.php" "Mozilla/5.0 (Windows NT 15.0.0; Win64; x64; ) AppleWebKit/537.36 (KHTML, like Gecko) Chrome/124.0.6367.60 Chrome/124.0.6367.60 Not-A.Brand/99 Safari/537.36"
185.147.125.21 - - [22/Dec/2024:11:06:32 +0530] "GET / HTTP/1.0" 200 163502 "https://sqarextechnologies.com/" "Mozilla/5.0 (Windows NT 15.0.0; Win64; x64; ) AppleWebKit/537.36 (KHTML, like Gecko) Chrome/124.0.6367.60 Chrome/124.0.6367.60 Not-A.Brand/99 Safari/537.36"
185.147.125.21 - - [22/Dec/2024:11:06:32 +0530] "POST /contact.php HTTP/1.0" 200 40557 "https://sqarextechnologies.com/contact.php" "Mozilla/5.0 (Windows NT 15.0.0; Win64; x64; ) AppleWebKit/537.36 (KHTML, like Gecko) Chrome/124.0.6367.60 Chrome/124.0.6367.60 Not-A.Brand/99 Safari/537.36"
185.147.125.22 - - [22/Dec/2024:11:10:28 +0530] "GET / HTTP/1.0" 200 163502 "https://sqarextechnologies.com/" "Mozilla/5.0 (Windows NT 10.0.0; Win64; x64; ) AppleWebKit/537.36 (KHTML, like Gecko) Chrome/124.0.6367.78 Chrome/124.0.6367.78 Not-A.Brand/99 Safari/537.36"
185.147.125.22 - - [22/Dec/2024:11:10:29 +0530] "GET /contact.php HTTP/1.0" 200 40299 "https://sqarextechnologies.com/contact.php" "Mozilla/5.0 (Windows NT 10.0.0; Win64; x64; ) AppleWebKit/537.36 (KHTML, like Gecko) Chrome/124.0.6367.78 Chrome/124.0.6367.78 Not-A.Brand/99 Safari/537.36"
185.147.125.22 - - [22/Dec/2024:10:56:28 +0530] "GET / HTTP/1.0" 200 163502 "https://sqarextechnologies.com/" "Mozilla/5.0 (Windows NT 10.0.0; Win64; x64; ) AppleWebKit/537.36 (KHTML, like Gecko) Chrome/124.0.6367.78 Chrome/124.0.6367.78 Not-A.Brand/99 Safari/537.36"
185.147.125.22 - - [22/Dec/2024:10:56:28 +0530] "POST /contact.php HTTP/1.0" 200 40557 "https://sqarextechnologies.com/contact.php" "Mozilla/5.0 (Windows NT 10.0.0; Win64; x64; ) AppleWebKit/537.36 (KHTML, like Gecko) Chrome/124.0.6367.78 Chrome/124.0.6367.78 Not-A.Brand/99 Safari/537.36"
185.147.125.22 - - [22/Dec/2024:11:10:29 +0530] "POST /contact.php HTTP/1.0" 200 40557 "https://sqarextechnologies.com/contact.php" "Mozilla/5.0 (Windows NT 10.0.0; Win64; x64; ) AppleWebKit/537.36 (KHTML, like Gecko) Chrome/124.0.6367.78 Chrome/124.0.6367.78 Not-A.Brand/99 Safari/537.36"
185.147.125.22 - - [22/Dec/2024:11:46:49 +0530] "GET /contact.php HTTP/1.0" 200 40299 "https://sqarextechnologies.com/contact.php" "Mozilla/5.0 (Windows NT 10.0.0; Win64; x64; ) AppleWebKit/537.36 (KHTML, like Gecko) Chrome/124.0.6367.63 Chrome/124.0.6367.63 Not-A.Brand/99 Safari/537.36"
185.147.125.22 - - [22/Dec/2024:11:46:49 +0530] "GET / HTTP/1.0" 200 163502 "https://sqarextechnologies.com/" "Mozilla/5.0 (Windows NT 10.0.0; Win64; x64; ) AppleWebKit/537.36 (KHTML, like Gecko) Chrome/124.0.6367.63 Chrome/124.0.6367.63 Not-A.Brand/99 Safari/537.36"
192.36.109.89 - - [22/Dec/2024:11:47:31 +0530] "GET /robots.txt HTTP/1.1" 200 34674 "http://sqarextechnologies.com/robots.txt" "Mozilla/5.0 (Windows NT 6.3; Win64; x64; rv:109.0) Gecko/20100101 Firefox/115"
185.147.125.21 - - [22/Dec/2024:12:06:59 +0530] "POST /contact.php HTTP/1.0" 200 40557 "https://sqarextechnologies.com/contact.php" "Mozilla/5.0 (Windows NT 10.0.0; Win64; x64; ) AppleWebKit/537.36 (KHTML, like Gecko) Chrome/124.0.6367.61 Chrome/124.0.6367.61 Not-A.Brand/99 Safari/537.36"
185.147.125.22 - - [22/Dec/2024:11:56:33 +0530] "GET / HTTP/1.0" 200 163502 "https://sqarextechnologies.com/" "Mozilla/5.0 (Windows NT 10.0; Win64; x64; ) AppleWebKit/537.36 (KHTML, like Gecko) Chrome/124.0.6367.61 Chrome/124.0.6367.61 Not-A.Brand/99 Safari/537.36"
185.147.125.22 - - [22/Dec/2024:11:56:33 +0530] "POST /contact.php HTTP/1.0" 200 40557 "https://sqarextechnologies.com/contact.php" "Mozilla/5.0 (Windows NT 10.0; Win64; x64; ) AppleWebKit/537.36 (KHTML, like Gecko) Chrome/124.0.6367.61 Chrome/124.0.6367.61 Not-A.Brand/99 Safari/537.36"
185.147.125.21 - - [22/Dec/2024:12:07:54 +0530] "GET / HTTP/1.0" 200 163502 "https://sqarextechnologies.com/" "Mozilla/5.0 (Windows NT 15.0.0; Win64; x64; ) AppleWebKit/537.36 (KHTML, like Gecko) Chrome/124.0.6367.60 Chrome/124.0.6367.60 Not-A.Brand/99 Safari/537.36"
185.147.125.22 - - [22/Dec/2024:12:10:15 +0530] "POST /contact.php HTTP/1.0" 200 40557 "https://sqarextechnologies.com/contact.php" "Mozilla/5.0 (Windows NT 10.0; Win64; x64) AppleWebKit/537.36 (KHTML, like Gecko) Chrome/125.0.0.0 Safari/537.36"
185.147.125.21 - - [22/Dec/2024:12:06:58 +0530] "GET / HTTP/1.0" 200 163502 "https://sqarextechnologies.com/" "Mozilla/5.0 (Windows NT 10.0.0; Win64; x64; ) AppleWebKit/537.36 (KHTML, like Gecko) Chrome/124.0.6367.61 Chrome/124.0.6367.61 Not-A.Brand/99 Safari/537.36"
185.147.125.21 - - [22/Dec/2024:12:06:58 +0530] "GET /contact.php HTTP/1.0" 200 40299 "https://sqarextechnologies.com/contact.php" "Mozilla/5.0 (Windows NT 10.0.0; Win64; x64; ) AppleWebKit/537.36 (KHTML, like Gecko) Chrome/124.0.6367.61 Chrome/124.0.6367.61 Not-A.Brand/99 Safari/537.36"
185.147.125.21 - - [22/Dec/2024:12:07:55 +0530] "POST /contact.php HTTP/1.0" 200 40557 "https://sqarextechnologies.com/contact.php" "Mozilla/5.0 (Windows NT 15.0.0; Win64; x64; ) AppleWebKit/537.36 (KHTML, like Gecko) Chrome/124.0.6367.60 Chrome/124.0.6367.60 Not-A.Brand/99 Safari/537.36"
185.147.125.22 - - [22/Dec/2024:11:46:50 +0530] "POST /contact.php HTTP/1.0" 200 40557 "https://sqarextechnologies.com/contact.php" "Mozilla/5.0 (Windows NT 10.0.0; Win64; x64; ) AppleWebKit/537.36 (KHTML, like Gecko) Chrome/124.0.6367.63 Chrome/124.0.6367.63 Not-A.Brand/99 Safari/537.36"
192.36.109.99 - - [22/Dec/2024:11:47:31 +0530] "GET / HTTP/1.1" 200 34674 "http://sqarextechnologies.com/" "Mozilla/5.0 (Windows NT 6.3; Win64; x64; rv:109.0) Gecko/20100101 Firefox/115"
185.147.125.22 - - [22/Dec/2024:11:56:33 +0530] "GET /contact.php HTTP/1.0" 200 40299 "https://sqarextechnologies.com/contact.php" "Mozilla/5.0 (Windows NT 10.0; Win64; x64; ) AppleWebKit/537.36 (KHTML, like Gecko) Chrome/124.0.6367.61 Chrome/124.0.6367.61 Not-A.Brand/99 Safari/537.36"
185.147.125.21 - - [22/Dec/2024:12:07:54 +0530] "GET /contact.php HTTP/1.0" 200 40299 "https://sqarextechnologies.com/contact.php" "Mozilla/5.0 (Windows NT 15.0.0; Win64; x64; ) AppleWebKit/537.36 (KHTML, like Gecko) Chrome/124.0.6367.60 Chrome/124.0.6367.60 Not-A.Brand/99 Safari/537.36"
185.147.125.22 - - [22/Dec/2024:12:10:14 +0530] "GET / HTTP/1.0" 200 163502 "https://sqarextechnologies.com/" "Mozilla/5.0 (Windows NT 10.0; Win64; x64) AppleWebKit/537.36 (KHTML, like Gecko) Chrome/125.0.0.0 Safari/537.36"
185.147.125.22 - - [22/Dec/2024:12:10:14 +0530] "GET /contact.php HTTP/1.0" 200 40299 "https://sqarextechnologies.com/contact.php" "Mozilla/5.0 (Windows NT 10.0; Win64; x64) AppleWebKit/537.36 (KHTML, like Gecko) Chrome/125.0.0.0 Safari/537.36"
185.147.125.17 - - [22/Dec/2024:12:17:00 +0530] "GET /contact.php HTTP/1.0" 200 40299 "https://sqarextechnologies.com/contact.php" "Mozilla/5.0 (Windows NT 15.0.0; Win64; x64; ) AppleWebKit/537.36 (KHTML, like Gecko) Chrome/124.0.6367.119 Chrome/124.0.6367.119 Not-A.Brand/99 Safari/537.36"
185.147.125.17 - - [22/Dec/2024:12:17:00 +0530] "POST /contact.php HTTP/1.0" 200 40557 "https://sqarextechnologies.com/contact.php" "Mozilla/5.0 (Windows NT 15.0.0; Win64; x64; ) AppleWebKit/537.36 (KHTML, like Gecko) Chrome/124.0.6367.119 Chrome/124.0.6367.119 Not-A.Brand/99 Safari/537.36"
185.147.125.17 - - [22/Dec/2024:12:26:10 +0530] "GET /contact.php HTTP/1.0" 200 40299 "https://sqarextechnologies.com/contact.php" "Mozilla/5.0 (Windows NT 10.0.0; Win64; x64; ) AppleWebKit/537.36 (KHTML, like Gecko) Chrome/124.0.6367.78 Chrome/124.0.6367.78 Not-A.Brand/99 Safari/537.36"
185.147.125.17 - - [22/Dec/2024:12:26:11 +0530] "POST /contact.php HTTP/1.0" 200 40557 "https://sqarextechnologies.com/contact.php" "Mozilla/5.0 (Windows NT 10.0.0; Win64; x64; ) AppleWebKit/537.36 (KHTML, like Gecko) Chrome/124.0.6367.78 Chrome/124.0.6367.78 Not-A.Brand/99 Safari/537.36"
185.147.125.17 - - [22/Dec/2024:12:26:10 +0530] "GET / HTTP/1.0" 200 163502 "https://sqarextechnologies.com/" "Mozilla/5.0 (Windows NT 10.0.0; Win64; x64; ) AppleWebKit/537.36 (KHTML, like Gecko) Chrome/124.0.6367.78 Chrome/124.0.6367.78 Not-A.Brand/99 Safari/537.36"
185.147.125.17 - - [22/Dec/2024:12:16:59 +0530] "GET / HTTP/1.0" 200 163502 "https://sqarextechnologies.com/" "Mozilla/5.0 (Windows NT 15.0.0; Win64; x64; ) AppleWebKit/537.36 (KHTML, like Gecko) Chrome/124.0.6367.119 Chrome/124.0.6367.119 Not-A.Brand/99 Safari/537.36"
185.147.125.21 - - [22/Dec/2024:12:30:55 +0530] "GET / HTTP/1.0" 200 163502 "https://sqarextechnologies.com/" "Mozilla/5.0 (Windows NT 10.0.0; Win64; x64; ) AppleWebKit/537.36 (KHTML, like Gecko) Chrome/124.0.6367.63 Chrome/124.0.6367.63 Not-A.Brand/99 Safari/537.36"
185.147.125.21 - - [22/Dec/2024:12:30:56 +0530] "GET /contact.php HTTP/1.0" 200 40299 "https://sqarextechnologies.com/contact.php" "Mozilla/5.0 (Windows NT 10.0.0; Win64; x64; ) AppleWebKit/537.36 (KHTML, like Gecko) Chrome/124.0.6367.63 Chrome/124.0.6367.63 Not-A.Brand/99 Safari/537.36"
185.147.125.21 - - [22/Dec/2024:12:30:56 +0530] "POST /contact.php HTTP/1.0" 200 40557 "https://sqarextechnologies.com/contact.php" "Mozilla/5.0 (Windows NT 10.0.0; Win64; x64; ) AppleWebKit/537.36 (KHTML, like Gecko) Chrome/124.0.6367.63 Chrome/124.0.6367.63 Not-A.Brand/99 Safari/537.36"
185.147.125.22 - - [22/Dec/2024:12:56:23 +0530] "GET /contact.php HTTP/1.0" 200 40299 "https://sqarextechnologies.com/contact.php" "Mozilla/5.0 (Windows NT 10.0.0; Win64; x64; ) AppleWebKit/537.36 (KHTML, like Gecko) Chrome/124.0.6367.62 Chrome/124.0.6367.62 Not-A.Brand/99 Safari/537.36"
185.147.125.21 - - [22/Dec/2024:12:57:17 +0530] "GET /contact.php HTTP/1.0" 200 40299 "https://sqarextechnologies.com/contact.php" "Mozilla/5.0 (Windows NT 10.0; Win64; x64) AppleWebKit/537.36 (KHTML, like Gecko) Chrome/125.0.0.0 Safari/537.36"
185.147.125.22 - - [22/Dec/2024:12:48:48 +0530] "POST /contact.php HTTP/1.0" 200 40557 "https://sqarextechnologies.com/contact.php" "Mozilla/5.0 (Windows NT 15.0.0; Win64; x64; ) AppleWebKit/537.36 (KHTML, like Gecko) Chrome/124.0.6367.60 Chrome/124.0.6367.60 Not-A.Brand/99 Safari/537.36"
185.147.125.22 - - [22/Dec/2024:12:56:23 +0530] "GET / HTTP/1.0" 200 163502 "https://sqarextechnologies.com/" "Mozilla/5.0 (Windows NT 10.0.0; Win64; x64; ) AppleWebKit/537.36 (KHTML, like Gecko) Chrome/124.0.6367.62 Chrome/124.0.6367.62 Not-A.Brand/99 Safari/537.36"
185.147.125.21 - - [22/Dec/2024:12:57:16 +0530] "GET / HTTP/1.0" 200 163502 "https://sqarextechnologies.com/" "Mozilla/5.0 (Windows NT 10.0; Win64; x64) AppleWebKit/537.36 (KHTML, like Gecko) Chrome/125.0.0.0 Safari/537.36"
185.147.125.21 - - [22/Dec/2024:12:57:17 +0530] "POST /contact.php HTTP/1.0" 200 40557 "https://sqarextechnologies.com/contact.php" "Mozilla/5.0 (Windows NT 10.0; Win64; x64) AppleWebKit/537.36 (KHTML, like Gecko) Chrome/125.0.0.0 Safari/537.36"
185.147.125.22 - - [22/Dec/2024:12:48:47 +0530] "GET / HTTP/1.0" 200 163502 "https://sqarextechnologies.com/" "Mozilla/5.0 (Windows NT 15.0.0; Win64; x64; ) AppleWebKit/537.36 (KHTML, like Gecko) Chrome/124.0.6367.60 Chrome/124.0.6367.60 Not-A.Brand/99 Safari/537.36"
185.147.125.22 - - [22/Dec/2024:12:48:47 +0530] "GET /contact.php HTTP/1.0" 200 40299 "https://sqarextechnologies.com/contact.php" "Mozilla/5.0 (Windows NT 15.0.0; Win64; x64; ) AppleWebKit/537.36 (KHTML, like Gecko) Chrome/124.0.6367.60 Chrome/124.0.6367.60 Not-A.Brand/99 Safari/537.36"
185.147.125.22 - - [22/Dec/2024:12:56:23 +0530] "POST /contact.php HTTP/1.0" 200 40557 "https://sqarextechnologies.com/contact.php" "Mozilla/5.0 (Windows NT 10.0.0; Win64; x64; ) AppleWebKit/537.36 (KHTML, like Gecko) Chrome/124.0.6367.62 Chrome/124.0.6367.62 Not-A.Brand/99 Safari/537.36"
185.147.125.21 - - [22/Dec/2024:13:06:17 +0530] "POST /contact.php HTTP/1.0" 200 40557 "https://sqarextechnologies.com/contact.php" "Mozilla/5.0 (Windows NT 10.0.0; Win64; x64; ) AppleWebKit/537.36 (KHTML, like Gecko) Chrome/124.0.6367.62 Chrome/124.0.6367.62 Not-A.Brand/99 Safari/537.36"
185.147.125.21 - - [22/Dec/2024:13:06:54 +0530] "GET / HTTP/1.0" 200 163502 "https://sqarextechnologies.com/" "Mozilla/5.0 (Windows NT 10.0.0; Win64; x64; ) AppleWebKit/537.36 (KHTML, like Gecko) Chrome/124.0.6367.91 Chrome/124.0.6367.91 Not-A.Brand/99 Safari/537.36"
185.147.125.21 - - [22/Dec/2024:13:06:55 +0530] "POST /contact.php HTTP/1.0" 200 40557 "https://sqarextechnologies.com/contact.php" "Mozilla/5.0 (Windows NT 10.0.0; Win64; x64; ) AppleWebKit/537.36 (KHTML, like Gecko) Chrome/124.0.6367.91 Chrome/124.0.6367.91 Not-A.Brand/99 Safari/537.36"
185.147.125.22 - - [22/Dec/2024:13:10:21 +0530] "GET /contact.php HTTP/1.0" 200 40299 "https://sqarextechnologies.com/contact.php" "Mozilla/5.0 (Windows NT 10.0; Win64; x64) AppleWebKit/537.36 (KHTML, like Gecko) Chrome/124.0.0.0 Safari/537.36"
185.147.125.22 - - [22/Dec/2024:13:10:21 +0530] "GET / HTTP/1.0" 200 163502 "https://sqarextechnologies.com/" "Mozilla/5.0 (Windows NT 10.0; Win64; x64) AppleWebKit/537.36 (KHTML, like Gecko) Chrome/124.0.0.0 Safari/537.36"
185.147.125.22 - - [22/Dec/2024:13:10:21 +0530] "POST /contact.php HTTP/1.0" 200 40557 "https://sqarextechnologies.com/contact.php" "Mozilla/5.0 (Windows NT 10.0; Win64; x64) AppleWebKit/537.36 (KHTML, like Gecko) Chrome/124.0.0.0 Safari/537.36"
185.147.125.21 - - [22/Dec/2024:13:06:55 +0530] "GET /contact.php HTTP/1.0" 200 40299 "https://sqarextechnologies.com/contact.php" "Mozilla/5.0 (Windows NT 10.0.0; Win64; x64; ) AppleWebKit/537.36 (KHTML, like Gecko) Chrome/124.0.6367.91 Chrome/124.0.6367.91 Not-A.Brand/99 Safari/537.36"
185.147.125.21 - - [22/Dec/2024:13:06:16 +0530] "GET / HTTP/1.0" 200 163502 "https://sqarextechnologies.com/" "Mozilla/5.0 (Windows NT 10.0.0; Win64; x64; ) AppleWebKit/537.36 (KHTML, like Gecko) Chrome/124.0.6367.62 Chrome/124.0.6367.62 Not-A.Brand/99 Safari/537.36"
185.147.125.21 - - [22/Dec/2024:13:06:17 +0530] "GET /contact.php HTTP/1.0" 200 40299 "https://sqarextechnologies.com/contact.php" "Mozilla/5.0 (Windows NT 10.0.0; Win64; x64; ) AppleWebKit/537.36 (KHTML, like Gecko) Chrome/124.0.6367.62 Chrome/124.0.6367.62 Not-A.Brand/99 Safari/537.36"
185.147.125.21 - - [22/Dec/2024:13:30:59 +0530] "GET / HTTP/1.0" 200 163502 "https://sqarextechnologies.com/" "Mozilla/5.0 (Windows NT 15.0.0; Win64; x64; ) AppleWebKit/537.36 (KHTML, like Gecko) Chrome/124.0.6367.60 Chrome/124.0.6367.60 Not-A.Brand/99 Safari/537.36"
185.147.125.21 - - [22/Dec/2024:13:30:59 +0530] "POST /contact.php HTTP/1.0" 200 40557 "https://sqarextechnologies.com/contact.php" "Mozilla/5.0 (Windows NT 15.0.0; Win64; x64; ) AppleWebKit/537.36 (KHTML, like Gecko) Chrome/124.0.6367.60 Chrome/124.0.6367.60 Not-A.Brand/99 Safari/537.36"
185.147.125.22 - - [22/Dec/2024:14:20:26 +0530] "GET / HTTP/1.0" 200 163502 "https://sqarextechnologies.com/" "Mozilla/5.0 (Windows NT 10.0.0; Win64; x64; ) AppleWebKit/537.36 (KHTML, like Gecko) Chrome/124.0.6367.119 Chrome/124.0.6367.119 Not-A.Brand/99 Safari/537.36"
185.147.125.22 - - [22/Dec/2024:13:46:48 +0530] "GET / HTTP/1.0" 200 163502 "https://sqarextechnologies.com/" "Mozilla/5.0 (Windows NT 10.0; Win64; x64; ) AppleWebKit/537.36 (KHTML, like Gecko) Chrome/124.0.6367.61 Chrome/124.0.6367.61 Not-A.Brand/99 Safari/537.36"
185.147.125.22 - - [22/Dec/2024:13:56:29 +0530] "GET / HTTP/1.0" 200 163502 "https://sqarextechnologies.com/" "Mozilla/5.0 (Windows NT 10.0.0; Win64; x64; ) AppleWebKit/537.36 (KHTML, like Gecko) Chrome/124.0.6367.62 Chrome/124.0.6367.62 Not-A.Brand/99 Safari/537.36"
43.130.31.17 - - [22/Dec/2024:14:10:48 +0530] "GET / HTTP/1.1" 200 34674 "http://www.sqarextechnologies.com" "Mozilla/5.0 (iPhone; CPU iPhone OS 13_2_3 like Mac OS X) AppleWebKit/605.1.15 (KHTML, like Gecko) Version/13.0.3 Mobile/15E148 Safari/604.1"
185.147.125.22 - - [22/Dec/2024:13:46:48 +0530] "POST /contact.php HTTP/1.0" 200 40557 "https://sqarextechnologies.com/contact.php" "Mozilla/5.0 (Windows NT 10.0; Win64; x64; ) AppleWebKit/537.36 (KHTML, like Gecko) Chrome/124.0.6367.61 Chrome/124.0.6367.61 Not-A.Brand/99 Safari/537.36"
185.147.125.22 - - [22/Dec/2024:13:56:30 +0530] "POST /contact.php HTTP/1.0" 200 40557 "https://sqarextechnologies.com/contact.php" "Mozilla/5.0 (Windows NT 10.0.0; Win64; x64; ) AppleWebKit/537.36 (KHTML, like Gecko) Chrome/124.0.6367.62 Chrome/124.0.6367.62 Not-A.Brand/99 Safari/537.36"
185.147.125.21 - - [22/Dec/2024:14:07:11 +0530] "POST /contact.php HTTP/1.0" 200 40557 "https://sqarextechnologies.com/contact.php" "Mozilla/5.0 (Windows NT 15.0.0; Win64; x64; ) AppleWebKit/537.36 (KHTML, like Gecko) Chrome/124.0.6367.119 Chrome/124.0.6367.119 Not-A.Brand/99 Safari/537.36"
185.147.125.22 - - [22/Dec/2024:13:46:48 +0530] "GET /contact.php HTTP/1.0" 200 40299 "https://sqarextechnologies.com/contact.php" "Mozilla/5.0 (Windows NT 10.0; Win64; x64; ) AppleWebKit/537.36 (KHTML, like Gecko) Chrome/124.0.6367.61 Chrome/124.0.6367.61 Not-A.Brand/99 Safari/537.36"
185.147.125.21 - - [22/Dec/2024:14:07:10 +0530] "GET / HTTP/1.0" 200 163502 "https://sqarextechnologies.com/" "Mozilla/5.0 (Windows NT 15.0.0; Win64; x64; ) AppleWebKit/537.36 (KHTML, like Gecko) Chrome/124.0.6367.119 Chrome/124.0.6367.119 Not-A.Brand/99 Safari/537.36"
185.147.125.21 - - [22/Dec/2024:14:07:11 +0530] "GET /contact.php HTTP/1.0" 200 40299 "https://sqarextechnologies.com/contact.php" "Mozilla/5.0 (Windows NT 15.0.0; Win64; x64; ) AppleWebKit/537.36 (KHTML, like Gecko) Chrome/124.0.6367.119 Chrome/124.0.6367.119 Not-A.Brand/99 Safari/537.36"
185.147.125.21 - - [22/Dec/2024:14:10:02 +0530] "GET /contact.php HTTP/1.0" 200 40299 "https://sqarextechnologies.com/contact.php" "Mozilla/5.0 (Windows NT 10.0.0; Win64; x64; ) AppleWebKit/537.36 (KHTML, like Gecko) Chrome/124.0.6367.61 Chrome/124.0.6367.61 Not-A.Brand/99 Safari/537.36"
185.147.125.21 - - [22/Dec/2024:13:30:59 +0530] "GET /contact.php HTTP/1.0" 200 40299 "https://sqarextechnologies.com/contact.php" "Mozilla/5.0 (Windows NT 15.0.0; Win64; x64; ) AppleWebKit/537.36 (KHTML, like Gecko) Chrome/124.0.6367.60 Chrome/124.0.6367.60 Not-A.Brand/99 Safari/537.36"
185.147.125.22 - - [22/Dec/2024:13:56:29 +0530] "GET /contact.php HTTP/1.0" 200 40299 "https://sqarextechnologies.com/contact.php" "Mozilla/5.0 (Windows NT 10.0.0; Win64; x64; ) AppleWebKit/537.36 (KHTML, like Gecko) Chrome/124.0.6367.62 Chrome/124.0.6367.62 Not-A.Brand/99 Safari/537.36"
185.147.125.21 - - [22/Dec/2024:14:10:01 +0530] "GET / HTTP/1.0" 200 163502 "https://sqarextechnologies.com/" "Mozilla/5.0 (Windows NT 10.0.0; Win64; x64; ) AppleWebKit/537.36 (KHTML, like Gecko) Chrome/124.0.6367.61 Chrome/124.0.6367.61 Not-A.Brand/99 Safari/537.36"
185.147.125.21 - - [22/Dec/2024:14:10:02 +0530] "POST /contact.php HTTP/1.0" 200 40557 "https://sqarextechnologies.com/contact.php" "Mozilla/5.0 (Windows NT 10.0.0; Win64; x64; ) AppleWebKit/537.36 (KHTML, like Gecko) Chrome/124.0.6367.61 Chrome/124.0.6367.61 Not-A.Brand/99 Safari/537.36"
185.147.125.17 - - [22/Dec/2024:14:15:21 +0530] "GET / HTTP/1.0" 200 163502 "https://sqarextechnologies.com/" "Mozilla/5.0 (Windows NT 10.0.0; Win64; x64; ) AppleWebKit/537.36 (KHTML, like Gecko) Chrome/124.0.6367.61 Chrome/124.0.6367.61 Not-A.Brand/99 Safari/537.36"
185.147.125.17 - - [22/Dec/2024:14:15:22 +0530] "GET /contact.php HTTP/1.0" 200 40299 "https://sqarextechnologies.com/contact.php" "Mozilla/5.0 (Windows NT 10.0.0; Win64; x64; ) AppleWebKit/537.36 (KHTML, like Gecko) Chrome/124.0.6367.61 Chrome/124.0.6367.61 Not-A.Brand/99 Safari/537.36"
185.147.125.17 - - [22/Dec/2024:14:15:22 +0530] "POST /contact.php HTTP/1.0" 200 40557 "https://sqarextechnologies.com/contact.php" "Mozilla/5.0 (Windows NT 10.0.0; Win64; x64; ) AppleWebKit/537.36 (KHTML, like Gecko) Chrome/124.0.6367.61 Chrome/124.0.6367.61 Not-A.Brand/99 Safari/537.36"
185.147.125.22 - - [22/Dec/2024:14:20:27 +0530] "GET /contact.php HTTP/1.0" 200 40299 "https://sqarextechnologies.com/contact.php" "Mozilla/5.0 (Windows NT 10.0.0; Win64; x64; ) AppleWebKit/537.36 (KHTML, like Gecko) Chrome/124.0.6367.119 Chrome/124.0.6367.119 Not-A.Brand/99 Safari/537.36"
185.147.125.23 - - [22/Dec/2024:14:21:16 +0530] "GET / HTTP/1.0" 200 163502 "https://sqarextechnologies.com/" "Mozilla/5.0 (Windows NT 10.0; Win64; x64) AppleWebKit/537.36 (KHTML, like Gecko) Chrome/124.0.6367.92 Safari/537.36"
185.147.125.23 - - [22/Dec/2024:14:21:16 +0530] "GET /contact.php HTTP/1.0" 200 40299 "https://sqarextechnologies.com/contact.php" "Mozilla/5.0 (Windows NT 10.0; Win64; x64) AppleWebKit/537.36 (KHTML, like Gecko) Chrome/124.0.6367.92 Safari/537.36"
185.147.125.22 - - [22/Dec/2024:14:20:27 +0530] "POST /contact.php HTTP/1.0" 200 40557 "https://sqarextechnologies.com/contact.php" "Mozilla/5.0 (Windows NT 10.0.0; Win64; x64; ) AppleWebKit/537.36 (KHTML, like Gecko) Chrome/124.0.6367.119 Chrome/124.0.6367.119 Not-A.Brand/99 Safari/537.36"
185.147.125.23 - - [22/Dec/2024:14:21:16 +0530] "POST /contact.php HTTP/1.0" 200 40557 "https://sqarextechnologies.com/contact.php" "Mozilla/5.0 (Windows NT 10.0; Win64; x64) AppleWebKit/537.36 (KHTML, like Gecko) Chrome/124.0.6367.92 Safari/537.36"
185.147.125.21 - - [22/Dec/2024:14:30:46 +0530] "GET / HTTP/1.0" 200 163502 "https://sqarextechnologies.com/" "Mozilla/5.0 (Windows NT 10.0; Win64; x64) AppleWebKit/537.36 (KHTML, like Gecko) Chrome/124.0.0.0 Safari/537.36"
185.147.125.21 - - [22/Dec/2024:14:30:47 +0530] "POST /contact.php HTTP/1.0" 200 40557 "https://sqarextechnologies.com/contact.php" "Mozilla/5.0 (Windows NT 10.0; Win64; x64) AppleWebKit/537.36 (KHTML, like Gecko) Chrome/124.0.0.0 Safari/537.36"
185.147.125.21 - - [22/Dec/2024:14:30:47 +0530] "GET /contact.php HTTP/1.0" 200 40299 "https://sqarextechnologies.com/contact.php" "Mozilla/5.0 (Windows NT 10.0; Win64; x64) AppleWebKit/537.36 (KHTML, like Gecko) Chrome/124.0.0.0 Safari/537.36"
185.147.125.22 - - [22/Dec/2024:14:46:42 +0530] "GET / HTTP/1.0" 200 163502 "https://sqarextechnologies.com/" "Mozilla/5.0 (Windows NT 15.0.0; Win64; x64; ) AppleWebKit/537.36 (KHTML, like Gecko) Chrome/124.0.6367.60 Chrome/124.0.6367.60 Not-A.Brand/99 Safari/537.36"
185.147.125.23 - - [22/Dec/2024:14:47:50 +0530] "GET /contact.php HTTP/1.0" 200 40299 "https://sqarextechnologies.com/contact.php" "Mozilla/5.0 (Windows NT 10.0.0; Win64; x64; ) AppleWebKit/537.36 (KHTML, like Gecko) Chrome/124.0.6367.119 Chrome/124.0.6367.119 Not-A.Brand/99 Safari/537.36"
185.147.125.22 - - [22/Dec/2024:14:46:42 +0530] "GET /contact.php HTTP/1.0" 200 40299 "https://sqarextechnologies.com/contact.php" "Mozilla/5.0 (Windows NT 15.0.0; Win64; x64; ) AppleWebKit/537.36 (KHTML, like Gecko) Chrome/124.0.6367.60 Chrome/124.0.6367.60 Not-A.Brand/99 Safari/537.36"
185.147.125.22 - - [22/Dec/2024:14:46:43 +0530] "POST /contact.php HTTP/1.0" 200 40557 "https://sqarextechnologies.com/contact.php" "Mozilla/5.0 (Windows NT 15.0.0; Win64; x64; ) AppleWebKit/537.36 (KHTML, like Gecko) Chrome/124.0.6367.60 Chrome/124.0.6367.60 Not-A.Brand/99 Safari/537.36"
185.147.125.23 - - [22/Dec/2024:14:47:49 +0530] "GET / HTTP/1.0" 200 163502 "https://sqarextechnologies.com/" "Mozilla/5.0 (Windows NT 10.0.0; Win64; x64; ) AppleWebKit/537.36 (KHTML, like Gecko) Chrome/124.0.6367.119 Chrome/124.0.6367.119 Not-A.Brand/99 Safari/537.36"
135.148.100.196 - - [22/Dec/2024:14:48:53 +0530] "GET / HTTP/1.1" 200 163502 "-" "-"
5.188.62.21 - - [22/Dec/2024:14:49:58 +0530] "GET / HTTP/1.1" 200 34674 "https://google.com/" "Mozilla/5.0 (Macintosh; Intel Mac OS X 10_15_7) AppleWebKit/537.36 (KHTML, like Gecko) Chrome/128.0.0.0 Safari/537.36"
185.147.125.22 - - [22/Dec/2024:14:56:36 +0530] "GET / HTTP/1.0" 200 163502 "https://sqarextechnologies.com/" "Mozilla/5.0 (Windows NT 10.0; Win64; x64) AppleWebKit/537.36 (KHTML, like Gecko) Chrome/124.0.6367.92 Safari/537.36"
185.147.125.21 - - [22/Dec/2024:14:59:11 +0530] "GET / HTTP/1.0" 200 163502 "https://sqarextechnologies.com/" "Mozilla/5.0 (Windows NT 10.0; Win64; x64) AppleWebKit/537.36 (KHTML, like Gecko) Chrome/124.0.0.0 Safari/537.36"
185.147.125.21 - - [22/Dec/2024:14:59:12 +0530] "GET /contact.php HTTP/1.0" 200 40299 "https://sqarextechnologies.com/contact.php" "Mozilla/5.0 (Windows NT 10.0; Win64; x64) AppleWebKit/537.36 (KHTML, like Gecko) Chrome/124.0.0.0 Safari/537.36"
185.147.125.21 - - [22/Dec/2024:15:06:19 +0530] "GET /contact.php HTTP/1.0" 200 40299 "https://sqarextechnologies.com/contact.php" "Mozilla/5.0 (Windows NT 10.0.0; Win64; x64; ) AppleWebKit/537.36 (KHTML, like Gecko) Chrome/124.0.6367.62 Chrome/124.0.6367.62 Not-A.Brand/99 Safari/537.36"
185.147.125.23 - - [22/Dec/2024:14:57:40 +0530] "GET / HTTP/1.0" 200 163502 "https://sqarextechnologies.com/" "Mozilla/5.0 (Windows NT 15.0.0; Win64; x64; ) AppleWebKit/537.36 (KHTML, like Gecko) Chrome/124.0.6367.119 Chrome/124.0.6367.119 Not-A.Brand/99 Safari/537.36"
185.147.125.23 - - [22/Dec/2024:14:57:40 +0530] "POST /contact.php HTTP/1.0" 200 40557 "https://sqarextechnologies.com/contact.php" "Mozilla/5.0 (Windows NT 15.0.0; Win64; x64; ) AppleWebKit/537.36 (KHTML, like Gecko) Chrome/124.0.6367.119 Chrome/124.0.6367.119 Not-A.Brand/99 Safari/537.36"
185.147.125.21 - - [22/Dec/2024:14:59:13 +0530] "POST /contact.php HTTP/1.0" 200 40557 "https://sqarextechnologies.com/contact.php" "Mozilla/5.0 (Windows NT 10.0; Win64; x64) AppleWebKit/537.36 (KHTML, like Gecko) Chrome/124.0.0.0 Safari/537.36"
185.147.125.21 - - [22/Dec/2024:15:06:19 +0530] "POST /contact.php HTTP/1.0" 200 40557 "https://sqarextechnologies.com/contact.php" "Mozilla/5.0 (Windows NT 10.0.0; Win64; x64; ) AppleWebKit/537.36 (KHTML, like Gecko) Chrome/124.0.6367.62 Chrome/124.0.6367.62 Not-A.Brand/99 Safari/537.36"
185.147.125.21 - - [22/Dec/2024:15:09:31 +0530] "GET /contact.php HTTP/1.0" 200 40299 "https://sqarextechnologies.com/contact.php" "Mozilla/5.0 (Windows NT 10.0; Win64; x64) AppleWebKit/537.36 (KHTML, like Gecko) Chrome/124.0.6367.92 Safari/537.36"
185.147.125.21 - - [22/Dec/2024:15:09:26 +0530] "GET / HTTP/1.0" 200 163502 "https://sqarextechnologies.com/" "Mozilla/5.0 (Windows NT 10.0; Win64; x64) AppleWebKit/537.36 (KHTML, like Gecko) Chrome/124.0.6367.92 Safari/537.36"
185.147.125.22 - - [22/Dec/2024:14:56:36 +0530] "GET /contact.php HTTP/1.0" 200 40299 "https://sqarextechnologies.com/contact.php" "Mozilla/5.0 (Windows NT 10.0; Win64; x64) AppleWebKit/537.36 (KHTML, like Gecko) Chrome/124.0.6367.92 Safari/537.36"
185.147.125.21 - - [22/Dec/2024:15:09:31 +0530] "POST /contact.php HTTP/1.0" 200 40557 "https://sqarextechnologies.com/contact.php" "Mozilla/5.0 (Windows NT 10.0; Win64; x64) AppleWebKit/537.36 (KHTML, like Gecko) Chrome/124.0.6367.92 Safari/537.36"
185.147.125.23 - - [22/Dec/2024:14:47:50 +0530] "POST /contact.php HTTP/1.0" 200 40557 "https://sqarextechnologies.com/contact.php" "Mozilla/5.0 (Windows NT 10.0.0; Win64; x64; ) AppleWebKit/537.36 (KHTML, like Gecko) Chrome/124.0.6367.119 Chrome/124.0.6367.119 Not-A.Brand/99 Safari/537.36"
185.147.125.22 - - [22/Dec/2024:14:56:37 +0530] "POST /contact.php HTTP/1.0" 200 40557 "https://sqarextechnologies.com/contact.php" "Mozilla/5.0 (Windows NT 10.0; Win64; x64) AppleWebKit/537.36 (KHTML, like Gecko) Chrome/124.0.6367.92 Safari/537.36"
185.147.125.23 - - [22/Dec/2024:14:57:40 +0530] "GET /contact.php HTTP/1.0" 200 40299 "https://sqarextechnologies.com/contact.php" "Mozilla/5.0 (Windows NT 15.0.0; Win64; x64; ) AppleWebKit/537.36 (KHTML, like Gecko) Chrome/124.0.6367.119 Chrome/124.0.6367.119 Not-A.Brand/99 Safari/537.36"
185.147.125.21 - - [22/Dec/2024:15:06:18 +0530] "GET / HTTP/1.0" 200 163502 "https://sqarextechnologies.com/" "Mozilla/5.0 (Windows NT 10.0.0; Win64; x64; ) AppleWebKit/537.36 (KHTML, like Gecko) Chrome/124.0.6367.62 Chrome/124.0.6367.62 Not-A.Brand/99 Safari/537.36"
185.147.125.17 - - [22/Dec/2024:15:29:14 +0530] "POST /contact.php HTTP/1.0" 200 40557 "https://sqarextechnologies.com/contact.php" "Mozilla/5.0 (Windows NT 10.0.0; Win64; x64; ) AppleWebKit/537.36 (KHTML, like Gecko) Chrome/124.0.6367.93 Chrome/124.0.6367.93 Not-A.Brand/99 Safari/537.36"
185.147.125.17 - - [22/Dec/2024:15:29:22 +0530] "GET /contact.php HTTP/1.0" 200 40299 "https://sqarextechnologies.com/contact.php" "Mozilla/5.0 (Windows NT 10.0.0; Win64; x64; ) AppleWebKit/537.36 (KHTML, like Gecko) Chrome/124.0.6367.62 Chrome/124.0.6367.62 Not-A.Brand/99 Safari/537.36"
185.147.125.17 - - [22/Dec/2024:15:29:22 +0530] "POST /contact.php HTTP/1.0" 200 40557 "https://sqarextechnologies.com/contact.php" "Mozilla/5.0 (Windows NT 10.0.0; Win64; x64; ) AppleWebKit/537.36 (KHTML, like Gecko) Chrome/124.0.6367.62 Chrome/124.0.6367.62 Not-A.Brand/99 Safari/537.36"
185.147.125.17 - - [22/Dec/2024:15:29:13 +0530] "GET / HTTP/1.0" 200 163502 "https://sqarextechnologies.com/" "Mozilla/5.0 (Windows NT 10.0.0; Win64; x64; ) AppleWebKit/537.36 (KHTML, like Gecko) Chrome/124.0.6367.93 Chrome/124.0.6367.93 Not-A.Brand/99 Safari/537.36"
185.147.125.17 - - [22/Dec/2024:15:29:14 +0530] "GET /contact.php HTTP/1.0" 200 40299 "https://sqarextechnologies.com/contact.php" "Mozilla/5.0 (Windows NT 10.0.0; Win64; x64; ) AppleWebKit/537.36 (KHTML, like Gecko) Chrome/124.0.6367.93 Chrome/124.0.6367.93 Not-A.Brand/99 Safari/537.36"
185.147.125.17 - - [22/Dec/2024:15:29:21 +0530] "GET / HTTP/1.0" 200 163502 "https://sqarextechnologies.com/" "Mozilla/5.0 (Windows NT 10.0.0; Win64; x64; ) AppleWebKit/537.36 (KHTML, like Gecko) Chrome/124.0.6367.62 Chrome/124.0.6367.62 Not-A.Brand/99 Safari/537.36"
185.147.125.23 - - [22/Dec/2024:15:49:47 +0530] "GET / HTTP/1.0" 200 163502 "https://sqarextechnologies.com/" "Mozilla/5.0 (Windows NT 10.0.0; Win64; x64; ) AppleWebKit/537.36 (KHTML, like Gecko) Chrome/124.0.6367.60 Chrome/124.0.6367.60 Not-A.Brand/99 Safari/537.36"
185.147.125.22 - - [22/Dec/2024:15:56:23 +0530] "GET /contact.php HTTP/1.0" 200 40299 "https://sqarextechnologies.com/contact.php" "Mozilla/5.0 (Windows NT 10.0; Win64; x64) AppleWebKit/537.36 (KHTML, like Gecko) Chrome/125.0.0.0 Safari/537.36"
185.147.125.22 - - [22/Dec/2024:15:46:53 +0530] "GET /contact.php HTTP/1.0" 200 40299 "https://sqarextechnologies.com/contact.php" "Mozilla/5.0 (Windows NT 10.0.0; Win64; x64; ) AppleWebKit/537.36 (KHTML, like Gecko) Chrome/124.0.6367.119 Chrome/124.0.6367.119 Not-A.Brand/99 Safari/537.36"
185.147.125.23 - - [22/Dec/2024:15:49:47 +0530] "GET /contact.php HTTP/1.0" 200 40299 "https://sqarextechnologies.com/contact.php" "Mozilla/5.0 (Windows NT 10.0.0; Win64; x64; ) AppleWebKit/537.36 (KHTML, like Gecko) Chrome/124.0.6367.60 Chrome/124.0.6367.60 Not-A.Brand/99 Safari/537.36"
185.147.125.23 - - [22/Dec/2024:15:57:49 +0530] "GET /contact.php HTTP/1.0" 200 40299 "https://sqarextechnologies.com/contact.php" "Mozilla/5.0 (Windows NT 10.0; Win64; x64; ) AppleWebKit/537.36 (KHTML, like Gecko) Chrome/124.0.6367.61 Chrome/124.0.6367.61 Not-A.Brand/99 Safari/537.36"
185.147.125.23 - - [22/Dec/2024:15:57:49 +0530] "POST /contact.php HTTP/1.0" 200 40557 "https://sqarextechnologies.com/contact.php" "Mozilla/5.0 (Windows NT 10.0; Win64; x64; ) AppleWebKit/537.36 (KHTML, like Gecko) Chrome/124.0.6367.61 Chrome/124.0.6367.61 Not-A.Brand/99 Safari/537.36"
185.147.125.22 - - [22/Dec/2024:15:46:52 +0530] "GET / HTTP/1.0" 200 163502 "https://sqarextechnologies.com/" "Mozilla/5.0 (Windows NT 10.0.0; Win64; x64; ) AppleWebKit/537.36 (KHTML, like Gecko) Chrome/124.0.6367.119 Chrome/124.0.6367.119 Not-A.Brand/99 Safari/537.36"
185.147.125.22 - - [22/Dec/2024:15:56:24 +0530] "POST /contact.php HTTP/1.0" 200 40557 "https://sqarextechnologies.com/contact.php" "Mozilla/5.0 (Windows NT 10.0; Win64; x64) AppleWebKit/537.36 (KHTML, like Gecko) Chrome/125.0.0.0 Safari/537.36"
185.147.125.23 - - [22/Dec/2024:15:57:49 +0530] "GET / HTTP/1.0" 200 163502 "https://sqarextechnologies.com/" "Mozilla/5.0 (Windows NT 10.0; Win64; x64; ) AppleWebKit/537.36 (KHTML, like Gecko) Chrome/124.0.6367.61 Chrome/124.0.6367.61 Not-A.Brand/99 Safari/537.36"
185.147.125.21 - - [22/Dec/2024:15:59:12 +0530] "GET / HTTP/1.0" 200 163502 "https://sqarextechnologies.com/" "Mozilla/5.0 (Windows NT 10.0; Win64; x64; ) AppleWebKit/537.36 (KHTML, like Gecko) Chrome/124.0.6367.61 Chrome/124.0.6367.61 Not-A.Brand/99 Safari/537.36"
185.147.125.22 - - [22/Dec/2024:15:46:53 +0530] "POST /contact.php HTTP/1.0" 200 40557 "https://sqarextechnologies.com/contact.php" "Mozilla/5.0 (Windows NT 10.0.0; Win64; x64; ) AppleWebKit/537.36 (KHTML, like Gecko) Chrome/124.0.6367.119 Chrome/124.0.6367.119 Not-A.Brand/99 Safari/537.36"
185.147.125.23 - - [22/Dec/2024:15:49:47 +0530] "POST /contact.php HTTP/1.0" 200 40557 "https://sqarextechnologies.com/contact.php" "Mozilla/5.0 (Windows NT 10.0.0; Win64; x64; ) AppleWebKit/537.36 (KHTML, like Gecko) Chrome/124.0.6367.60 Chrome/124.0.6367.60 Not-A.Brand/99 Safari/537.36"
185.147.125.22 - - [22/Dec/2024:15:56:23 +0530] "GET / HTTP/1.0" 200 163502 "https://sqarextechnologies.com/" "Mozilla/5.0 (Windows NT 10.0; Win64; x64) AppleWebKit/537.36 (KHTML, like Gecko) Chrome/125.0.0.0 Safari/537.36"
185.147.125.21 - - [22/Dec/2024:15:59:12 +0530] "GET /contact.php HTTP/1.0" 200 40299 "https://sqarextechnologies.com/contact.php" "Mozilla/5.0 (Windows NT 10.0; Win64; x64; ) AppleWebKit/537.36 (KHTML, like Gecko) Chrome/124.0.6367.61 Chrome/124.0.6367.61 Not-A.Brand/99 Safari/537.36"
185.147.125.21 - - [22/Dec/2024:15:59:12 +0530] "POST /contact.php HTTP/1.0" 200 40557 "https://sqarextechnologies.com/contact.php" "Mozilla/5.0 (Windows NT 10.0; Win64; x64; ) AppleWebKit/537.36 (KHTML, like Gecko) Chrome/124.0.6367.61 Chrome/124.0.6367.61 Not-A.Brand/99 Safari/537.36"
185.147.125.22 - - [22/Dec/2024:16:10:32 +0530] "GET / HTTP/1.0" 200 163502 "https://sqarextechnologies.com/" "Mozilla/5.0 (Windows NT 10.0.0; Win64; x64; ) AppleWebKit/537.36 (KHTML, like Gecko) Chrome/124.0.6367.119 Chrome/124.0.6367.119 Not-A.Brand/99 Safari/537.36"
14.241.243.216 - - [22/Dec/2024:16:12:09 +0530] "POST /contact-form.php HTTP/1.1" 200 5603 "-" "Mozilla/5.0 (Windows NT 10.0; Win64; x64) AppleWebKit/537.36 (KHTML, like Gecko) Chrome/120.0.0.0 Safari/537.36"
185.147.125.23 - - [22/Dec/2024:16:13:47 +0530] "GET /contact.php HTTP/1.0" 200 40299 "https://sqarextechnologies.com/contact.php" "Mozilla/5.0 (Windows NT 10.0; Win64; x64) AppleWebKit/537.36 (KHTML, like Gecko) Chrome/124.0.0.0 Safari/537.36"
185.147.125.21 - - [22/Dec/2024:16:07:06 +0530] "GET /contact.php HTTP/1.0" 200 40299 "https://sqarextechnologies.com/contact.php" "Mozilla/5.0 (Windows NT 10.0.0; Win64; x64; ) AppleWebKit/537.36 (KHTML, like Gecko) Chrome/124.0.6367.61 Chrome/124.0.6367.61 Not-A.Brand/99 Safari/537.36"
185.147.125.21 - - [22/Dec/2024:16:07:06 +0530] "POST /contact.php HTTP/1.0" 200 40557 "https://sqarextechnologies.com/contact.php" "Mozilla/5.0 (Windows NT 10.0.0; Win64; x64; ) AppleWebKit/537.36 (KHTML, like Gecko) Chrome/124.0.6367.61 Chrome/124.0.6367.61 Not-A.Brand/99 Safari/537.36"
185.147.125.22 - - [22/Dec/2024:16:10:33 +0530] "GET /contact.php HTTP/1.0" 200 40299 "https://sqarextechnologies.com/contact.php" "Mozilla/5.0 (Windows NT 10.0.0; Win64; x64; ) AppleWebKit/537.36 (KHTML, like Gecko) Chrome/124.0.6367.119 Chrome/124.0.6367.119 Not-A.Brand/99 Safari/537.36"
91.246.41.166 - - [22/Dec/2024:16:11:59 +0530] "GET / HTTP/1.1" 200 34674 "-" "Mozilla/5.0 (Windows NT 10.0; Win64; x64) AppleWebKit/537.36 (KHTML, like Gecko) Chrome/120.0.0.0 Safari/537.36"
14.241.243.216 - - [22/Dec/2024:16:12:02 +0530] "POST /contact.php HTTP/1.1" 200 6720 "-" "Mozilla/5.0 (Windows NT 10.0; Win64; x64) AppleWebKit/537.36 (KHTML, like Gecko) Chrome/120.0.0.0 Safari/537.36"
185.147.125.23 - - [22/Dec/2024:16:13:47 +0530] "POST /contact.php HTTP/1.0" 200 40557 "https://sqarextechnologies.com/contact.php" "Mozilla/5.0 (Windows NT 10.0; Win64; x64) AppleWebKit/537.36 (KHTML, like Gecko) Chrome/124.0.0.0 Safari/537.36"
185.147.125.22 - - [22/Dec/2024:16:10:33 +0530] "POST /contact.php HTTP/1.0" 200 40557 "https://sqarextechnologies.com/contact.php" "Mozilla/5.0 (Windows NT 10.0.0; Win64; x64; ) AppleWebKit/537.36 (KHTML, like Gecko) Chrome/124.0.6367.119 Chrome/124.0.6367.119 Not-A.Brand/99 Safari/537.36"
91.246.41.166 - - [22/Dec/2024:16:12:00 +0530] "GET /technology-data.php HTTP/1.1" 200 9858 "-" "Mozilla/5.0 (Windows NT 10.0; Win64; x64) AppleWebKit/537.36 (KHTML, like Gecko) Chrome/120.0.0.0 Safari/537.36"
91.246.41.166 - - [22/Dec/2024:16:12:00 +0530] "GET /contact.php HTTP/1.1" 200 6720 "-" "Mozilla/5.0 (Windows NT 10.0; Win64; x64) AppleWebKit/537.36 (KHTML, like Gecko) Chrome/120.0.0.0 Safari/537.36"
14.241.243.216 - - [22/Dec/2024:16:12:04 +0530] "POST /contact.php HTTP/1.1" 200 6720 "-" "Mozilla/5.0 (Windows NT 10.0; Win64; x64) AppleWebKit/537.36 (KHTML, like Gecko) Chrome/120.0.0.0 Safari/537.36"
91.246.41.166 - - [22/Dec/2024:16:12:05 +0530] "GET /contact-form.php HTTP/1.1" 200 5603 "-" "Mozilla/5.0 (Windows NT 10.0; Win64; x64) AppleWebKit/537.36 (KHTML, like Gecko) Chrome/120.0.0.0 Safari/537.36"
14.241.243.216 - - [22/Dec/2024:16:12:07 +0530] "POST /contact-form.php HTTP/1.1" 200 5603 "-" "Mozilla/5.0 (Windows NT 10.0; Win64; x64) AppleWebKit/537.36 (KHTML, like Gecko) Chrome/120.0.0.0 Safari/537.36"
185.147.125.23 - - [22/Dec/2024:16:13:46 +0530] "GET / HTTP/1.0" 200 163502 "https://sqarextechnologies.com/" "Mozilla/5.0 (Windows NT 10.0; Win64; x64) AppleWebKit/537.36 (KHTML, like Gecko) Chrome/124.0.0.0 Safari/537.36"
185.147.125.21 - - [22/Dec/2024:16:07:04 +0530] "GET / HTTP/1.0" 200 163502 "https://sqarextechnologies.com/" "Mozilla/5.0 (Windows NT 10.0.0; Win64; x64; ) AppleWebKit/537.36 (KHTML, like Gecko) Chrome/124.0.6367.61 Chrome/124.0.6367.61 Not-A.Brand/99 Safari/537.36"
91.246.41.166 - - [22/Dec/2024:16:12:00 +0530] "GET /contact-data.php HTTP/1.1" 200 9220 "-" "Mozilla/5.0 (Windows NT 10.0; Win64; x64) AppleWebKit/537.36 (KHTML, like Gecko) Chrome/120.0.0.0 Safari/537.36"
91.246.41.166 - - [22/Dec/2024:16:12:00 +0530] "GET /account-intelligence-services.php HTTP/1.1" 200 8536 "-" "Mozilla/5.0 (Windows NT 10.0; Win64; x64) AppleWebKit/537.36 (KHTML, like Gecko) Chrome/120.0.0.0 Safari/537.36"
91.246.41.166 - - [22/Dec/2024:16:12:00 +0530] "GET /technology.php HTTP/1.1" 200 9483 "-" "Mozilla/5.0 (Windows NT 10.0; Win64; x64) AppleWebKit/537.36 (KHTML, like Gecko) Chrome/120.0.0.0 Safari/537.36"
185.147.125.21 - - [22/Dec/2024:16:30:55 +0530] "POST /contact.php HTTP/1.0" 200 40557 "https://sqarextechnologies.com/contact.php" "Mozilla/5.0 (Windows NT 10.0.0; Win64; x64; ) AppleWebKit/537.36 (KHTML, like Gecko) Chrome/124.0.6367.61 Chrome/124.0.6367.61 Not-A.Brand/99 Safari/537.36"
185.147.125.23 - - [22/Dec/2024:16:47:51 +0530] "GET /contact.php HTTP/1.0" 200 40299 "https://sqarextechnologies.com/contact.php" "Mozilla/5.0 (Windows NT 15.0.0; Win64; x64; ) AppleWebKit/537.36 (KHTML, like Gecko) Chrome/124.0.6367.60 Chrome/124.0.6367.60 Not-A.Brand/99 Safari/537.36"
185.147.125.23 - - [22/Dec/2024:16:47:52 +0530] "POST /contact.php HTTP/1.0" 200 40557 "https://sqarextechnologies.com/contact.php" "Mozilla/5.0 (Windows NT 15.0.0; Win64; x64; ) AppleWebKit/537.36 (KHTML, like Gecko) Chrome/124.0.6367.60 Chrome/124.0.6367.60 Not-A.Brand/99 Safari/537.36"
185.147.125.22 - - [22/Dec/2024:16:56:55 +0530] "GET /contact.php HTTP/1.0" 200 40299 "https://sqarextechnologies.com/contact.php" "Mozilla/5.0 (Windows NT 15.0.0; Win64; x64; ) AppleWebKit/537.36 (KHTML, like Gecko) Chrome/124.0.6367.60 Chrome/124.0.6367.60 Not-A.Brand/99 Safari/537.36"
185.147.125.21 - - [22/Dec/2024:16:30:55 +0530] "GET / HTTP/1.0" 200 163502 "https://sqarextechnologies.com/" "Mozilla/5.0 (Windows NT 10.0.0; Win64; x64; ) AppleWebKit/537.36 (KHTML, like Gecko) Chrome/124.0.6367.61 Chrome/124.0.6367.61 Not-A.Brand/99 Safari/537.36"
185.147.125.21 - - [22/Dec/2024:16:30:55 +0530] "GET /contact.php HTTP/1.0" 200 40299 "https://sqarextechnologies.com/contact.php" "Mozilla/5.0 (Windows NT 10.0.0; Win64; x64; ) AppleWebKit/537.36 (KHTML, like Gecko) Chrome/124.0.6367.61 Chrome/124.0.6367.61 Not-A.Brand/99 Safari/537.36"
185.147.125.23 - - [22/Dec/2024:17:07:49 +0530] "GET / HTTP/1.0" 200 163502 "https://sqarextechnologies.com/" "Mozilla/5.0 (Windows NT 10.0.0; Win64; x64; ) AppleWebKit/537.36 (KHTML, like Gecko) Chrome/124.0.6367.63 Chrome/124.0.6367.63 Not-A.Brand/99 Safari/537.36"
185.147.125.22 - - [22/Dec/2024:17:08:44 +0530] "POST /contact.php HTTP/1.0" 200 40557 "https://sqarextechnologies.com/contact.php" "Mozilla/5.0 (Windows NT 10.0; Win64; x64) AppleWebKit/537.36 (KHTML, like Gecko) Chrome/124.0.6367.92 Safari/537.36"
185.147.125.21 - - [22/Dec/2024:17:13:52 +0530] "POST /contact.php HTTP/1.0" 200 40557 "https://sqarextechnologies.com/contact.php" "Mozilla/5.0 (Windows NT 10.0.0; Win64; x64; ) AppleWebKit/537.36 (KHTML, like Gecko) Chrome/124.0.6367.119 Chrome/124.0.6367.119 Not-A.Brand/99 Safari/537.36"
185.147.125.23 - - [22/Dec/2024:16:47:51 +0530] "GET / HTTP/1.0" 200 163502 "https://sqarextechnologies.com/" "Mozilla/5.0 (Windows NT 15.0.0; Win64; x64; ) AppleWebKit/537.36 (KHTML, like Gecko) Chrome/124.0.6367.60 Chrome/124.0.6367.60 Not-A.Brand/99 Safari/537.36"
185.147.125.23 - - [22/Dec/2024:17:07:50 +0530] "GET /contact.php HTTP/1.0" 200 40299 "https://sqarextechnologies.com/contact.php" "Mozilla/5.0 (Windows NT 10.0.0; Win64; x64; ) AppleWebKit/537.36 (KHTML, like Gecko) Chrome/124.0.6367.63 Chrome/124.0.6367.63 Not-A.Brand/99 Safari/537.36"
185.147.125.22 - - [22/Dec/2024:17:08:43 +0530] "GET / HTTP/1.0" 200 163502 "https://sqarextechnologies.com/" "Mozilla/5.0 (Windows NT 10.0; Win64; x64) AppleWebKit/537.36 (KHTML, like Gecko) Chrome/124.0.6367.92 Safari/537.36"
185.147.125.22 - - [22/Dec/2024:17:08:43 +0530] "GET /contact.php HTTP/1.0" 200 40299 "https://sqarextechnologies.com/contact.php" "Mozilla/5.0 (Windows NT 10.0; Win64; x64) AppleWebKit/537.36 (KHTML, like Gecko) Chrome/124.0.6367.92 Safari/537.36"
185.147.125.21 - - [22/Dec/2024:17:13:51 +0530] "GET / HTTP/1.0" 200 163502 "https://sqarextechnologies.com/" "Mozilla/5.0 (Windows NT 10.0.0; Win64; x64; ) AppleWebKit/537.36 (KHTML, like Gecko) Chrome/124.0.6367.119 Chrome/124.0.6367.119 Not-A.Brand/99 Safari/537.36"
207.46.13.87 - - [22/Dec/2024:16:37:14 +0530] "GET /images/data-management/data-profiling4.png HTTP/2" 200 57313 "-" "Mozilla/5.0 AppleWebKit/537.36 (KHTML, like Gecko; compatible; bingbot/2.0; +http://www.bing.com/bingbot.htm) Chrome/116.0.1938.76 Safari/537.36"
185.147.125.22 - - [22/Dec/2024:16:56:54 +0530] "GET / HTTP/1.0" 200 163502 "https://sqarextechnologies.com/" "Mozilla/5.0 (Windows NT 15.0.0; Win64; x64; ) AppleWebKit/537.36 (KHTML, like Gecko) Chrome/124.0.6367.60 Chrome/124.0.6367.60 Not-A.Brand/99 Safari/537.36"
185.147.125.22 - - [22/Dec/2024:16:56:55 +0530] "POST /contact.php HTTP/1.0" 200 40557 "https://sqarextechnologies.com/contact.php" "Mozilla/5.0 (Windows NT 15.0.0; Win64; x64; ) AppleWebKit/537.36 (KHTML, like Gecko) Chrome/124.0.6367.60 Chrome/124.0.6367.60 Not-A.Brand/99 Safari/537.36"
185.147.125.23 - - [22/Dec/2024:17:07:50 +0530] "POST /contact.php HTTP/1.0" 200 40557 "https://sqarextechnologies.com/contact.php" "Mozilla/5.0 (Windows NT 10.0.0; Win64; x64; ) AppleWebKit/537.36 (KHTML, like Gecko) Chrome/124.0.6367.63 Chrome/124.0.6367.63 Not-A.Brand/99 Safari/537.36"
185.147.125.21 - - [22/Dec/2024:17:13:52 +0530] "GET /contact.php HTTP/1.0" 200 40299 "https://sqarextechnologies.com/contact.php" "Mozilla/5.0 (Windows NT 10.0.0; Win64; x64; ) AppleWebKit/537.36 (KHTML, like Gecko) Chrome/124.0.6367.119 Chrome/124.0.6367.119 Not-A.Brand/99 Safari/537.36"
