185.147.125.21 - - [20/Dec/2024:06:13:47 +0530] "GET /contact.php HTTP/1.0" 200 40299 "https://sqarextechnologies.com/contact.php" "Mozilla/5.0 (Windows NT 10.0.0; Win64; x64; ) AppleWebKit/537.36 (KHTML, like Gecko) Chrome/124.0.6367.91 Chrome/124.0.6367.91 Not-A.Brand/99 Safari/537.36"
185.147.125.21 - - [20/Dec/2024:07:04:48 +0530] "GET / HTTP/1.0" 200 163502 "https://sqarextechnologies.com/" "Mozilla/5.0 (Windows NT 15.0.0; Win64; x64; ) AppleWebKit/537.36 (KHTML, like Gecko) Chrome/124.0.6367.60 Chrome/124.0.6367.60 Not-A.Brand/99 Safari/537.36"
185.147.125.21 - - [20/Dec/2024:07:04:48 +0530] "GET /contact.php HTTP/1.0" 200 40299 "https://sqarextechnologies.com/contact.php" "Mozilla/5.0 (Windows NT 15.0.0; Win64; x64; ) AppleWebKit/537.36 (KHTML, like Gecko) Chrome/124.0.6367.60 Chrome/124.0.6367.60 Not-A.Brand/99 Safari/537.36"
185.147.125.21 - - [20/Dec/2024:07:04:49 +0530] "POST /contact.php HTTP/1.0" 200 40557 "https://sqarextechnologies.com/contact.php" "Mozilla/5.0 (Windows NT 15.0.0; Win64; x64; ) AppleWebKit/537.36 (KHTML, like Gecko) Chrome/124.0.6367.60 Chrome/124.0.6367.60 Not-A.Brand/99 Safari/537.36"
185.147.125.21 - - [20/Dec/2024:07:14:20 +0530] "GET /contact.php HTTP/1.0" 200 40299 "https://sqarextechnologies.com/contact.php" "Mozilla/5.0 (Windows NT 10.0.0; Win64; x64; ) AppleWebKit/537.36 (KHTML, like Gecko) Chrome/124.0.6367.91 Chrome/124.0.6367.91 Not-A.Brand/99 Safari/537.36"
185.147.125.21 - - [20/Dec/2024:07:14:20 +0530] "POST /contact.php HTTP/1.0" 200 40557 "https://sqarextechnologies.com/contact.php" "Mozilla/5.0 (Windows NT 10.0.0; Win64; x64; ) AppleWebKit/537.36 (KHTML, like Gecko) Chrome/124.0.6367.91 Chrome/124.0.6367.91 Not-A.Brand/99 Safari/537.36"
49.51.178.45 - - [20/Dec/2024:07:14:12 +0530] "GET / HTTP/1.1" 200 34674 "http://sqarextechnologies.com" "Mozilla/5.0 (iPhone; CPU iPhone OS 13_2_3 like Mac OS X) AppleWebKit/605.1.15 (KHTML, like Gecko) Version/13.0.3 Mobile/15E148 Safari/604.1"
185.147.125.21 - - [20/Dec/2024:07:14:19 +0530] "GET / HTTP/1.0" 200 163502 "https://sqarextechnologies.com/" "Mozilla/5.0 (Windows NT 10.0.0; Win64; x64; ) AppleWebKit/537.36 (KHTML, like Gecko) Chrome/124.0.6367.91 Chrome/124.0.6367.91 Not-A.Brand/99 Safari/537.36"
185.147.125.22 - - [20/Dec/2024:07:42:58 +0530] "POST /contact.php HTTP/1.0" 200 40557 "https://sqarextechnologies.com/contact.php" "Mozilla/5.0 (Windows NT 15.0.0; Win64; x64; ) AppleWebKit/537.36 (KHTML, like Gecko) Chrome/124.0.6367.60 Chrome/124.0.6367.60 Not-A.Brand/99 Safari/537.36"
185.147.125.22 - - [20/Dec/2024:07:42:57 +0530] "GET /contact.php HTTP/1.0" 200 40299 "https://sqarextechnologies.com/contact.php" "Mozilla/5.0 (Windows NT 15.0.0; Win64; x64; ) AppleWebKit/537.36 (KHTML, like Gecko) Chrome/124.0.6367.60 Chrome/124.0.6367.60 Not-A.Brand/99 Safari/537.36"
185.147.125.22 - - [20/Dec/2024:07:42:57 +0530] "GET / HTTP/1.0" 200 163502 "https://sqarextechnologies.com/" "Mozilla/5.0 (Windows NT 15.0.0; Win64; x64; ) AppleWebKit/537.36 (KHTML, like Gecko) Chrome/124.0.6367.60 Chrome/124.0.6367.60 Not-A.Brand/99 Safari/537.36"
185.147.125.22 - - [20/Dec/2024:07:49:23 +0530] "GET / HTTP/1.0" 200 163502 "https://sqarextechnologies.com/" "Mozilla/5.0 (Windows NT 15.0.0; Win64; x64; ) AppleWebKit/537.36 (KHTML, like Gecko) Chrome/124.0.6367.119 Chrome/124.0.6367.119 Not-A.Brand/99 Safari/537.36"
185.147.125.22 - - [20/Dec/2024:07:49:23 +0530] "GET /contact.php HTTP/1.0" 200 40299 "https://sqarextechnologies.com/contact.php" "Mozilla/5.0 (Windows NT 15.0.0; Win64; x64; ) AppleWebKit/537.36 (KHTML, like Gecko) Chrome/124.0.6367.119 Chrome/124.0.6367.119 Not-A.Brand/99 Safari/537.36"
185.147.125.22 - - [20/Dec/2024:07:49:24 +0530] "POST /contact.php HTTP/1.0" 200 40557 "https://sqarextechnologies.com/contact.php" "Mozilla/5.0 (Windows NT 15.0.0; Win64; x64; ) AppleWebKit/537.36 (KHTML, like Gecko) Chrome/124.0.6367.119 Chrome/124.0.6367.119 Not-A.Brand/99 Safari/537.36"
185.147.125.22 - - [20/Dec/2024:08:34:51 +0530] "POST /contact.php HTTP/1.0" 200 40557 "https://sqarextechnologies.com/contact.php" "Mozilla/5.0 (Windows NT 10.0; Win64; x64) AppleWebKit/537.36 (KHTML, like Gecko) Chrome/124.0.0.0 Safari/537.36"
185.147.125.21 - - [20/Dec/2024:08:15:17 +0530] "GET / HTTP/1.0" 200 163502 "https://sqarextechnologies.com/" "Mozilla/5.0 (Windows NT 10.0.0; Win64; x64; ) AppleWebKit/537.36 (KHTML, like Gecko) Chrome/124.0.6367.63 Chrome/124.0.6367.63 Not-A.Brand/99 Safari/537.36"
185.147.125.21 - - [20/Dec/2024:08:15:17 +0530] "GET /contact.php HTTP/1.0" 200 40299 "https://sqarextechnologies.com/contact.php" "Mozilla/5.0 (Windows NT 10.0.0; Win64; x64; ) AppleWebKit/537.36 (KHTML, like Gecko) Chrome/124.0.6367.63 Chrome/124.0.6367.63 Not-A.Brand/99 Safari/537.36"
185.147.125.21 - - [20/Dec/2024:08:15:18 +0530] "POST /contact.php HTTP/1.0" 200 40557 "https://sqarextechnologies.com/contact.php" "Mozilla/5.0 (Windows NT 10.0.0; Win64; x64; ) AppleWebKit/537.36 (KHTML, like Gecko) Chrome/124.0.6367.63 Chrome/124.0.6367.63 Not-A.Brand/99 Safari/537.36"
185.147.125.22 - - [20/Dec/2024:08:27:36 +0530] "GET / HTTP/1.0" 200 163502 "https://sqarextechnologies.com/" "Mozilla/5.0 (Windows NT 10.0.0; Win64; x64; ) AppleWebKit/537.36 (KHTML, like Gecko) Chrome/124.0.6367.61 Chrome/124.0.6367.61 Not-A.Brand/99 Safari/537.36"
185.147.125.22 - - [20/Dec/2024:08:34:51 +0530] "GET / HTTP/1.0" 200 163502 "https://sqarextechnologies.com/" "Mozilla/5.0 (Windows NT 10.0; Win64; x64) AppleWebKit/537.36 (KHTML, like Gecko) Chrome/124.0.0.0 Safari/537.36"
185.147.125.23 - - [20/Dec/2024:08:37:46 +0530] "GET /contact.php HTTP/1.0" 200 40299 "https://sqarextechnologies.com/contact.php" "Mozilla/5.0 (Windows NT 10.0.0; Win64; x64; ) AppleWebKit/537.36 (KHTML, like Gecko) Chrome/124.0.6367.78 Chrome/124.0.6367.78 Not-A.Brand/99 Safari/537.36"
185.147.125.23 - - [20/Dec/2024:08:39:57 +0530] "POST /contact.php HTTP/1.0" 200 40557 "https://sqarextechnologies.com/contact.php" "Mozilla/5.0 (Windows NT 10.0; Win64; x64; ) AppleWebKit/537.36 (KHTML, like Gecko) Chrome/124.0.6367.61 Chrome/124.0.6367.61 Not-A.Brand/99 Safari/537.36"
185.147.125.23 - - [20/Dec/2024:08:37:46 +0530] "GET / HTTP/1.0" 200 163502 "https://sqarextechnologies.com/" "Mozilla/5.0 (Windows NT 10.0.0; Win64; x64; ) AppleWebKit/537.36 (KHTML, like Gecko) Chrome/124.0.6367.91 Chrome/124.0.6367.91 Not-A.Brand/99 Safari/537.36"
185.147.125.23 - - [20/Dec/2024:08:37:46 +0530] "POST /contact.php HTTP/1.0" 200 40557 "https://sqarextechnologies.com/contact.php" "Mozilla/5.0 (Windows NT 10.0.0; Win64; x64; ) AppleWebKit/537.36 (KHTML, like Gecko) Chrome/124.0.6367.78 Chrome/124.0.6367.78 Not-A.Brand/99 Safari/537.36"
185.147.125.21 - - [20/Dec/2024:08:26:51 +0530] "GET / HTTP/1.0" 200 163502 "https://sqarextechnologies.com/" "Mozilla/5.0 (Windows NT 10.0.0; Win64; x64; ) AppleWebKit/537.36 (KHTML, like Gecko) Chrome/124.0.6367.62 Chrome/124.0.6367.62 Not-A.Brand/99 Safari/537.36"
185.147.125.21 - - [20/Dec/2024:08:26:54 +0530] "GET /contact.php HTTP/1.0" 200 40299 "https://sqarextechnologies.com/contact.php" "Mozilla/5.0 (Windows NT 10.0.0; Win64; x64; ) AppleWebKit/537.36 (KHTML, like Gecko) Chrome/124.0.6367.62 Chrome/124.0.6367.62 Not-A.Brand/99 Safari/537.36"
185.147.125.21 - - [20/Dec/2024:08:26:54 +0530] "POST /contact.php HTTP/1.0" 200 40557 "https://sqarextechnologies.com/contact.php" "Mozilla/5.0 (Windows NT 10.0.0; Win64; x64; ) AppleWebKit/537.36 (KHTML, like Gecko) Chrome/124.0.6367.62 Chrome/124.0.6367.62 Not-A.Brand/99 Safari/537.36"
185.147.125.22 - - [20/Dec/2024:08:27:36 +0530] "GET /contact.php HTTP/1.0" 200 40299 "https://sqarextechnologies.com/contact.php" "Mozilla/5.0 (Windows NT 10.0.0; Win64; x64; ) AppleWebKit/537.36 (KHTML, like Gecko) Chrome/124.0.6367.61 Chrome/124.0.6367.61 Not-A.Brand/99 Safari/537.36"
185.147.125.22 - - [20/Dec/2024:08:27:37 +0530] "POST /contact.php HTTP/1.0" 200 40557 "https://sqarextechnologies.com/contact.php" "Mozilla/5.0 (Windows NT 10.0.0; Win64; x64; ) AppleWebKit/537.36 (KHTML, like Gecko) Chrome/124.0.6367.61 Chrome/124.0.6367.61 Not-A.Brand/99 Safari/537.36"
185.147.125.22 - - [20/Dec/2024:08:34:51 +0530] "GET /contact.php HTTP/1.0" 200 40299 "https://sqarextechnologies.com/contact.php" "Mozilla/5.0 (Windows NT 10.0; Win64; x64) AppleWebKit/537.36 (KHTML, like Gecko) Chrome/124.0.0.0 Safari/537.36"
185.147.125.22 - - [20/Dec/2024:09:10:59 +0530] "POST /contact.php HTTP/1.0" 200 40557 "https://sqarextechnologies.com/contact.php" "Mozilla/5.0 (Windows NT 10.0.0; Win64; x64; ) AppleWebKit/537.36 (KHTML, like Gecko) Chrome/124.0.6367.91 Chrome/124.0.6367.91 Not-A.Brand/99 Safari/537.36"
185.147.125.21 - - [20/Dec/2024:09:04:33 +0530] "GET / HTTP/1.0" 200 163502 "https://sqarextechnologies.com/" "Mozilla/5.0 (Windows NT 10.0; Win64; x64) AppleWebKit/537.36 (KHTML, like Gecko) Chrome/124.0.6367.92 Safari/537.36"
185.147.125.21 - - [20/Dec/2024:09:04:34 +0530] "POST /contact.php HTTP/1.0" 200 40557 "https://sqarextechnologies.com/contact.php" "Mozilla/5.0 (Windows NT 10.0; Win64; x64) AppleWebKit/537.36 (KHTML, like Gecko) Chrome/124.0.6367.92 Safari/537.36"
185.147.125.22 - - [20/Dec/2024:09:10:59 +0530] "GET / HTTP/1.0" 200 163502 "https://sqarextechnologies.com/" "Mozilla/5.0 (Windows NT 10.0.0; Win64; x64; ) AppleWebKit/537.36 (KHTML, like Gecko) Chrome/124.0.6367.91 Chrome/124.0.6367.91 Not-A.Brand/99 Safari/537.36"
185.147.125.23 - - [20/Dec/2024:08:37:46 +0530] "GET / HTTP/1.0" 200 163502 "https://sqarextechnologies.com/" "Mozilla/5.0 (Windows NT 10.0.0; Win64; x64; ) AppleWebKit/537.36 (KHTML, like Gecko) Chrome/124.0.6367.78 Chrome/124.0.6367.78 Not-A.Brand/99 Safari/537.36"
185.147.125.23 - - [20/Dec/2024:08:37:46 +0530] "GET /contact.php HTTP/1.0" 200 40299 "https://sqarextechnologies.com/contact.php" "Mozilla/5.0 (Windows NT 10.0.0; Win64; x64; ) AppleWebKit/537.36 (KHTML, like Gecko) Chrome/124.0.6367.91 Chrome/124.0.6367.91 Not-A.Brand/99 Safari/537.36"
185.147.125.23 - - [20/Dec/2024:08:37:46 +0530] "POST /contact.php HTTP/1.0" 200 40557 "https://sqarextechnologies.com/contact.php" "Mozilla/5.0 (Windows NT 10.0.0; Win64; x64; ) AppleWebKit/537.36 (KHTML, like Gecko) Chrome/124.0.6367.91 Chrome/124.0.6367.91 Not-A.Brand/99 Safari/537.36"
185.147.125.23 - - [20/Dec/2024:08:39:57 +0530] "GET / HTTP/1.0" 200 163502 "https://sqarextechnologies.com/" "Mozilla/5.0 (Windows NT 10.0; Win64; x64; ) AppleWebKit/537.36 (KHTML, like Gecko) Chrome/124.0.6367.61 Chrome/124.0.6367.61 Not-A.Brand/99 Safari/537.36"
185.147.125.23 - - [20/Dec/2024:08:39:57 +0530] "GET /contact.php HTTP/1.0" 200 40299 "https://sqarextechnologies.com/contact.php" "Mozilla/5.0 (Windows NT 10.0; Win64; x64; ) AppleWebKit/537.36 (KHTML, like Gecko) Chrome/124.0.6367.61 Chrome/124.0.6367.61 Not-A.Brand/99 Safari/537.36"
92.118.39.212 - - [20/Dec/2024:08:55:03 +0530] "GET / HTTP/1.1" 200 34674 "-" "Mozilla/5.0 (X11; Linux x86_64) AppleWebKit/537.36 (KHTML, like Gecko) Chrome/74.0.3729.169 Safari/537.36"
92.118.39.212 - - [20/Dec/2024:08:55:03 +0530] "GET /favicon.ico HTTP/1.1" 404 1251 "-" "Mozilla/5.0 (X11; Linux x86_64) AppleWebKit/537.36 (KHTML, like Gecko) Chrome/74.0.3729.169 Safari/537.36"
185.147.125.21 - - [20/Dec/2024:09:04:34 +0530] "GET /contact.php HTTP/1.0" 200 40299 "https://sqarextechnologies.com/contact.php" "Mozilla/5.0 (Windows NT 10.0; Win64; x64) AppleWebKit/537.36 (KHTML, like Gecko) Chrome/124.0.6367.92 Safari/537.36"
185.147.125.22 - - [20/Dec/2024:09:10:59 +0530] "GET /contact.php HTTP/1.0" 200 40299 "https://sqarextechnologies.com/contact.php" "Mozilla/5.0 (Windows NT 10.0.0; Win64; x64; ) AppleWebKit/537.36 (KHTML, like Gecko) Chrome/124.0.6367.91 Chrome/124.0.6367.91 Not-A.Brand/99 Safari/537.36"
185.147.125.21 - - [20/Dec/2024:09:13:58 +0530] "GET /contact.php HTTP/1.0" 200 40299 "https://sqarextechnologies.com/contact.php" "Mozilla/5.0 (Windows NT 15.0.0; Win64; x64; ) AppleWebKit/537.36 (KHTML, like Gecko) Chrome/124.0.6367.60 Chrome/124.0.6367.60 Not-A.Brand/99 Safari/537.36"
185.147.125.21 - - [20/Dec/2024:09:14:28 +0530] "GET /contact.php HTTP/1.0" 200 40299 "https://sqarextechnologies.com/contact.php" "Mozilla/5.0 (Windows NT 10.0.0; Win64; x64; ) AppleWebKit/537.36 (KHTML, like Gecko) Chrome/124.0.6367.119 Chrome/124.0.6367.119 Not-A.Brand/99 Safari/537.36"
20.42.10.185 - - [20/Dec/2024:09:32:53 +0530] "GET /robots.txt HTTP/2" 200 34674 "-" "Mozilla/5.0 AppleWebKit/537.36 (KHTML, like Gecko); compatible; OAI-SearchBot/1.0; +https://openai.com/searchbot"
185.147.125.21 - - [20/Dec/2024:09:14:28 +0530] "GET / HTTP/1.0" 200 163502 "https://sqarextechnologies.com/" "Mozilla/5.0 (Windows NT 10.0.0; Win64; x64; ) AppleWebKit/537.36 (KHTML, like Gecko) Chrome/124.0.6367.119 Chrome/124.0.6367.119 Not-A.Brand/99 Safari/537.36"
185.147.125.21 - - [20/Dec/2024:09:13:58 +0530] "GET / HTTP/1.0" 200 163502 "https://sqarextechnologies.com/" "Mozilla/5.0 (Windows NT 15.0.0; Win64; x64; ) AppleWebKit/537.36 (KHTML, like Gecko) Chrome/124.0.6367.60 Chrome/124.0.6367.60 Not-A.Brand/99 Safari/537.36"
185.147.125.21 - - [20/Dec/2024:09:14:28 +0530] "POST /contact.php HTTP/1.0" 200 40557 "https://sqarextechnologies.com/contact.php" "Mozilla/5.0 (Windows NT 10.0.0; Win64; x64; ) AppleWebKit/537.36 (KHTML, like Gecko) Chrome/124.0.6367.119 Chrome/124.0.6367.119 Not-A.Brand/99 Safari/537.36"
185.147.125.21 - - [20/Dec/2024:09:13:59 +0530] "POST /contact.php HTTP/1.0" 200 40557 "https://sqarextechnologies.com/contact.php" "Mozilla/5.0 (Windows NT 15.0.0; Win64; x64; ) AppleWebKit/537.36 (KHTML, like Gecko) Chrome/124.0.6367.60 Chrome/124.0.6367.60 Not-A.Brand/99 Safari/537.36"
185.147.125.21 - - [20/Dec/2024:10:10:47 +0530] "GET / HTTP/1.0" 200 163502 "https://sqarextechnologies.com/" "Mozilla/5.0 (Windows NT 10.0; Win64; x64) AppleWebKit/537.36 (KHTML, like Gecko) Chrome/125.0.0.0 Safari/537.36"
185.147.125.21 - - [20/Dec/2024:10:10:47 +0530] "POST /contact.php HTTP/1.0" 200 40557 "https://sqarextechnologies.com/contact.php" "Mozilla/5.0 (Windows NT 10.0; Win64; x64) AppleWebKit/537.36 (KHTML, like Gecko) Chrome/125.0.0.0 Safari/537.36"
185.147.125.21 - - [20/Dec/2024:10:10:47 +0530] "GET /contact.php HTTP/1.0" 200 40299 "https://sqarextechnologies.com/contact.php" "Mozilla/5.0 (Windows NT 10.0; Win64; x64) AppleWebKit/537.36 (KHTML, like Gecko) Chrome/125.0.0.0 Safari/537.36"
185.147.125.21 - - [20/Dec/2024:10:16:31 +0530] "GET /contact.php HTTP/1.0" 200 40299 "https://sqarextechnologies.com/contact.php" "Mozilla/5.0 (Windows NT 15.0.0; Win64; x64; ) AppleWebKit/537.36 (KHTML, like Gecko) Chrome/124.0.6367.119 Chrome/124.0.6367.119 Not-A.Brand/99 Safari/537.36"
185.147.125.21 - - [20/Dec/2024:10:24:56 +0530] "POST /contact.php HTTP/1.0" 200 40557 "https://sqarextechnologies.com/contact.php" "Mozilla/5.0 (Windows NT 15.0.0; Win64; x64; ) AppleWebKit/537.36 (KHTML, like Gecko) Chrome/124.0.6367.119 Chrome/124.0.6367.119 Not-A.Brand/99 Safari/537.36"
185.147.125.21 - - [20/Dec/2024:10:24:55 +0530] "GET / HTTP/1.0" 200 163502 "https://sqarextechnologies.com/" "Mozilla/5.0 (Windows NT 15.0.0; Win64; x64; ) AppleWebKit/537.36 (KHTML, like Gecko) Chrome/124.0.6367.119 Chrome/124.0.6367.119 Not-A.Brand/99 Safari/537.36"
185.147.125.21 - - [20/Dec/2024:10:24:56 +0530] "GET /contact.php HTTP/1.0" 200 40299 "https://sqarextechnologies.com/contact.php" "Mozilla/5.0 (Windows NT 15.0.0; Win64; x64; ) AppleWebKit/537.36 (KHTML, like Gecko) Chrome/124.0.6367.119 Chrome/124.0.6367.119 Not-A.Brand/99 Safari/537.36"
185.147.125.21 - - [20/Dec/2024:10:16:30 +0530] "GET / HTTP/1.0" 200 163502 "https://sqarextechnologies.com/" "Mozilla/5.0 (Windows NT 15.0.0; Win64; x64; ) AppleWebKit/537.36 (KHTML, like Gecko) Chrome/124.0.6367.119 Chrome/124.0.6367.119 Not-A.Brand/99 Safari/537.36"
185.147.125.21 - - [20/Dec/2024:10:16:31 +0530] "POST /contact.php HTTP/1.0" 200 40557 "https://sqarextechnologies.com/contact.php" "Mozilla/5.0 (Windows NT 15.0.0; Win64; x64; ) AppleWebKit/537.36 (KHTML, like Gecko) Chrome/124.0.6367.119 Chrome/124.0.6367.119 Not-A.Brand/99 Safari/537.36"
185.147.125.22 - - [20/Dec/2024:11:01:36 +0530] "POST /contact.php HTTP/1.0" 200 40557 "https://sqarextechnologies.com/contact.php" "Mozilla/5.0 (Windows NT 10.0; Win64; x64) AppleWebKit/537.36 (KHTML, like Gecko) Chrome/124.0.0.0 Safari/537.36"
185.147.125.21 - - [20/Dec/2024:11:04:07 +0530] "GET / HTTP/1.0" 200 163502 "https://sqarextechnologies.com/" "Mozilla/5.0 (Windows NT 10.0; Win64; x64) AppleWebKit/537.36 (KHTML, like Gecko) Chrome/125.0.0.0 Safari/537.36"
185.147.125.21 - - [20/Dec/2024:11:04:07 +0530] "GET /contact.php HTTP/1.0" 200 40299 "https://sqarextechnologies.com/contact.php" "Mozilla/5.0 (Windows NT 10.0; Win64; x64) AppleWebKit/537.36 (KHTML, like Gecko) Chrome/125.0.0.0 Safari/537.36"
185.147.125.21 - - [20/Dec/2024:11:04:07 +0530] "POST /contact.php HTTP/1.0" 200 40557 "https://sqarextechnologies.com/contact.php" "Mozilla/5.0 (Windows NT 10.0; Win64; x64) AppleWebKit/537.36 (KHTML, like Gecko) Chrome/125.0.0.0 Safari/537.36"
185.147.125.21 - - [20/Dec/2024:11:15:21 +0530] "GET /contact.php HTTP/1.0" 200 40299 "https://sqarextechnologies.com/contact.php" "Mozilla/5.0 (Windows NT 10.0; Win64; x64) AppleWebKit/537.36 (KHTML, like Gecko) Chrome/124.0.6367.92 Safari/537.36"
185.147.125.21 - - [20/Dec/2024:11:15:21 +0530] "POST /contact.php HTTP/1.0" 200 40557 "https://sqarextechnologies.com/contact.php" "Mozilla/5.0 (Windows NT 10.0; Win64; x64) AppleWebKit/537.36 (KHTML, like Gecko) Chrome/124.0.6367.92 Safari/537.36"
185.147.125.22 - - [20/Dec/2024:11:01:35 +0530] "GET /contact.php HTTP/1.0" 200 40299 "https://sqarextechnologies.com/contact.php" "Mozilla/5.0 (Windows NT 10.0; Win64; x64) AppleWebKit/537.36 (KHTML, like Gecko) Chrome/124.0.0.0 Safari/537.36"
185.147.125.21 - - [20/Dec/2024:11:14:04 +0530] "POST /contact.php HTTP/1.0" 200 40557 "https://sqarextechnologies.com/contact.php" "Mozilla/5.0 (Windows NT 10.0.0; Win64; x64; ) AppleWebKit/537.36 (KHTML, like Gecko) Chrome/124.0.6367.62 Chrome/124.0.6367.62 Not-A.Brand/99 Safari/537.36"
185.147.125.22 - - [20/Dec/2024:11:01:35 +0530] "GET / HTTP/1.0" 200 163502 "https://sqarextechnologies.com/" "Mozilla/5.0 (Windows NT 10.0; Win64; x64) AppleWebKit/537.36 (KHTML, like Gecko) Chrome/124.0.0.0 Safari/537.36"
185.147.125.22 - - [20/Dec/2024:11:09:09 +0530] "GET / HTTP/1.0" 200 163502 "https://sqarextechnologies.com/" "Mozilla/5.0 (Windows NT 10.0.0; Win64; x64; ) AppleWebKit/537.36 (KHTML, like Gecko) Chrome/124.0.6367.78 Chrome/124.0.6367.78 Not-A.Brand/99 Safari/537.36"
185.147.125.22 - - [20/Dec/2024:11:09:09 +0530] "GET /contact.php HTTP/1.0" 200 40299 "https://sqarextechnologies.com/contact.php" "Mozilla/5.0 (Windows NT 10.0.0; Win64; x64; ) AppleWebKit/537.36 (KHTML, like Gecko) Chrome/124.0.6367.78 Chrome/124.0.6367.78 Not-A.Brand/99 Safari/537.36"
185.147.125.21 - - [20/Dec/2024:11:14:03 +0530] "GET / HTTP/1.0" 200 163502 "https://sqarextechnologies.com/" "Mozilla/5.0 (Windows NT 10.0.0; Win64; x64; ) AppleWebKit/537.36 (KHTML, like Gecko) Chrome/124.0.6367.62 Chrome/124.0.6367.62 Not-A.Brand/99 Safari/537.36"
185.147.125.21 - - [20/Dec/2024:11:14:04 +0530] "GET /contact.php HTTP/1.0" 200 40299 "https://sqarextechnologies.com/contact.php" "Mozilla/5.0 (Windows NT 10.0.0; Win64; x64; ) AppleWebKit/537.36 (KHTML, like Gecko) Chrome/124.0.6367.62 Chrome/124.0.6367.62 Not-A.Brand/99 Safari/537.36"
185.147.125.21 - - [20/Dec/2024:11:15:20 +0530] "GET / HTTP/1.0" 200 163502 "https://sqarextechnologies.com/" "Mozilla/5.0 (Windows NT 10.0; Win64; x64) AppleWebKit/537.36 (KHTML, like Gecko) Chrome/124.0.6367.92 Safari/537.36"
185.147.125.22 - - [20/Dec/2024:11:09:09 +0530] "POST /contact.php HTTP/1.0" 200 40557 "https://sqarextechnologies.com/contact.php" "Mozilla/5.0 (Windows NT 10.0.0; Win64; x64; ) AppleWebKit/537.36 (KHTML, like Gecko) Chrome/124.0.6367.78 Chrome/124.0.6367.78 Not-A.Brand/99 Safari/537.36"
185.147.125.22 - - [20/Dec/2024:11:29:33 +0530] "GET /contact.php HTTP/1.0" 200 40299 "https://sqarextechnologies.com/contact.php" "Mozilla/5.0 (Windows NT 10.0.0; Win64; x64; ) AppleWebKit/537.36 (KHTML, like Gecko) Chrome/124.0.6367.63 Chrome/124.0.6367.63 Not-A.Brand/99 Safari/537.36"
185.147.125.22 - - [20/Dec/2024:11:29:33 +0530] "GET / HTTP/1.0" 200 163502 "https://sqarextechnologies.com/" "Mozilla/5.0 (Windows NT 10.0.0; Win64; x64; ) AppleWebKit/537.36 (KHTML, like Gecko) Chrome/124.0.6367.63 Chrome/124.0.6367.63 Not-A.Brand/99 Safari/537.36"
185.147.125.22 - - [20/Dec/2024:11:29:33 +0530] "POST /contact.php HTTP/1.0" 200 40557 "https://sqarextechnologies.com/contact.php" "Mozilla/5.0 (Windows NT 10.0.0; Win64; x64; ) AppleWebKit/537.36 (KHTML, like Gecko) Chrome/124.0.6367.63 Chrome/124.0.6367.63 Not-A.Brand/99 Safari/537.36"
185.147.125.22 - - [20/Dec/2024:11:49:25 +0530] "GET / HTTP/1.0" 200 163502 "https://sqarextechnologies.com/" "Mozilla/5.0 (Windows NT 10.0.0; Win64; x64; ) AppleWebKit/537.36 (KHTML, like Gecko) Chrome/124.0.6367.63 Chrome/124.0.6367.63 Not-A.Brand/99 Safari/537.36"
185.147.125.22 - - [20/Dec/2024:12:00:34 +0530] "POST /contact.php HTTP/1.0" 200 40557 "https://sqarextechnologies.com/contact.php" "Mozilla/5.0 (Windows NT 15.0.0; Win64; x64; ) AppleWebKit/537.36 (KHTML, like Gecko) Chrome/124.0.6367.60 Chrome/124.0.6367.60 Not-A.Brand/99 Safari/537.36"
185.147.125.22 - - [20/Dec/2024:12:00:34 +0530] "GET /contact.php HTTP/1.0" 200 40299 "https://sqarextechnologies.com/contact.php" "Mozilla/5.0 (Windows NT 15.0.0; Win64; x64; ) AppleWebKit/537.36 (KHTML, like Gecko) Chrome/124.0.6367.60 Chrome/124.0.6367.60 Not-A.Brand/99 Safari/537.36"
185.147.125.22 - - [20/Dec/2024:11:49:25 +0530] "GET /contact.php HTTP/1.0" 200 40299 "https://sqarextechnologies.com/contact.php" "Mozilla/5.0 (Windows NT 10.0.0; Win64; x64; ) AppleWebKit/537.36 (KHTML, like Gecko) Chrome/124.0.6367.63 Chrome/124.0.6367.63 Not-A.Brand/99 Safari/537.36"
185.147.125.22 - - [20/Dec/2024:12:00:31 +0530] "GET / HTTP/1.0" 200 163502 "https://sqarextechnologies.com/" "Mozilla/5.0 (Windows NT 15.0.0; Win64; x64; ) AppleWebKit/537.36 (KHTML, like Gecko) Chrome/124.0.6367.60 Chrome/124.0.6367.60 Not-A.Brand/99 Safari/537.36"
185.147.125.21 - - [20/Dec/2024:12:03:28 +0530] "GET / HTTP/1.0" 200 163502 "https://sqarextechnologies.com/" "Mozilla/5.0 (Windows NT 10.0.0; Win64; x64; ) AppleWebKit/537.36 (KHTML, like Gecko) Chrome/124.0.6367.63 Chrome/124.0.6367.63 Not-A.Brand/99 Safari/537.36"
185.147.125.21 - - [20/Dec/2024:12:03:29 +0530] "POST /contact.php HTTP/1.0" 200 40557 "https://sqarextechnologies.com/contact.php" "Mozilla/5.0 (Windows NT 10.0.0; Win64; x64; ) AppleWebKit/537.36 (KHTML, like Gecko) Chrome/124.0.6367.63 Chrome/124.0.6367.63 Not-A.Brand/99 Safari/537.36"
185.147.125.22 - - [20/Dec/2024:11:49:25 +0530] "POST /contact.php HTTP/1.0" 200 40557 "https://sqarextechnologies.com/contact.php" "Mozilla/5.0 (Windows NT 10.0.0; Win64; x64; ) AppleWebKit/537.36 (KHTML, like Gecko) Chrome/124.0.6367.63 Chrome/124.0.6367.63 Not-A.Brand/99 Safari/537.36"
185.147.125.21 - - [20/Dec/2024:12:03:29 +0530] "GET /contact.php HTTP/1.0" 200 40299 "https://sqarextechnologies.com/contact.php" "Mozilla/5.0 (Windows NT 10.0.0; Win64; x64; ) AppleWebKit/537.36 (KHTML, like Gecko) Chrome/124.0.6367.63 Chrome/124.0.6367.63 Not-A.Brand/99 Safari/537.36"
185.147.125.21 - - [20/Dec/2024:12:13:03 +0530] "GET / HTTP/1.0" 200 163502 "https://sqarextechnologies.com/" "Mozilla/5.0 (Windows NT 15.0.0; Win64; x64; ) AppleWebKit/537.36 (KHTML, like Gecko) Chrome/124.0.6367.60 Chrome/124.0.6367.60 Not-A.Brand/99 Safari/537.36"
185.147.125.21 - - [20/Dec/2024:12:13:06 +0530] "GET /contact.php HTTP/1.0" 200 40299 "https://sqarextechnologies.com/contact.php" "Mozilla/5.0 (Windows NT 15.0.0; Win64; x64; ) AppleWebKit/537.36 (KHTML, like Gecko) Chrome/124.0.6367.60 Chrome/124.0.6367.60 Not-A.Brand/99 Safari/537.36"
185.147.125.21 - - [20/Dec/2024:12:13:07 +0530] "POST /contact.php HTTP/1.0" 200 40557 "https://sqarextechnologies.com/contact.php" "Mozilla/5.0 (Windows NT 15.0.0; Win64; x64; ) AppleWebKit/537.36 (KHTML, like Gecko) Chrome/124.0.6367.60 Chrome/124.0.6367.60 Not-A.Brand/99 Safari/537.36"
185.147.125.21 - - [20/Dec/2024:12:13:35 +0530] "GET / HTTP/1.0" 200 163502 "https://sqarextechnologies.com/" "Mozilla/5.0 (Windows NT 10.0.0; Win64; x64; ) AppleWebKit/537.36 (KHTML, like Gecko) Chrome/124.0.6367.60 Chrome/124.0.6367.60 Not-A.Brand/99 Safari/537.36"
185.147.125.21 - - [20/Dec/2024:12:13:35 +0530] "GET /contact.php HTTP/1.0" 200 40299 "https://sqarextechnologies.com/contact.php" "Mozilla/5.0 (Windows NT 10.0.0; Win64; x64; ) AppleWebKit/537.36 (KHTML, like Gecko) Chrome/124.0.6367.60 Chrome/124.0.6367.60 Not-A.Brand/99 Safari/537.36"
185.147.125.21 - - [20/Dec/2024:12:28:42 +0530] "GET / HTTP/1.0" 200 163502 "https://sqarextechnologies.com/" "Mozilla/5.0 (Windows NT 10.0.0; Win64; x64; ) AppleWebKit/537.36 (KHTML, like Gecko) Chrome/124.0.6367.60 Chrome/124.0.6367.60 Not-A.Brand/99 Safari/537.36"
194.38.23.18 - - [20/Dec/2024:12:22:44 +0530] "GET /index.php?option=com_acym&ctrl=frontmails&task=setNewIconShare HTTP/1.1" 200 163502 "-" "ALittle Client"
185.147.125.21 - - [20/Dec/2024:12:28:43 +0530] "POST /contact.php HTTP/1.0" 200 40557 "https://sqarextechnologies.com/contact.php" "Mozilla/5.0 (Windows NT 10.0.0; Win64; x64; ) AppleWebKit/537.36 (KHTML, like Gecko) Chrome/124.0.6367.60 Chrome/124.0.6367.60 Not-A.Brand/99 Safari/537.36"
185.147.125.21 - - [20/Dec/2024:12:13:36 +0530] "POST /contact.php HTTP/1.0" 200 40557 "https://sqarextechnologies.com/contact.php" "Mozilla/5.0 (Windows NT 10.0.0; Win64; x64; ) AppleWebKit/537.36 (KHTML, like Gecko) Chrome/124.0.6367.60 Chrome/124.0.6367.60 Not-A.Brand/99 Safari/537.36"
185.147.125.21 - - [20/Dec/2024:12:28:42 +0530] "GET /contact.php HTTP/1.0" 200 40299 "https://sqarextechnologies.com/contact.php" "Mozilla/5.0 (Windows NT 10.0.0; Win64; x64; ) AppleWebKit/537.36 (KHTML, like Gecko) Chrome/124.0.6367.60 Chrome/124.0.6367.60 Not-A.Brand/99 Safari/537.36"
185.147.125.23 - - [20/Dec/2024:13:04:57 +0530] "GET / HTTP/1.0" 200 163502 "https://sqarextechnologies.com/" "Mozilla/5.0 (Windows NT 10.0; Win64; x64) AppleWebKit/537.36 (KHTML, like Gecko) Chrome/125.0.0.0 Safari/537.36"
185.147.125.23 - - [20/Dec/2024:13:04:57 +0530] "POST /contact.php HTTP/1.0" 200 40557 "https://sqarextechnologies.com/contact.php" "Mozilla/5.0 (Windows NT 10.0; Win64; x64) AppleWebKit/537.36 (KHTML, like Gecko) Chrome/125.0.0.0 Safari/537.36"
185.147.125.23 - - [20/Dec/2024:13:07:07 +0530] "GET / HTTP/1.0" 200 163502 "https://sqarextechnologies.com/" "Mozilla/5.0 (Windows NT 10.0.0; Win64; x64; ) AppleWebKit/537.36 (KHTML, like Gecko) Chrome/124.0.6367.91 Chrome/124.0.6367.91 Not-A.Brand/99 Safari/537.36"
185.147.125.22 - - [20/Dec/2024:13:20:24 +0530] "POST /contact.php HTTP/1.0" 200 40557 "https://sqarextechnologies.com/contact.php" "Mozilla/5.0 (Windows NT 10.0.0; Win64; x64; ) AppleWebKit/537.36 (KHTML, like Gecko) Chrome/124.0.6367.62 Chrome/124.0.6367.62 Not-A.Brand/99 Safari/537.36"
185.147.125.23 - - [20/Dec/2024:13:04:57 +0530] "GET /contact.php HTTP/1.0" 200 40299 "https://sqarextechnologies.com/contact.php" "Mozilla/5.0 (Windows NT 10.0; Win64; x64) AppleWebKit/537.36 (KHTML, like Gecko) Chrome/125.0.0.0 Safari/537.36"
185.147.125.21 - - [20/Dec/2024:13:14:09 +0530] "POST /contact.php HTTP/1.0" 200 40557 "https://sqarextechnologies.com/contact.php" "Mozilla/5.0 (Windows NT 10.0; Win64; x64) AppleWebKit/537.36 (KHTML, like Gecko) Chrome/125.0.0.0 Safari/537.36"
185.147.125.21 - - [20/Dec/2024:13:14:36 +0530] "GET /contact.php HTTP/1.0" 200 40299 "https://sqarextechnologies.com/contact.php" "Mozilla/5.0 (Windows NT 15.0.0; Win64; x64; ) AppleWebKit/537.36 (KHTML, like Gecko) Chrome/124.0.6367.60 Chrome/124.0.6367.60 Not-A.Brand/99 Safari/537.36"
185.147.125.21 - - [20/Dec/2024:13:14:36 +0530] "POST /contact.php HTTP/1.0" 200 40557 "https://sqarextechnologies.com/contact.php" "Mozilla/5.0 (Windows NT 15.0.0; Win64; x64; ) AppleWebKit/537.36 (KHTML, like Gecko) Chrome/124.0.6367.60 Chrome/124.0.6367.60 Not-A.Brand/99 Safari/537.36"
185.147.125.23 - - [20/Dec/2024:13:04:56 +0530] "GET /contact.php HTTP/1.0" 200 40299 "https://sqarextechnologies.com/contact.php" "Mozilla/5.0 (Windows NT 10.0.0; Win64; x64; ) AppleWebKit/537.36 (KHTML, like Gecko) Chrome/124.0.6367.61 Chrome/124.0.6367.61 Not-A.Brand/99 Safari/537.36"
185.147.125.21 - - [20/Dec/2024:13:14:04 +0530] "GET / HTTP/1.0" 200 163502 "https://sqarextechnologies.com/" "Mozilla/5.0 (Windows NT 10.0; Win64; x64) AppleWebKit/537.36 (KHTML, like Gecko) Chrome/125.0.0.0 Safari/537.36"
185.147.125.21 - - [20/Dec/2024:13:14:36 +0530] "GET / HTTP/1.0" 200 163502 "https://sqarextechnologies.com/" "Mozilla/5.0 (Windows NT 15.0.0; Win64; x64; ) AppleWebKit/537.36 (KHTML, like Gecko) Chrome/124.0.6367.60 Chrome/124.0.6367.60 Not-A.Brand/99 Safari/537.36"
185.147.125.22 - - [20/Dec/2024:13:20:23 +0530] "GET /contact.php HTTP/1.0" 200 40299 "https://sqarextechnologies.com/contact.php" "Mozilla/5.0 (Windows NT 10.0.0; Win64; x64; ) AppleWebKit/537.36 (KHTML, like Gecko) Chrome/124.0.6367.62 Chrome/124.0.6367.62 Not-A.Brand/99 Safari/537.36"
185.147.125.23 - - [20/Dec/2024:13:04:56 +0530] "GET / HTTP/1.0" 200 163502 "https://sqarextechnologies.com/" "Mozilla/5.0 (Windows NT 10.0.0; Win64; x64; ) AppleWebKit/537.36 (KHTML, like Gecko) Chrome/124.0.6367.61 Chrome/124.0.6367.61 Not-A.Brand/99 Safari/537.36"
185.147.125.23 - - [20/Dec/2024:13:04:57 +0530] "POST /contact.php HTTP/1.0" 200 40557 "https://sqarextechnologies.com/contact.php" "Mozilla/5.0 (Windows NT 10.0.0; Win64; x64; ) AppleWebKit/537.36 (KHTML, like Gecko) Chrome/124.0.6367.61 Chrome/124.0.6367.61 Not-A.Brand/99 Safari/537.36"
146.148.6.218 - - [20/Dec/2024:13:06:29 +0530] "GET /media/system/js/core.js HTTP/2" 200 34674 "http://sqarextechnologies.com/media/system/js/core.js" "Mozilla/5.0 (Macintosh; Intel Mac OS X 10_10_1) AppleWebKit/537.36 (KHTML, like Gecko) Chrome/39.0.2171.95 Safari/537.36"
146.148.6.218 - - [20/Dec/2024:13:06:30 +0530] "GET /wp-includes/js/jquery/jquery.js HTTP/2" 200 34674 "http://sqarextechnologies.com/wp-includes/js/jquery/jquery.js" "Mozilla/5.0 (Macintosh; Intel Mac OS X 10_10_1) AppleWebKit/537.36 (KHTML, like Gecko) Chrome/39.0.2171.95 Safari/537.36"
185.147.125.23 - - [20/Dec/2024:13:07:08 +0530] "GET /contact.php HTTP/1.0" 200 40299 "https://sqarextechnologies.com/contact.php" "Mozilla/5.0 (Windows NT 10.0.0; Win64; x64; ) AppleWebKit/537.36 (KHTML, like Gecko) Chrome/124.0.6367.91 Chrome/124.0.6367.91 Not-A.Brand/99 Safari/537.36"
185.147.125.23 - - [20/Dec/2024:13:07:08 +0530] "POST /contact.php HTTP/1.0" 200 40557 "https://sqarextechnologies.com/contact.php" "Mozilla/5.0 (Windows NT 10.0.0; Win64; x64; ) AppleWebKit/537.36 (KHTML, like Gecko) Chrome/124.0.6367.91 Chrome/124.0.6367.91 Not-A.Brand/99 Safari/537.36"
185.147.125.21 - - [20/Dec/2024:13:14:09 +0530] "GET /contact.php HTTP/1.0" 200 40299 "https://sqarextechnologies.com/contact.php" "Mozilla/5.0 (Windows NT 10.0; Win64; x64) AppleWebKit/537.36 (KHTML, like Gecko) Chrome/125.0.0.0 Safari/537.36"
51.222.253.5 - - [20/Dec/2024:13:15:07 +0530] "GET /finance-banking-industry-email-list.php HTTP/2" 200 8348 "-" "Mozilla/5.0 (compatible; AhrefsBot/7.0; +http://ahrefs.com/robot/)"
185.147.125.22 - - [20/Dec/2024:13:20:23 +0530] "GET / HTTP/1.0" 200 163502 "https://sqarextechnologies.com/" "Mozilla/5.0 (Windows NT 10.0.0; Win64; x64; ) AppleWebKit/537.36 (KHTML, like Gecko) Chrome/124.0.6367.62 Chrome/124.0.6367.62 Not-A.Brand/99 Safari/537.36"
185.147.125.22 - - [20/Dec/2024:13:49:26 +0530] "GET / HTTP/1.0" 200 163502 "https://sqarextechnologies.com/" "Mozilla/5.0 (Windows NT 10.0.0; Win64; x64; ) AppleWebKit/537.36 (KHTML, like Gecko) Chrome/124.0.6367.91 Chrome/124.0.6367.91 Not-A.Brand/99 Safari/537.36"
185.147.125.22 - - [20/Dec/2024:13:49:26 +0530] "GET /contact.php HTTP/1.0" 200 40299 "https://sqarextechnologies.com/contact.php" "Mozilla/5.0 (Windows NT 10.0.0; Win64; x64; ) AppleWebKit/537.36 (KHTML, like Gecko) Chrome/124.0.6367.91 Chrome/124.0.6367.91 Not-A.Brand/99 Safari/537.36"
43.130.60.195 - - [20/Dec/2024:13:57:07 +0530] "GET / HTTP/1.1" 200 34674 "http://www.sqarextechnologies.com" "Mozilla/5.0 (iPhone; CPU iPhone OS 13_2_3 like Mac OS X) AppleWebKit/605.1.15 (KHTML, like Gecko) Version/13.0.3 Mobile/15E148 Safari/604.1"
34.55.129.208 - - [20/Dec/2024:13:57:10 +0530] "GET / HTTP/1.1" 200 163502 "-" "Mozilla/5.0 (Windows NT 10.0; Win64; x64) AppleWebKit/537.36 (KHTML, like Gecko) Chrome/89.0.4389.114 Safari/537.36"
34.55.129.208 - - [20/Dec/2024:13:57:11 +0530] "GET //wp-includes/wlwmanifest.xml HTTP/1.1" 200 163502 "-" "Mozilla/5.0 (Windows NT 10.0; Win64; x64) AppleWebKit/537.36 (KHTML, like Gecko) Chrome/89.0.4389.114 Safari/537.36"
34.55.129.208 - - [20/Dec/2024:13:57:11 +0530] "GET //xmlrpc.php?rsd HTTP/1.1" 200 163502 "-" "Mozilla/5.0 (Windows NT 10.0; Win64; x64) AppleWebKit/537.36 (KHTML, like Gecko) Chrome/89.0.4389.114 Safari/537.36"
34.55.129.208 - - [20/Dec/2024:13:57:11 +0530] "GET / HTTP/1.1" 200 163502 "-" "Mozilla/5.0 (Windows NT 10.0; Win64; x64) AppleWebKit/537.36 (KHTML, like Gecko) Chrome/89.0.4389.114 Safari/537.36"
34.55.129.208 - - [20/Dec/2024:13:57:11 +0530] "GET //blog/wp-includes/wlwmanifest.xml HTTP/1.1" 200 163502 "-" "Mozilla/5.0 (Windows NT 10.0; Win64; x64) AppleWebKit/537.36 (KHTML, like Gecko) Chrome/89.0.4389.114 Safari/537.36"
34.55.129.208 - - [20/Dec/2024:13:57:11 +0530] "GET //web/wp-includes/wlwmanifest.xml HTTP/1.1" 200 163502 "-" "Mozilla/5.0 (Windows NT 10.0; Win64; x64) AppleWebKit/537.36 (KHTML, like Gecko) Chrome/89.0.4389.114 Safari/537.36"
34.55.129.208 - - [20/Dec/2024:13:57:11 +0530] "GET //wordpress/wp-includes/wlwmanifest.xml HTTP/1.1" 200 163502 "-" "Mozilla/5.0 (Windows NT 10.0; Win64; x64) AppleWebKit/537.36 (KHTML, like Gecko) Chrome/89.0.4389.114 Safari/537.36"
34.55.129.208 - - [20/Dec/2024:13:57:12 +0530] "GET //website/wp-includes/wlwmanifest.xml HTTP/1.1" 200 163502 "-" "Mozilla/5.0 (Windows NT 10.0; Win64; x64) AppleWebKit/537.36 (KHTML, like Gecko) Chrome/89.0.4389.114 Safari/537.36"
34.55.129.208 - - [20/Dec/2024:13:57:12 +0530] "GET //wp/wp-includes/wlwmanifest.xml HTTP/1.1" 200 163502 "-" "Mozilla/5.0 (Windows NT 10.0; Win64; x64) AppleWebKit/537.36 (KHTML, like Gecko) Chrome/89.0.4389.114 Safari/537.36"
34.55.129.208 - - [20/Dec/2024:13:57:12 +0530] "GET //news/wp-includes/wlwmanifest.xml HTTP/1.1" 200 163502 "-" "Mozilla/5.0 (Windows NT 10.0; Win64; x64) AppleWebKit/537.36 (KHTML, like Gecko) Chrome/89.0.4389.114 Safari/537.36"
34.55.129.208 - - [20/Dec/2024:13:57:12 +0530] "GET //2020/wp-includes/wlwmanifest.xml HTTP/1.1" 200 163502 "-" "Mozilla/5.0 (Windows NT 10.0; Win64; x64) AppleWebKit/537.36 (KHTML, like Gecko) Chrome/89.0.4389.114 Safari/537.36"
34.55.129.208 - - [20/Dec/2024:13:57:12 +0530] "GET //2019/wp-includes/wlwmanifest.xml HTTP/1.1" 200 163502 "-" "Mozilla/5.0 (Windows NT 10.0; Win64; x64) AppleWebKit/537.36 (KHTML, like Gecko) Chrome/89.0.4389.114 Safari/537.36"
34.55.129.208 - - [20/Dec/2024:13:57:12 +0530] "GET //shop/wp-includes/wlwmanifest.xml HTTP/1.1" 200 163502 "-" "Mozilla/5.0 (Windows NT 10.0; Win64; x64) AppleWebKit/537.36 (KHTML, like Gecko) Chrome/89.0.4389.114 Safari/537.36"
34.55.129.208 - - [20/Dec/2024:13:57:12 +0530] "GET //wp1/wp-includes/wlwmanifest.xml HTTP/1.1" 200 163502 "-" "Mozilla/5.0 (Windows NT 10.0; Win64; x64) AppleWebKit/537.36 (KHTML, like Gecko) Chrome/89.0.4389.114 Safari/537.36"
34.55.129.208 - - [20/Dec/2024:13:57:12 +0530] "GET //test/wp-includes/wlwmanifest.xml HTTP/1.1" 200 163502 "-" "Mozilla/5.0 (Windows NT 10.0; Win64; x64) AppleWebKit/537.36 (KHTML, like Gecko) Chrome/89.0.4389.114 Safari/537.36"
34.55.129.208 - - [20/Dec/2024:13:57:13 +0530] "GET //wp2/wp-includes/wlwmanifest.xml HTTP/1.1" 200 163502 "-" "Mozilla/5.0 (Windows NT 10.0; Win64; x64) AppleWebKit/537.36 (KHTML, like Gecko) Chrome/89.0.4389.114 Safari/537.36"
34.55.129.208 - - [20/Dec/2024:13:57:13 +0530] "GET //site/wp-includes/wlwmanifest.xml HTTP/1.1" 200 163502 "-" "Mozilla/5.0 (Windows NT 10.0; Win64; x64) AppleWebKit/537.36 (KHTML, like Gecko) Chrome/89.0.4389.114 Safari/537.36"
34.55.129.208 - - [20/Dec/2024:13:57:13 +0530] "GET //cms/wp-includes/wlwmanifest.xml HTTP/1.1" 200 163502 "-" "Mozilla/5.0 (Windows NT 10.0; Win64; x64) AppleWebKit/537.36 (KHTML, like Gecko) Chrome/89.0.4389.114 Safari/537.36"
34.55.129.208 - - [20/Dec/2024:13:57:13 +0530] "GET //sito/wp-includes/wlwmanifest.xml HTTP/1.1" 200 163502 "-" "Mozilla/5.0 (Windows NT 10.0; Win64; x64) AppleWebKit/537.36 (KHTML, like Gecko) Chrome/89.0.4389.114 Safari/537.36"
185.147.125.22 - - [20/Dec/2024:13:49:26 +0530] "POST /contact.php HTTP/1.0" 200 40557 "https://sqarextechnologies.com/contact.php" "Mozilla/5.0 (Windows NT 10.0.0; Win64; x64; ) AppleWebKit/537.36 (KHTML, like Gecko) Chrome/124.0.6367.91 Chrome/124.0.6367.91 Not-A.Brand/99 Safari/537.36"
185.147.125.21 - - [20/Dec/2024:14:04:51 +0530] "POST /contact.php HTTP/1.0" 200 40557 "https://sqarextechnologies.com/contact.php" "Mozilla/5.0 (Windows NT 10.0; Win64; x64) AppleWebKit/537.36 (KHTML, like Gecko) Chrome/124.0.0.0 Safari/537.36"
51.20.130.203 - - [20/Dec/2024:14:06:31 +0530] "GET / HTTP/1.1" 200 34674 "-" "Mozilla/5.0 (Macintosh; Intel Mac OS X 10.15; rv:77.0) Gecko/20100101 Firefox/77.0"
185.147.125.21 - - [20/Dec/2024:14:04:50 +0530] "GET /contact.php HTTP/1.0" 200 40299 "https://sqarextechnologies.com/contact.php" "Mozilla/5.0 (Windows NT 10.0; Win64; x64) AppleWebKit/537.36 (KHTML, like Gecko) Chrome/124.0.0.0 Safari/537.36"
185.147.125.21 - - [20/Dec/2024:14:04:49 +0530] "GET / HTTP/1.0" 200 163502 "https://sqarextechnologies.com/" "Mozilla/5.0 (Windows NT 10.0; Win64; x64) AppleWebKit/537.36 (KHTML, like Gecko) Chrome/124.0.0.0 Safari/537.36"
185.147.125.21 - - [20/Dec/2024:14:15:12 +0530] "POST /contact.php HTTP/1.0" 200 40557 "https://sqarextechnologies.com/contact.php" "Mozilla/5.0 (Windows NT 10.0.0; Win64; x64; ) AppleWebKit/537.36 (KHTML, like Gecko) Chrome/124.0.6367.60 Chrome/124.0.6367.60 Not-A.Brand/99 Safari/537.36"
185.147.125.22 - - [20/Dec/2024:14:15:56 +0530] "GET / HTTP/1.0" 200 163502 "https://sqarextechnologies.com/" "Mozilla/5.0 (Windows NT 10.0.0; Win64; x64; ) AppleWebKit/537.36 (KHTML, like Gecko) Chrome/124.0.6367.61 Chrome/124.0.6367.61 Not-A.Brand/99 Safari/537.36"
185.147.125.22 - - [20/Dec/2024:14:15:57 +0530] "GET /contact.php HTTP/1.0" 200 40299 "https://sqarextechnologies.com/contact.php" "Mozilla/5.0 (Windows NT 10.0.0; Win64; x64; ) AppleWebKit/537.36 (KHTML, like Gecko) Chrome/124.0.6367.61 Chrome/124.0.6367.61 Not-A.Brand/99 Safari/537.36"
185.147.125.21 - - [20/Dec/2024:14:15:12 +0530] "GET /contact.php HTTP/1.0" 200 40299 "https://sqarextechnologies.com/contact.php" "Mozilla/5.0 (Windows NT 10.0.0; Win64; x64; ) AppleWebKit/537.36 (KHTML, like Gecko) Chrome/124.0.6367.60 Chrome/124.0.6367.60 Not-A.Brand/99 Safari/537.36"
185.147.125.21 - - [20/Dec/2024:14:16:13 +0530] "GET / HTTP/1.0" 200 163502 "https://sqarextechnologies.com/" "Mozilla/5.0 (Windows NT 10.0.0; Win64; x64; ) AppleWebKit/537.36 (KHTML, like Gecko) Chrome/124.0.6367.63 Chrome/124.0.6367.63 Not-A.Brand/99 Safari/537.36"
185.147.125.21 - - [20/Dec/2024:14:15:11 +0530] "GET / HTTP/1.0" 200 163502 "https://sqarextechnologies.com/" "Mozilla/5.0 (Windows NT 10.0.0; Win64; x64; ) AppleWebKit/537.36 (KHTML, like Gecko) Chrome/124.0.6367.60 Chrome/124.0.6367.60 Not-A.Brand/99 Safari/537.36"
185.147.125.22 - - [20/Dec/2024:14:15:57 +0530] "POST /contact.php HTTP/1.0" 200 40557 "https://sqarextechnologies.com/contact.php" "Mozilla/5.0 (Windows NT 10.0.0; Win64; x64; ) AppleWebKit/537.36 (KHTML, like Gecko) Chrome/124.0.6367.61 Chrome/124.0.6367.61 Not-A.Brand/99 Safari/537.36"
51.222.253.10 - - [20/Dec/2024:14:21:52 +0530] "GET /staffing-recruiting.php HTTP/2" 200 10443 "-" "Mozilla/5.0 (compatible; AhrefsBot/7.0; +http://ahrefs.com/robot/)"
185.147.125.21 - - [20/Dec/2024:14:24:50 +0530] "GET /contact.php HTTP/1.0" 200 40299 "https://sqarextechnologies.com/contact.php" "Mozilla/5.0 (Windows NT 10.0; Win64; x64) AppleWebKit/537.36 (KHTML, like Gecko) Chrome/124.0.6367.92 Safari/537.36"
185.147.125.21 - - [20/Dec/2024:14:24:50 +0530] "POST /contact.php HTTP/1.0" 200 40557 "https://sqarextechnologies.com/contact.php" "Mozilla/5.0 (Windows NT 10.0; Win64; x64) AppleWebKit/537.36 (KHTML, like Gecko) Chrome/124.0.6367.92 Safari/537.36"
185.147.125.21 - - [20/Dec/2024:14:16:13 +0530] "GET /contact.php HTTP/1.0" 200 40299 "https://sqarextechnologies.com/contact.php" "Mozilla/5.0 (Windows NT 10.0.0; Win64; x64; ) AppleWebKit/537.36 (KHTML, like Gecko) Chrome/124.0.6367.63 Chrome/124.0.6367.63 Not-A.Brand/99 Safari/537.36"
185.147.125.21 - - [20/Dec/2024:14:16:13 +0530] "POST /contact.php HTTP/1.0" 200 40557 "https://sqarextechnologies.com/contact.php" "Mozilla/5.0 (Windows NT 10.0.0; Win64; x64; ) AppleWebKit/537.36 (KHTML, like Gecko) Chrome/124.0.6367.63 Chrome/124.0.6367.63 Not-A.Brand/99 Safari/537.36"
185.147.125.21 - - [20/Dec/2024:14:24:50 +0530] "GET / HTTP/1.0" 200 163502 "https://sqarextechnologies.com/" "Mozilla/5.0 (Windows NT 10.0; Win64; x64) AppleWebKit/537.36 (KHTML, like Gecko) Chrome/124.0.6367.92 Safari/537.36"
185.147.125.22 - - [20/Dec/2024:14:49:25 +0530] "GET /contact.php HTTP/1.0" 200 40299 "https://sqarextechnologies.com/contact.php" "Mozilla/5.0 (Windows NT 10.0; Win64; x64) AppleWebKit/537.36 (KHTML, like Gecko) Chrome/125.0.0.0 Safari/537.36"
185.147.125.22 - - [20/Dec/2024:14:58:59 +0530] "GET / HTTP/1.0" 200 163502 "https://sqarextechnologies.com/" "Mozilla/5.0 (Windows NT 10.0.0; Win64; x64; ) AppleWebKit/537.36 (KHTML, like Gecko) Chrome/124.0.6367.63 Chrome/124.0.6367.63 Not-A.Brand/99 Safari/537.36"
185.147.125.22 - - [20/Dec/2024:14:59:01 +0530] "POST /contact.php HTTP/1.0" 200 40557 "https://sqarextechnologies.com/contact.php" "Mozilla/5.0 (Windows NT 10.0.0; Win64; x64; ) AppleWebKit/537.36 (KHTML, like Gecko) Chrome/124.0.6367.63 Chrome/124.0.6367.63 Not-A.Brand/99 Safari/537.36"
185.147.125.21 - - [20/Dec/2024:15:04:25 +0530] "GET / HTTP/1.0" 200 163502 "https://sqarextechnologies.com/" "Mozilla/5.0 (Windows NT 10.0.0; Win64; x64; ) AppleWebKit/537.36 (KHTML, like Gecko) Chrome/124.0.6367.62 Chrome/124.0.6367.62 Not-A.Brand/99 Safari/537.36"
185.147.125.21 - - [20/Dec/2024:15:04:25 +0530] "GET /contact.php HTTP/1.0" 200 40299 "https://sqarextechnologies.com/contact.php" "Mozilla/5.0 (Windows NT 10.0.0; Win64; x64; ) AppleWebKit/537.36 (KHTML, like Gecko) Chrome/124.0.6367.62 Chrome/124.0.6367.62 Not-A.Brand/99 Safari/537.36"
185.147.125.21 - - [20/Dec/2024:15:04:25 +0530] "POST /contact.php HTTP/1.0" 200 40557 "https://sqarextechnologies.com/contact.php" "Mozilla/5.0 (Windows NT 10.0.0; Win64; x64; ) AppleWebKit/537.36 (KHTML, like Gecko) Chrome/124.0.6367.62 Chrome/124.0.6367.62 Not-A.Brand/99 Safari/537.36"
185.147.125.21 - - [20/Dec/2024:15:14:01 +0530] "POST /contact.php HTTP/1.0" 200 40557 "https://sqarextechnologies.com/contact.php" "Mozilla/5.0 (Windows NT 10.0.0; Win64; x64; ) AppleWebKit/537.36 (KHTML, like Gecko) Chrome/124.0.6367.62 Chrome/124.0.6367.62 Not-A.Brand/99 Safari/537.36"
185.147.125.21 - - [20/Dec/2024:15:14:44 +0530] "GET / HTTP/1.0" 200 163502 "https://sqarextechnologies.com/" "Mozilla/5.0 (Windows NT 15.0.0; Win64; x64; ) AppleWebKit/537.36 (KHTML, like Gecko) Chrome/124.0.6367.119 Chrome/124.0.6367.119 Not-A.Brand/99 Safari/537.36"
185.147.125.21 - - [20/Dec/2024:15:14:44 +0530] "POST /contact.php HTTP/1.0" 200 40557 "https://sqarextechnologies.com/contact.php" "Mozilla/5.0 (Windows NT 15.0.0; Win64; x64; ) AppleWebKit/537.36 (KHTML, like Gecko) Chrome/124.0.6367.119 Chrome/124.0.6367.119 Not-A.Brand/99 Safari/537.36"
185.147.125.22 - - [20/Dec/2024:15:13:57 +0530] "GET /contact.php HTTP/1.0" 200 40299 "https://sqarextechnologies.com/contact.php" "Mozilla/5.0 (Windows NT 10.0.0; Win64; x64; ) AppleWebKit/537.36 (KHTML, like Gecko) Chrome/124.0.6367.78 Chrome/124.0.6367.78 Not-A.Brand/99 Safari/537.36"
185.147.125.21 - - [20/Dec/2024:15:14:01 +0530] "GET / HTTP/1.0" 200 163502 "https://sqarextechnologies.com/" "Mozilla/5.0 (Windows NT 10.0.0; Win64; x64; ) AppleWebKit/537.36 (KHTML, like Gecko) Chrome/124.0.6367.62 Chrome/124.0.6367.62 Not-A.Brand/99 Safari/537.36"
185.147.125.21 - - [20/Dec/2024:15:14:01 +0530] "GET /contact.php HTTP/1.0" 200 40299 "https://sqarextechnologies.com/contact.php" "Mozilla/5.0 (Windows NT 10.0.0; Win64; x64; ) AppleWebKit/537.36 (KHTML, like Gecko) Chrome/124.0.6367.62 Chrome/124.0.6367.62 Not-A.Brand/99 Safari/537.36"
185.147.125.21 - - [20/Dec/2024:15:14:44 +0530] "GET /contact.php HTTP/1.0" 200 40299 "https://sqarextechnologies.com/contact.php" "Mozilla/5.0 (Windows NT 15.0.0; Win64; x64; ) AppleWebKit/537.36 (KHTML, like Gecko) Chrome/124.0.6367.119 Chrome/124.0.6367.119 Not-A.Brand/99 Safari/537.36"
185.147.125.21 - - [20/Dec/2024:15:25:11 +0530] "GET /contact.php HTTP/1.0" 200 40299 "https://sqarextechnologies.com/contact.php" "Mozilla/5.0 (Windows NT 10.0; Win64; x64) AppleWebKit/537.36 (KHTML, like Gecko) Chrome/124.0.6367.92 Safari/537.36"
185.147.125.21 - - [20/Dec/2024:15:25:10 +0530] "GET / HTTP/1.0" 200 163502 "https://sqarextechnologies.com/" "Mozilla/5.0 (Windows NT 10.0; Win64; x64) AppleWebKit/537.36 (KHTML, like Gecko) Chrome/124.0.6367.92 Safari/537.36"
185.147.125.21 - - [20/Dec/2024:15:25:11 +0530] "POST /contact.php HTTP/1.0" 200 40557 "https://sqarextechnologies.com/contact.php" "Mozilla/5.0 (Windows NT 10.0; Win64; x64) AppleWebKit/537.36 (KHTML, like Gecko) Chrome/124.0.6367.92 Safari/537.36"
185.147.125.22 - - [20/Dec/2024:14:49:23 +0530] "GET / HTTP/1.0" 200 163502 "https://sqarextechnologies.com/" "Mozilla/5.0 (Windows NT 10.0; Win64; x64) AppleWebKit/537.36 (KHTML, like Gecko) Chrome/125.0.0.0 Safari/537.36"
185.147.125.22 - - [20/Dec/2024:14:49:25 +0530] "POST /contact.php HTTP/1.0" 200 40557 "https://sqarextechnologies.com/contact.php" "Mozilla/5.0 (Windows NT 10.0; Win64; x64) AppleWebKit/537.36 (KHTML, like Gecko) Chrome/125.0.0.0 Safari/537.36"
185.147.125.22 - - [20/Dec/2024:14:59:01 +0530] "GET /contact.php HTTP/1.0" 200 40299 "https://sqarextechnologies.com/contact.php" "Mozilla/5.0 (Windows NT 10.0.0; Win64; x64; ) AppleWebKit/537.36 (KHTML, like Gecko) Chrome/124.0.6367.63 Chrome/124.0.6367.63 Not-A.Brand/99 Safari/537.36"
185.147.125.22 - - [20/Dec/2024:15:13:57 +0530] "GET / HTTP/1.0" 200 163502 "https://sqarextechnologies.com/" "Mozilla/5.0 (Windows NT 10.0.0; Win64; x64; ) AppleWebKit/537.36 (KHTML, like Gecko) Chrome/124.0.6367.78 Chrome/124.0.6367.78 Not-A.Brand/99 Safari/537.36"
185.147.125.22 - - [20/Dec/2024:15:13:58 +0530] "POST /contact.php HTTP/1.0" 200 40557 "https://sqarextechnologies.com/contact.php" "Mozilla/5.0 (Windows NT 10.0.0; Win64; x64; ) AppleWebKit/537.36 (KHTML, like Gecko) Chrome/124.0.6367.78 Chrome/124.0.6367.78 Not-A.Brand/99 Safari/537.36"
185.147.125.22 - - [20/Dec/2024:15:51:39 +0530] "GET / HTTP/1.0" 200 163502 "https://sqarextechnologies.com/" "Mozilla/5.0 (Windows NT 10.0.0; Win64; x64; ) AppleWebKit/537.36 (KHTML, like Gecko) Chrome/124.0.6367.91 Chrome/124.0.6367.91 Not-A.Brand/99 Safari/537.36"
185.147.125.22 - - [20/Dec/2024:15:51:39 +0530] "GET /contact.php HTTP/1.0" 200 40299 "https://sqarextechnologies.com/contact.php" "Mozilla/5.0 (Windows NT 10.0.0; Win64; x64; ) AppleWebKit/537.36 (KHTML, like Gecko) Chrome/124.0.6367.91 Chrome/124.0.6367.91 Not-A.Brand/99 Safari/537.36"
185.147.125.22 - - [20/Dec/2024:15:51:39 +0530] "POST /contact.php HTTP/1.0" 200 40557 "https://sqarextechnologies.com/contact.php" "Mozilla/5.0 (Windows NT 10.0.0; Win64; x64; ) AppleWebKit/537.36 (KHTML, like Gecko) Chrome/124.0.6367.91 Chrome/124.0.6367.91 Not-A.Brand/99 Safari/537.36"
35.243.185.93 - - [20/Dec/2024:15:55:03 +0530] "GET /media/system/js/core.js HTTP/2" 200 34674 "http://sqarextechnologies.com/media/system/js/core.js" "Mozilla/5.0 (Macintosh; Intel Mac OS X 10_10_1) AppleWebKit/537.36 (KHTML, like Gecko) Chrome/39.0.2171.95 Safari/537.36"
35.243.185.93 - - [20/Dec/2024:15:55:07 +0530] "GET /wp-includes/js/jquery/jquery.js HTTP/2" 200 34674 "http://sqarextechnologies.com/wp-includes/js/jquery/jquery.js" "Mozilla/5.0 (Macintosh; Intel Mac OS X 10_10_1) AppleWebKit/537.36 (KHTML, like Gecko) Chrome/39.0.2171.95 Safari/537.36"
185.147.125.21 - - [20/Dec/2024:16:15:45 +0530] "GET /contact.php HTTP/1.0" 200 40299 "https://sqarextechnologies.com/contact.php" "Mozilla/5.0 (Windows NT 10.0.0; Win64; x64; ) AppleWebKit/537.36 (KHTML, like Gecko) Chrome/124.0.6367.78 Chrome/124.0.6367.78 Not-A.Brand/99 Safari/537.36"
159.65.162.100 - - [20/Dec/2024:16:24:10 +0530] "GET / HTTP/1.1" 200 163502 "-" "Mozilla/5.0 (Windows NT 10.0; Win64; x64) AppleWebKit/537.36 (KHTML, like Gecko) Chrome/80.0.3987.149 Safari/537.36"
159.65.162.100 - - [20/Dec/2024:16:24:10 +0530] "GET //wp-includes/wlwmanifest.xml HTTP/1.1" 200 163502 "-" "Mozilla/5.0 (Windows NT 10.0; Win64; x64) AppleWebKit/537.36 (KHTML, like Gecko) Chrome/80.0.3987.149 Safari/537.36"
159.65.162.100 - - [20/Dec/2024:16:24:10 +0530] "GET //xmlrpc.php?rsd HTTP/1.1" 200 163502 "-" "Mozilla/5.0 (Windows NT 10.0; Win64; x64) AppleWebKit/537.36 (KHTML, like Gecko) Chrome/80.0.3987.149 Safari/537.36"
159.65.162.100 - - [20/Dec/2024:16:24:10 +0530] "GET / HTTP/1.1" 200 163502 "-" "Mozilla/5.0 (Windows NT 10.0; Win64; x64) AppleWebKit/537.36 (KHTML, like Gecko) Chrome/80.0.3987.149 Safari/537.36"
159.65.162.100 - - [20/Dec/2024:16:24:10 +0530] "GET //blog/wp-includes/wlwmanifest.xml HTTP/1.1" 200 163502 "-" "Mozilla/5.0 (Windows NT 10.0; Win64; x64) AppleWebKit/537.36 (KHTML, like Gecko) Chrome/80.0.3987.149 Safari/537.36"
159.65.162.100 - - [20/Dec/2024:16:24:10 +0530] "GET //web/wp-includes/wlwmanifest.xml HTTP/1.1" 200 163502 "-" "Mozilla/5.0 (Windows NT 10.0; Win64; x64) AppleWebKit/537.36 (KHTML, like Gecko) Chrome/80.0.3987.149 Safari/537.36"
