51.222.253.9 - - [21/Dec/2024:09:04:36 +0530] "GET /plugins/fancybox/jquery.fancybox.min.js HTTP/2" 200 21008 "-" "Mozilla/5.0 (compatible; AhrefsBot/7.0; +http://ahrefs.com/robot/)"
185.147.125.22 - - [21/Dec/2024:09:10:40 +0530] "GET / HTTP/1.0" 200 163502 "https://sqarextechnologies.com/" "Mozilla/5.0 (Windows NT 10.0.0; Win64; x64; ) AppleWebKit/537.36 (KHTML, like Gecko) Chrome/124.0.6367.78 Chrome/124.0.6367.78 Not-A.Brand/99 Safari/537.36"
185.147.125.21 - - [21/Dec/2024:09:20:41 +0530] "POST /contact.php HTTP/1.0" 200 40557 "https://sqarextechnologies.com/contact.php" "Mozilla/5.0 (Windows NT 10.0; Win64; x64; ) AppleWebKit/537.36 (KHTML, like Gecko) Chrome/124.0.6367.61 Chrome/124.0.6367.61 Not-A.Brand/99 Safari/537.36"
51.222.253.16 - - [21/Dec/2024:09:28:06 +0530] "GET /contact-form.php HTTP/2" 200 5603 "-" "Mozilla/5.0 (compatible; AhrefsBot/7.0; +http://ahrefs.com/robot/)"
185.147.125.21 - - [21/Dec/2024:10:01:28 +0530] "GET /contact.php HTTP/1.0" 200 40299 "https://sqarextechnologies.com/contact.php" "Mozilla/5.0 (Windows NT 10.0.0; Win64; x64; ) AppleWebKit/537.36 (KHTML, like Gecko) Chrome/124.0.6367.61 Chrome/124.0.6367.61 Not-A.Brand/99 Safari/537.36"
185.147.125.21 - - [21/Dec/2024:10:01:28 +0530] "POST /contact.php HTTP/1.0" 200 40557 "https://sqarextechnologies.com/contact.php" "Mozilla/5.0 (Windows NT 10.0.0; Win64; x64; ) AppleWebKit/537.36 (KHTML, like Gecko) Chrome/124.0.6367.61 Chrome/124.0.6367.61 Not-A.Brand/99 Safari/537.36"
185.147.125.22 - - [21/Dec/2024:09:48:00 +0530] "GET / HTTP/1.0" 200 163502 "https://sqarextechnologies.com/" "Mozilla/5.0 (Windows NT 10.0.0; Win64; x64; ) AppleWebKit/537.36 (KHTML, like Gecko) Chrome/124.0.6367.119 Chrome/124.0.6367.119 Not-A.Brand/99 Safari/537.36"
185.147.125.22 - - [21/Dec/2024:09:48:01 +0530] "POST /contact.php HTTP/1.0" 200 40557 "https://sqarextechnologies.com/contact.php" "Mozilla/5.0 (Windows NT 10.0.0; Win64; x64; ) AppleWebKit/537.36 (KHTML, like Gecko) Chrome/124.0.6367.119 Chrome/124.0.6367.119 Not-A.Brand/99 Safari/537.36"
51.222.253.3 - - [21/Dec/2024:09:57:13 +0530] "GET /tele-communication-industry-email-list.php HTTP/2" 200 8892 "-" "Mozilla/5.0 (compatible; AhrefsBot/7.0; +http://ahrefs.com/robot/)"
34.60.13.155 - - [21/Dec/2024:10:00:07 +0530] "GET /media/system/js/core.js HTTP/2" 200 34674 "http://sqarextechnologies.com/media/system/js/core.js" "Mozilla/5.0 (Macintosh; Intel Mac OS X 10_10_1) AppleWebKit/537.36 (KHTML, like Gecko) Chrome/39.0.2171.95 Safari/537.36"
34.60.13.155 - - [21/Dec/2024:10:00:07 +0530] "GET /wp-includes/js/jquery/jquery.js HTTP/2" 200 34674 "http://sqarextechnologies.com/wp-includes/js/jquery/jquery.js" "Mozilla/5.0 (Macintosh; Intel Mac OS X 10_10_1) AppleWebKit/537.36 (KHTML, like Gecko) Chrome/39.0.2171.95 Safari/537.36"
185.147.125.21 - - [21/Dec/2024:09:20:40 +0530] "GET / HTTP/1.0" 200 163502 "https://sqarextechnologies.com/" "Mozilla/5.0 (Windows NT 10.0; Win64; x64; ) AppleWebKit/537.36 (KHTML, like Gecko) Chrome/124.0.6367.61 Chrome/124.0.6367.61 Not-A.Brand/99 Safari/537.36"
185.147.125.21 - - [21/Dec/2024:09:20:41 +0530] "GET /contact.php HTTP/1.0" 200 40299 "https://sqarextechnologies.com/contact.php" "Mozilla/5.0 (Windows NT 10.0; Win64; x64; ) AppleWebKit/537.36 (KHTML, like Gecko) Chrome/124.0.6367.61 Chrome/124.0.6367.61 Not-A.Brand/99 Safari/537.36"
185.147.125.22 - - [21/Dec/2024:09:48:01 +0530] "GET /contact.php HTTP/1.0" 200 40299 "https://sqarextechnologies.com/contact.php" "Mozilla/5.0 (Windows NT 10.0.0; Win64; x64; ) AppleWebKit/537.36 (KHTML, like Gecko) Chrome/124.0.6367.119 Chrome/124.0.6367.119 Not-A.Brand/99 Safari/537.36"
185.147.125.21 - - [21/Dec/2024:10:01:28 +0530] "GET / HTTP/1.0" 200 163502 "https://sqarextechnologies.com/" "Mozilla/5.0 (Windows NT 10.0.0; Win64; x64; ) AppleWebKit/537.36 (KHTML, like Gecko) Chrome/124.0.6367.61 Chrome/124.0.6367.61 Not-A.Brand/99 Safari/537.36"
185.147.125.21 - - [21/Dec/2024:10:11:20 +0530] "GET / HTTP/1.0" 200 163502 "https://sqarextechnologies.com/" "Mozilla/5.0 (Windows NT 10.0.0; Win64; x64; ) AppleWebKit/537.36 (KHTML, like Gecko) Chrome/124.0.6367.61 Chrome/124.0.6367.61 Not-A.Brand/99 Safari/537.36"
185.147.125.21 - - [21/Dec/2024:10:11:20 +0530] "GET /contact.php HTTP/1.0" 200 40299 "https://sqarextechnologies.com/contact.php" "Mozilla/5.0 (Windows NT 10.0.0; Win64; x64; ) AppleWebKit/537.36 (KHTML, like Gecko) Chrome/124.0.6367.61 Chrome/124.0.6367.61 Not-A.Brand/99 Safari/537.36"
185.147.125.21 - - [21/Dec/2024:10:11:20 +0530] "POST /contact.php HTTP/1.0" 200 40557 "https://sqarextechnologies.com/contact.php" "Mozilla/5.0 (Windows NT 10.0.0; Win64; x64; ) AppleWebKit/537.36 (KHTML, like Gecko) Chrome/124.0.6367.61 Chrome/124.0.6367.61 Not-A.Brand/99 Safari/537.36"
93.159.230.28 - - [21/Dec/2024:10:06:00 +0530] "GET / HTTP/1.1" 200 34674 "-" "Mozilla/5.0 (Linux; arm_64; Android 12; CPH2205) AppleWebKit/537.36 (KHTML, like Gecko) Chrome/110.0.0.0 YaBrowser/23.3.3.86.00 SA/3 Mobile Safari/537.36"
213.180.203.61 - - [21/Dec/2024:10:20:38 +0530] "GET /assets/img/images/logo/assets/img/assets/img/assets/img/apple-touch-icon-72x72.png HTTP/1.1" 200 34674 "-" "Mozilla/5.0 (compatible; YandexFavicons/1.0; +http://yandex.com/bots)"
185.147.125.21 - - [21/Dec/2024:10:21:22 +0530] "GET / HTTP/1.0" 200 163502 "https://sqarextechnologies.com/" "Mozilla/5.0 (Windows NT 10.0; Win64; x64; ) AppleWebKit/537.36 (KHTML, like Gecko) Chrome/124.0.6367.61 Chrome/124.0.6367.61 Not-A.Brand/99 Safari/537.36"
185.147.125.21 - - [21/Dec/2024:10:21:22 +0530] "GET /contact.php HTTP/1.0" 200 40299 "https://sqarextechnologies.com/contact.php" "Mozilla/5.0 (Windows NT 10.0; Win64; x64; ) AppleWebKit/537.36 (KHTML, like Gecko) Chrome/124.0.6367.61 Chrome/124.0.6367.61 Not-A.Brand/99 Safari/537.36"
5.255.231.23 - - [21/Dec/2024:10:20:37 +0530] "GET /robots.txt HTTP/1.1" 200 163502 "-" "Mozilla/5.0 (compatible; YandexBot/3.0; +http://yandex.com/bots)"
185.147.125.21 - - [21/Dec/2024:10:21:22 +0530] "POST /contact.php HTTP/1.0" 200 40557 "https://sqarextechnologies.com/contact.php" "Mozilla/5.0 (Windows NT 10.0; Win64; x64; ) AppleWebKit/537.36 (KHTML, like Gecko) Chrome/124.0.6367.61 Chrome/124.0.6367.61 Not-A.Brand/99 Safari/537.36"
185.147.125.22 - - [21/Dec/2024:10:57:48 +0530] "POST /contact.php HTTP/1.0" 200 40557 "https://sqarextechnologies.com/contact.php" "Mozilla/5.0 (Windows NT 10.0; Win64; x64) AppleWebKit/537.36 (KHTML, like Gecko) Chrome/124.0.0.0 Safari/537.36"
92.255.85.164 - - [21/Dec/2024:10:58:21 +0530] "GET /contact.php HTTP/1.0" 200 40299 "https://sqarextechnologies.com/contact.php" "Mozilla/5.0 (Windows NT 10.0.0; Win64; x64; ) AppleWebKit/537.36 (KHTML, like Gecko) Chrome/124.0.6367.60 Chrome/124.0.6367.60 Not-A.Brand/99 Safari/537.36"
185.147.125.21 - - [21/Dec/2024:11:10:32 +0530] "GET /contact.php HTTP/1.0" 200 40299 "https://sqarextechnologies.com/contact.php" "Mozilla/5.0 (Windows NT 10.0; Win64; x64) AppleWebKit/537.36 (KHTML, like Gecko) Chrome/124.0.6367.92 Safari/537.36"
185.147.125.21 - - [21/Dec/2024:11:12:56 +0530] "GET / HTTP/1.0" 200 163502 "https://sqarextechnologies.com/" "Mozilla/5.0 (Windows NT 10.0.0; Win64; x64; ) AppleWebKit/537.36 (KHTML, like Gecko) Chrome/124.0.6367.78 Chrome/124.0.6367.78 Not-A.Brand/99 Safari/537.36"
185.147.125.21 - - [21/Dec/2024:11:03:40 +0530] "POST /contact.php HTTP/1.0" 200 40557 "https://sqarextechnologies.com/contact.php" "Mozilla/5.0 (Windows NT 10.0.0; Win64; x64; ) AppleWebKit/537.36 (KHTML, like Gecko) Chrome/124.0.6367.60 Chrome/124.0.6367.60 Not-A.Brand/99 Safari/537.36"
185.147.125.22 - - [21/Dec/2024:11:07:41 +0530] "GET / HTTP/1.0" 200 163502 "https://sqarextechnologies.com/" "Mozilla/5.0 (Windows NT 10.0.0; Win64; x64; ) AppleWebKit/537.36 (KHTML, like Gecko) Chrome/124.0.6367.63 Chrome/124.0.6367.63 Not-A.Brand/99 Safari/537.36"
185.147.125.22 - - [21/Dec/2024:11:07:41 +0530] "GET /contact.php HTTP/1.0" 200 40299 "https://sqarextechnologies.com/contact.php" "Mozilla/5.0 (Windows NT 10.0.0; Win64; x64; ) AppleWebKit/537.36 (KHTML, like Gecko) Chrome/124.0.6367.63 Chrome/124.0.6367.63 Not-A.Brand/99 Safari/537.36"
185.147.125.21 - - [21/Dec/2024:11:12:57 +0530] "GET /contact.php HTTP/1.0" 200 40299 "https://sqarextechnologies.com/contact.php" "Mozilla/5.0 (Windows NT 10.0.0; Win64; x64; ) AppleWebKit/537.36 (KHTML, like Gecko) Chrome/124.0.6367.78 Chrome/124.0.6367.78 Not-A.Brand/99 Safari/537.36"
185.147.125.22 - - [21/Dec/2024:10:57:47 +0530] "GET / HTTP/1.0" 200 163502 "https://sqarextechnologies.com/" "Mozilla/5.0 (Windows NT 10.0; Win64; x64) AppleWebKit/537.36 (KHTML, like Gecko) Chrome/124.0.0.0 Safari/537.36"
92.255.85.164 - - [21/Dec/2024:10:58:22 +0530] "POST /contact.php HTTP/1.0" 200 40557 "https://sqarextechnologies.com/contact.php" "Mozilla/5.0 (Windows NT 10.0.0; Win64; x64; ) AppleWebKit/537.36 (KHTML, like Gecko) Chrome/124.0.6367.60 Chrome/124.0.6367.60 Not-A.Brand/99 Safari/537.36"
185.147.125.21 - - [21/Dec/2024:11:03:40 +0530] "GET / HTTP/1.0" 200 163502 "https://sqarextechnologies.com/" "Mozilla/5.0 (Windows NT 10.0.0; Win64; x64; ) AppleWebKit/537.36 (KHTML, like Gecko) Chrome/124.0.6367.60 Chrome/124.0.6367.60 Not-A.Brand/99 Safari/537.36"
185.147.125.21 - - [21/Dec/2024:11:03:40 +0530] "GET /contact.php HTTP/1.0" 200 40299 "https://sqarextechnologies.com/contact.php" "Mozilla/5.0 (Windows NT 10.0.0; Win64; x64; ) AppleWebKit/537.36 (KHTML, like Gecko) Chrome/124.0.6367.60 Chrome/124.0.6367.60 Not-A.Brand/99 Safari/537.36"
185.147.125.22 - - [21/Dec/2024:11:07:41 +0530] "POST /contact.php HTTP/1.0" 200 40557 "https://sqarextechnologies.com/contact.php" "Mozilla/5.0 (Windows NT 10.0.0; Win64; x64; ) AppleWebKit/537.36 (KHTML, like Gecko) Chrome/124.0.6367.63 Chrome/124.0.6367.63 Not-A.Brand/99 Safari/537.36"
185.147.125.21 - - [21/Dec/2024:11:10:33 +0530] "POST /contact.php HTTP/1.0" 200 40557 "https://sqarextechnologies.com/contact.php" "Mozilla/5.0 (Windows NT 10.0; Win64; x64) AppleWebKit/537.36 (KHTML, like Gecko) Chrome/124.0.6367.92 Safari/537.36"
51.222.253.13 - - [21/Dec/2024:10:51:34 +0530] "GET /data-compilation.php HTTP/2" 200 8783 "-" "Mozilla/5.0 (compatible; AhrefsBot/7.0; +http://ahrefs.com/robot/)"
185.147.125.22 - - [21/Dec/2024:10:57:48 +0530] "GET /contact.php HTTP/1.0" 200 40299 "https://sqarextechnologies.com/contact.php" "Mozilla/5.0 (Windows NT 10.0; Win64; x64) AppleWebKit/537.36 (KHTML, like Gecko) Chrome/124.0.0.0 Safari/537.36"
92.255.85.164 - - [21/Dec/2024:10:58:21 +0530] "GET / HTTP/1.0" 200 163502 "https://sqarextechnologies.com/" "Mozilla/5.0 (Windows NT 10.0.0; Win64; x64; ) AppleWebKit/537.36 (KHTML, like Gecko) Chrome/124.0.6367.60 Chrome/124.0.6367.60 Not-A.Brand/99 Safari/537.36"
185.147.125.21 - - [21/Dec/2024:11:10:32 +0530] "GET / HTTP/1.0" 200 163502 "https://sqarextechnologies.com/" "Mozilla/5.0 (Windows NT 10.0; Win64; x64) AppleWebKit/537.36 (KHTML, like Gecko) Chrome/124.0.6367.92 Safari/537.36"
185.147.125.21 - - [21/Dec/2024:11:12:57 +0530] "POST /contact.php HTTP/1.0" 200 40557 "https://sqarextechnologies.com/contact.php" "Mozilla/5.0 (Windows NT 10.0.0; Win64; x64; ) AppleWebKit/537.36 (KHTML, like Gecko) Chrome/124.0.6367.78 Chrome/124.0.6367.78 Not-A.Brand/99 Safari/537.36"
51.81.46.212 - - [21/Dec/2024:11:25:29 +0530] "GET / HTTP/1.1" 200 163502 "-" "-"
185.147.125.23 - - [21/Dec/2024:11:33:20 +0530] "POST /contact.php HTTP/1.0" 200 40557 "https://sqarextechnologies.com/contact.php" "Mozilla/5.0 (Windows NT 10.0.0; Win64; x64; ) AppleWebKit/537.36 (KHTML, like Gecko) Chrome/124.0.6367.119 Chrome/124.0.6367.119 Not-A.Brand/99 Safari/537.36"
185.147.125.23 - - [21/Dec/2024:11:33:50 +0530] "POST /contact.php HTTP/1.0" 200 40557 "https://sqarextechnologies.com/contact.php" "Mozilla/5.0 (Windows NT 15.0.0; Win64; x64; ) AppleWebKit/537.36 (KHTML, like Gecko) Chrome/124.0.6367.119 Chrome/124.0.6367.119 Not-A.Brand/99 Safari/537.36"
185.147.125.23 - - [21/Dec/2024:11:33:19 +0530] "GET / HTTP/1.0" 200 163502 "https://sqarextechnologies.com/" "Mozilla/5.0 (Windows NT 10.0.0; Win64; x64; ) AppleWebKit/537.36 (KHTML, like Gecko) Chrome/124.0.6367.119 Chrome/124.0.6367.119 Not-A.Brand/99 Safari/537.36"
185.147.125.23 - - [21/Dec/2024:11:33:20 +0530] "GET /contact.php HTTP/1.0" 200 40299 "https://sqarextechnologies.com/contact.php" "Mozilla/5.0 (Windows NT 10.0.0; Win64; x64; ) AppleWebKit/537.36 (KHTML, like Gecko) Chrome/124.0.6367.119 Chrome/124.0.6367.119 Not-A.Brand/99 Safari/537.36"
185.147.125.23 - - [21/Dec/2024:11:33:50 +0530] "GET /contact.php HTTP/1.0" 200 40299 "https://sqarextechnologies.com/contact.php" "Mozilla/5.0 (Windows NT 15.0.0; Win64; x64; ) AppleWebKit/537.36 (KHTML, like Gecko) Chrome/124.0.6367.119 Chrome/124.0.6367.119 Not-A.Brand/99 Safari/537.36"
185.147.125.23 - - [21/Dec/2024:11:33:50 +0530] "GET / HTTP/1.0" 200 163502 "https://sqarextechnologies.com/" "Mozilla/5.0 (Windows NT 15.0.0; Win64; x64; ) AppleWebKit/537.36 (KHTML, like Gecko) Chrome/124.0.6367.119 Chrome/124.0.6367.119 Not-A.Brand/99 Safari/537.36"
185.147.125.22 - - [21/Dec/2024:11:47:47 +0530] "POST /contact.php HTTP/1.0" 200 40557 "https://sqarextechnologies.com/contact.php" "Mozilla/5.0 (Windows NT 10.0.0; Win64; x64; ) AppleWebKit/537.36 (KHTML, like Gecko) Chrome/124.0.6367.62 Chrome/124.0.6367.62 Not-A.Brand/99 Safari/537.36"
185.147.125.22 - - [21/Dec/2024:11:57:39 +0530] "POST /contact.php HTTP/1.0" 200 40557 "https://sqarextechnologies.com/contact.php" "Mozilla/5.0 (Windows NT 15.0.0; Win64; x64; ) AppleWebKit/537.36 (KHTML, like Gecko) Chrome/124.0.6367.119 Chrome/124.0.6367.119 Not-A.Brand/99 Safari/537.36"
185.147.125.21 - - [21/Dec/2024:12:10:46 +0530] "POST /contact.php HTTP/1.0" 200 40557 "https://sqarextechnologies.com/contact.php" "Mozilla/5.0 (Windows NT 10.0.0; Win64; x64; ) AppleWebKit/537.36 (KHTML, like Gecko) Chrome/124.0.6367.78 Chrome/124.0.6367.78 Not-A.Brand/99 Safari/537.36"
185.147.125.22 - - [21/Dec/2024:11:47:47 +0530] "GET / HTTP/1.0" 200 163502 "https://sqarextechnologies.com/" "Mozilla/5.0 (Windows NT 10.0.0; Win64; x64; ) AppleWebKit/537.36 (KHTML, like Gecko) Chrome/124.0.6367.62 Chrome/124.0.6367.62 Not-A.Brand/99 Safari/537.36"
185.147.125.22 - - [21/Dec/2024:11:47:47 +0530] "GET /contact.php HTTP/1.0" 200 40299 "https://sqarextechnologies.com/contact.php" "Mozilla/5.0 (Windows NT 10.0.0; Win64; x64; ) AppleWebKit/537.36 (KHTML, like Gecko) Chrome/124.0.6367.62 Chrome/124.0.6367.62 Not-A.Brand/99 Safari/537.36"
185.147.125.22 - - [21/Dec/2024:11:57:39 +0530] "GET /contact.php HTTP/1.0" 200 40299 "https://sqarextechnologies.com/contact.php" "Mozilla/5.0 (Windows NT 15.0.0; Win64; x64; ) AppleWebKit/537.36 (KHTML, like Gecko) Chrome/124.0.6367.119 Chrome/124.0.6367.119 Not-A.Brand/99 Safari/537.36"
185.147.125.21 - - [21/Dec/2024:12:00:52 +0530] "GET / HTTP/1.0" 200 163502 "https://sqarextechnologies.com/" "Mozilla/5.0 (Windows NT 10.0.0; Win64; x64; ) AppleWebKit/537.36 (KHTML, like Gecko) Chrome/124.0.6367.63 Chrome/124.0.6367.63 Not-A.Brand/99 Safari/537.36"
185.147.125.21 - - [21/Dec/2024:12:10:45 +0530] "GET / HTTP/1.0" 200 163502 "https://sqarextechnologies.com/" "Mozilla/5.0 (Windows NT 10.0.0; Win64; x64; ) AppleWebKit/537.36 (KHTML, like Gecko) Chrome/124.0.6367.78 Chrome/124.0.6367.78 Not-A.Brand/99 Safari/537.36"
185.147.125.22 - - [21/Dec/2024:11:57:39 +0530] "GET / HTTP/1.0" 200 163502 "https://sqarextechnologies.com/" "Mozilla/5.0 (Windows NT 15.0.0; Win64; x64; ) AppleWebKit/537.36 (KHTML, like Gecko) Chrome/124.0.6367.119 Chrome/124.0.6367.119 Not-A.Brand/99 Safari/537.36"
185.147.125.21 - - [21/Dec/2024:12:10:46 +0530] "GET /contact.php HTTP/1.0" 200 40299 "https://sqarextechnologies.com/contact.php" "Mozilla/5.0 (Windows NT 10.0.0; Win64; x64; ) AppleWebKit/537.36 (KHTML, like Gecko) Chrome/124.0.6367.78 Chrome/124.0.6367.78 Not-A.Brand/99 Safari/537.36"
51.222.253.18 - - [21/Dec/2024:11:40:02 +0530] "GET /contact-data.php HTTP/2" 200 9220 "-" "Mozilla/5.0 (compatible; AhrefsBot/7.0; +http://ahrefs.com/robot/)"
185.147.125.21 - - [21/Dec/2024:12:00:53 +0530] "GET /contact.php HTTP/1.0" 200 40299 "https://sqarextechnologies.com/contact.php" "Mozilla/5.0 (Windows NT 10.0.0; Win64; x64; ) AppleWebKit/537.36 (KHTML, like Gecko) Chrome/124.0.6367.63 Chrome/124.0.6367.63 Not-A.Brand/99 Safari/537.36"
185.147.125.21 - - [21/Dec/2024:12:00:53 +0530] "POST /contact.php HTTP/1.0" 200 40557 "https://sqarextechnologies.com/contact.php" "Mozilla/5.0 (Windows NT 10.0.0; Win64; x64; ) AppleWebKit/537.36 (KHTML, like Gecko) Chrome/124.0.6367.63 Chrome/124.0.6367.63 Not-A.Brand/99 Safari/537.36"
185.147.125.21 - - [21/Dec/2024:12:21:07 +0530] "GET / HTTP/1.0" 200 163502 "https://sqarextechnologies.com/" "Mozilla/5.0 (Windows NT 10.0.0; Win64; x64; ) AppleWebKit/537.36 (KHTML, like Gecko) Chrome/124.0.6367.62 Chrome/124.0.6367.62 Not-A.Brand/99 Safari/537.36"
185.147.125.21 - - [21/Dec/2024:12:21:07 +0530] "GET /contact.php HTTP/1.0" 200 40299 "https://sqarextechnologies.com/contact.php" "Mozilla/5.0 (Windows NT 10.0.0; Win64; x64; ) AppleWebKit/537.36 (KHTML, like Gecko) Chrome/124.0.6367.62 Chrome/124.0.6367.62 Not-A.Brand/99 Safari/537.36"
185.147.125.21 - - [21/Dec/2024:12:21:07 +0530] "POST /contact.php HTTP/1.0" 200 40557 "https://sqarextechnologies.com/contact.php" "Mozilla/5.0 (Windows NT 10.0.0; Win64; x64; ) AppleWebKit/537.36 (KHTML, like Gecko) Chrome/124.0.6367.62 Chrome/124.0.6367.62 Not-A.Brand/99 Safari/537.36"
185.147.125.22 - - [21/Dec/2024:12:47:42 +0530] "GET / HTTP/1.0" 200 163502 "https://sqarextechnologies.com/" "Mozilla/5.0 (Windows NT 10.0; Win64; x64) AppleWebKit/537.36 (KHTML, like Gecko) Chrome/124.0.6367.92 Safari/537.36"
185.147.125.22 - - [21/Dec/2024:12:24:39 +0530] "GET /contact.php HTTP/1.0" 200 40299 "https://sqarextechnologies.com/contact.php" "Mozilla/5.0 (Windows NT 10.0.0; Win64; x64; ) AppleWebKit/537.36 (KHTML, like Gecko) Chrome/124.0.6367.61 Chrome/124.0.6367.61 Not-A.Brand/99 Safari/537.36"
185.147.125.22 - - [21/Dec/2024:12:24:39 +0530] "POST /contact.php HTTP/1.0" 200 40557 "https://sqarextechnologies.com/contact.php" "Mozilla/5.0 (Windows NT 10.0.0; Win64; x64; ) AppleWebKit/537.36 (KHTML, like Gecko) Chrome/124.0.6367.61 Chrome/124.0.6367.61 Not-A.Brand/99 Safari/537.36"
185.147.125.22 - - [21/Dec/2024:12:47:43 +0530] "POST /contact.php HTTP/1.0" 200 40557 "https://sqarextechnologies.com/contact.php" "Mozilla/5.0 (Windows NT 10.0; Win64; x64) AppleWebKit/537.36 (KHTML, like Gecko) Chrome/124.0.6367.92 Safari/537.36"
185.147.125.22 - - [21/Dec/2024:12:24:39 +0530] "GET / HTTP/1.0" 200 163502 "https://sqarextechnologies.com/" "Mozilla/5.0 (Windows NT 10.0.0; Win64; x64; ) AppleWebKit/537.36 (KHTML, like Gecko) Chrome/124.0.6367.61 Chrome/124.0.6367.61 Not-A.Brand/99 Safari/537.36"
185.147.125.22 - - [21/Dec/2024:12:47:43 +0530] "GET /contact.php HTTP/1.0" 200 40299 "https://sqarextechnologies.com/contact.php" "Mozilla/5.0 (Windows NT 10.0; Win64; x64) AppleWebKit/537.36 (KHTML, like Gecko) Chrome/124.0.6367.92 Safari/537.36"
185.147.125.21 - - [21/Dec/2024:13:11:31 +0530] "POST /contact.php HTTP/1.0" 200 40557 "https://sqarextechnologies.com/contact.php" "Mozilla/5.0 (Windows NT 10.0.0; Win64; x64; ) AppleWebKit/537.36 (KHTML, like Gecko) Chrome/124.0.6367.63 Chrome/124.0.6367.63 Not-A.Brand/99 Safari/537.36"
185.147.125.21 - - [21/Dec/2024:13:11:31 +0530] "GET /contact.php HTTP/1.0" 200 40299 "https://sqarextechnologies.com/contact.php" "Mozilla/5.0 (Windows NT 10.0.0; Win64; x64; ) AppleWebKit/537.36 (KHTML, like Gecko) Chrome/124.0.6367.63 Chrome/124.0.6367.63 Not-A.Brand/99 Safari/537.36"
185.147.125.21 - - [21/Dec/2024:13:12:52 +0530] "GET / HTTP/1.0" 200 163502 "https://sqarextechnologies.com/" "Mozilla/5.0 (Windows NT 10.0; Win64; x64) AppleWebKit/537.36 (KHTML, like Gecko) Chrome/124.0.0.0 Safari/537.36"
185.147.125.21 - - [21/Dec/2024:13:12:52 +0530] "GET /contact.php HTTP/1.0" 200 40299 "https://sqarextechnologies.com/contact.php" "Mozilla/5.0 (Windows NT 10.0; Win64; x64) AppleWebKit/537.36 (KHTML, like Gecko) Chrome/124.0.0.0 Safari/537.36"
185.147.125.21 - - [21/Dec/2024:13:12:52 +0530] "POST /contact.php HTTP/1.0" 200 40557 "https://sqarextechnologies.com/contact.php" "Mozilla/5.0 (Windows NT 10.0; Win64; x64) AppleWebKit/537.36 (KHTML, like Gecko) Chrome/124.0.0.0 Safari/537.36"
185.147.125.21 - - [21/Dec/2024:13:11:31 +0530] "GET / HTTP/1.0" 200 163502 "https://sqarextechnologies.com/" "Mozilla/5.0 (Windows NT 10.0.0; Win64; x64; ) AppleWebKit/537.36 (KHTML, like Gecko) Chrome/124.0.6367.63 Chrome/124.0.6367.63 Not-A.Brand/99 Safari/537.36"
143.198.23.98 - - [21/Dec/2024:13:32:35 +0530] "GET / HTTP/1.1" 200 163502 "-" "Mozilla/5.0 (Windows NT 10.0; Win64; x64) AppleWebKit/537.36 (KHTML, like Gecko) Chrome/80.0.3987.149 Safari/537.36"
143.198.23.98 - - [21/Dec/2024:13:32:35 +0530] "GET //wp-includes/wlwmanifest.xml HTTP/1.1" 200 163502 "-" "Mozilla/5.0 (Windows NT 10.0; Win64; x64) AppleWebKit/537.36 (KHTML, like Gecko) Chrome/80.0.3987.149 Safari/537.36"
143.198.23.98 - - [21/Dec/2024:13:32:35 +0530] "GET //xmlrpc.php?rsd HTTP/1.1" 200 163502 "-" "Mozilla/5.0 (Windows NT 10.0; Win64; x64) AppleWebKit/537.36 (KHTML, like Gecko) Chrome/80.0.3987.149 Safari/537.36"
143.198.23.98 - - [21/Dec/2024:13:32:35 +0530] "GET / HTTP/1.1" 200 163502 "-" "Mozilla/5.0 (Windows NT 10.0; Win64; x64) AppleWebKit/537.36 (KHTML, like Gecko) Chrome/80.0.3987.149 Safari/537.36"
143.198.23.98 - - [21/Dec/2024:13:32:36 +0530] "GET //blog/wp-includes/wlwmanifest.xml HTTP/1.1" 200 163502 "-" "Mozilla/5.0 (Windows NT 10.0; Win64; x64) AppleWebKit/537.36 (KHTML, like Gecko) Chrome/80.0.3987.149 Safari/537.36"
143.198.23.98 - - [21/Dec/2024:13:32:36 +0530] "GET //web/wp-includes/wlwmanifest.xml HTTP/1.1" 200 163502 "-" "Mozilla/5.0 (Windows NT 10.0; Win64; x64) AppleWebKit/537.36 (KHTML, like Gecko) Chrome/80.0.3987.149 Safari/537.36"
143.198.23.98 - - [21/Dec/2024:13:32:36 +0530] "GET //wordpress/wp-includes/wlwmanifest.xml HTTP/1.1" 200 163502 "-" "Mozilla/5.0 (Windows NT 10.0; Win64; x64) AppleWebKit/537.36 (KHTML, like Gecko) Chrome/80.0.3987.149 Safari/537.36"
143.198.23.98 - - [21/Dec/2024:13:32:36 +0530] "GET //website/wp-includes/wlwmanifest.xml HTTP/1.1" 200 163502 "-" "Mozilla/5.0 (Windows NT 10.0; Win64; x64) AppleWebKit/537.36 (KHTML, like Gecko) Chrome/80.0.3987.149 Safari/537.36"
143.198.23.98 - - [21/Dec/2024:13:32:36 +0530] "GET //wp/wp-includes/wlwmanifest.xml HTTP/1.1" 200 163502 "-" "Mozilla/5.0 (Windows NT 10.0; Win64; x64) AppleWebKit/537.36 (KHTML, like Gecko) Chrome/80.0.3987.149 Safari/537.36"
143.198.23.98 - - [21/Dec/2024:13:32:36 +0530] "GET //news/wp-includes/wlwmanifest.xml HTTP/1.1" 200 163502 "-" "Mozilla/5.0 (Windows NT 10.0; Win64; x64) AppleWebKit/537.36 (KHTML, like Gecko) Chrome/80.0.3987.149 Safari/537.36"
143.198.23.98 - - [21/Dec/2024:13:32:36 +0530] "GET //2018/wp-includes/wlwmanifest.xml HTTP/1.1" 200 163502 "-" "Mozilla/5.0 (Windows NT 10.0; Win64; x64) AppleWebKit/537.36 (KHTML, like Gecko) Chrome/80.0.3987.149 Safari/537.36"
143.198.23.98 - - [21/Dec/2024:13:32:36 +0530] "GET //2019/wp-includes/wlwmanifest.xml HTTP/1.1" 200 163502 "-" "Mozilla/5.0 (Windows NT 10.0; Win64; x64) AppleWebKit/537.36 (KHTML, like Gecko) Chrome/80.0.3987.149 Safari/537.36"
143.198.23.98 - - [21/Dec/2024:13:32:37 +0530] "GET //shop/wp-includes/wlwmanifest.xml HTTP/1.1" 200 163502 "-" "Mozilla/5.0 (Windows NT 10.0; Win64; x64) AppleWebKit/537.36 (KHTML, like Gecko) Chrome/80.0.3987.149 Safari/537.36"
143.198.23.98 - - [21/Dec/2024:13:32:37 +0530] "GET //wp1/wp-includes/wlwmanifest.xml HTTP/1.1" 200 163502 "-" "Mozilla/5.0 (Windows NT 10.0; Win64; x64) AppleWebKit/537.36 (KHTML, like Gecko) Chrome/80.0.3987.149 Safari/537.36"
143.198.23.98 - - [21/Dec/2024:13:32:37 +0530] "GET //test/wp-includes/wlwmanifest.xml HTTP/1.1" 200 163502 "-" "Mozilla/5.0 (Windows NT 10.0; Win64; x64) AppleWebKit/537.36 (KHTML, like Gecko) Chrome/80.0.3987.149 Safari/537.36"
143.198.23.98 - - [21/Dec/2024:13:32:37 +0530] "GET //media/wp-includes/wlwmanifest.xml HTTP/1.1" 200 163502 "-" "Mozilla/5.0 (Windows NT 10.0; Win64; x64) AppleWebKit/537.36 (KHTML, like Gecko) Chrome/80.0.3987.149 Safari/537.36"
143.198.23.98 - - [21/Dec/2024:13:32:37 +0530] "GET //wp2/wp-includes/wlwmanifest.xml HTTP/1.1" 200 163502 "-" "Mozilla/5.0 (Windows NT 10.0; Win64; x64) AppleWebKit/537.36 (KHTML, like Gecko) Chrome/80.0.3987.149 Safari/537.36"
143.198.23.98 - - [21/Dec/2024:13:32:37 +0530] "GET //site/wp-includes/wlwmanifest.xml HTTP/1.1" 200 163502 "-" "Mozilla/5.0 (Windows NT 10.0; Win64; x64) AppleWebKit/537.36 (KHTML, like Gecko) Chrome/80.0.3987.149 Safari/537.36"
185.147.125.21 - - [21/Dec/2024:13:21:02 +0530] "GET / HTTP/1.0" 200 163502 "https://sqarextechnologies.com/" "Mozilla/5.0 (Windows NT 10.0.0; Win64; x64; ) AppleWebKit/537.36 (KHTML, like Gecko) Chrome/124.0.6367.62 Chrome/124.0.6367.62 Not-A.Brand/99 Safari/537.36"
185.147.125.21 - - [21/Dec/2024:13:21:03 +0530] "POST /contact.php HTTP/1.0" 200 40557 "https://sqarextechnologies.com/contact.php" "Mozilla/5.0 (Windows NT 10.0.0; Win64; x64; ) AppleWebKit/537.36 (KHTML, like Gecko) Chrome/124.0.6367.62 Chrome/124.0.6367.62 Not-A.Brand/99 Safari/537.36"
44.222.173.120 - - [21/Dec/2024:13:56:26 +0530] "GET / HTTP/1.1" 200 34674 "-" "Mozilla/5.0 (Windows NT 10.0; Win64; x64) AppleWebKit/537.36 (KHTML, like Gecko) Chrome/125.0.0.0 Safari/537.36"
185.147.125.21 - - [21/Dec/2024:14:01:46 +0530] "GET / HTTP/1.0" 200 163502 "https://sqarextechnologies.com/" "Mozilla/5.0 (Windows NT 10.0.0; Win64; x64; ) AppleWebKit/537.36 (KHTML, like Gecko) Chrome/124.0.6367.61 Chrome/124.0.6367.61 Not-A.Brand/99 Safari/537.36"
185.147.125.21 - - [21/Dec/2024:14:10:50 +0530] "GET / HTTP/1.0" 200 163502 "https://sqarextechnologies.com/" "Mozilla/5.0 (Windows NT 10.0.0; Win64; x64; ) AppleWebKit/537.36 (KHTML, like Gecko) Chrome/124.0.6367.63 Chrome/124.0.6367.63 Not-A.Brand/99 Safari/537.36"
143.198.23.98 - - [21/Dec/2024:13:32:37 +0530] "GET //cms/wp-includes/wlwmanifest.xml HTTP/1.1" 200 163502 "-" "Mozilla/5.0 (Windows NT 10.0; Win64; x64) AppleWebKit/537.36 (KHTML, like Gecko) Chrome/80.0.3987.149 Safari/537.36"
143.198.23.98 - - [21/Dec/2024:13:32:37 +0530] "GET //sito/wp-includes/wlwmanifest.xml HTTP/1.1" 200 163502 "-" "Mozilla/5.0 (Windows NT 10.0; Win64; x64) AppleWebKit/537.36 (KHTML, like Gecko) Chrome/80.0.3987.149 Safari/537.36"
185.147.125.21 - - [21/Dec/2024:14:01:46 +0530] "GET /contact.php HTTP/1.0" 200 40299 "https://sqarextechnologies.com/contact.php" "Mozilla/5.0 (Windows NT 10.0.0; Win64; x64; ) AppleWebKit/537.36 (KHTML, like Gecko) Chrome/124.0.6367.61 Chrome/124.0.6367.61 Not-A.Brand/99 Safari/537.36"
185.147.125.21 - - [21/Dec/2024:14:10:42 +0530] "POST /contact.php HTTP/1.0" 200 40557 "https://sqarextechnologies.com/contact.php" "Mozilla/5.0 (Windows NT 10.0.0; Win64; x64; ) AppleWebKit/537.36 (KHTML, like Gecko) Chrome/124.0.6367.119 Chrome/124.0.6367.119 Not-A.Brand/99 Safari/537.36"
185.147.125.21 - - [21/Dec/2024:14:10:51 +0530] "GET /contact.php HTTP/1.0" 200 40299 "https://sqarextechnologies.com/contact.php" "Mozilla/5.0 (Windows NT 10.0.0; Win64; x64; ) AppleWebKit/537.36 (KHTML, like Gecko) Chrome/124.0.6367.63 Chrome/124.0.6367.63 Not-A.Brand/99 Safari/537.36"
185.147.125.21 - - [21/Dec/2024:14:10:51 +0530] "POST /contact.php HTTP/1.0" 200 40557 "https://sqarextechnologies.com/contact.php" "Mozilla/5.0 (Windows NT 10.0.0; Win64; x64; ) AppleWebKit/537.36 (KHTML, like Gecko) Chrome/124.0.6367.63 Chrome/124.0.6367.63 Not-A.Brand/99 Safari/537.36"
185.147.125.22 - - [21/Dec/2024:13:41:11 +0530] "GET / HTTP/1.0" 200 163502 "https://sqarextechnologies.com/" "Mozilla/5.0 (Windows NT 10.0; Win64; x64) AppleWebKit/537.36 (KHTML, like Gecko) Chrome/124.0.6367.92 Safari/537.36"
185.147.125.21 - - [21/Dec/2024:14:10:42 +0530] "GET /contact.php HTTP/1.0" 200 40299 "https://sqarextechnologies.com/contact.php" "Mozilla/5.0 (Windows NT 10.0.0; Win64; x64; ) AppleWebKit/537.36 (KHTML, like Gecko) Chrome/124.0.6367.119 Chrome/124.0.6367.119 Not-A.Brand/99 Safari/537.36"
43.153.104.196 - - [21/Dec/2024:14:13:36 +0530] "GET / HTTP/1.1" 200 34674 "http://www.sqarextechnologies.com" "Mozilla/5.0 (iPhone; CPU iPhone OS 13_2_3 like Mac OS X) AppleWebKit/605.1.15 (KHTML, like Gecko) Version/13.0.3 Mobile/15E148 Safari/604.1"
185.147.125.21 - - [21/Dec/2024:13:21:03 +0530] "GET /contact.php HTTP/1.0" 200 40299 "https://sqarextechnologies.com/contact.php" "Mozilla/5.0 (Windows NT 10.0.0; Win64; x64; ) AppleWebKit/537.36 (KHTML, like Gecko) Chrome/124.0.6367.62 Chrome/124.0.6367.62 Not-A.Brand/99 Safari/537.36"
51.222.253.11 - - [21/Dec/2024:13:39:53 +0530] "GET /data-cleansing.php HTTP/2" 200 7500 "-" "Mozilla/5.0 (compatible; AhrefsBot/7.0; +http://ahrefs.com/robot/)"
185.147.125.22 - - [21/Dec/2024:13:41:11 +0530] "GET /contact.php HTTP/1.0" 200 40299 "https://sqarextechnologies.com/contact.php" "Mozilla/5.0 (Windows NT 10.0; Win64; x64) AppleWebKit/537.36 (KHTML, like Gecko) Chrome/124.0.6367.92 Safari/537.36"
185.147.125.22 - - [21/Dec/2024:13:41:11 +0530] "POST /contact.php HTTP/1.0" 200 40557 "https://sqarextechnologies.com/contact.php" "Mozilla/5.0 (Windows NT 10.0; Win64; x64) AppleWebKit/537.36 (KHTML, like Gecko) Chrome/124.0.6367.92 Safari/537.36"
185.147.125.21 - - [21/Dec/2024:14:01:47 +0530] "POST /contact.php HTTP/1.0" 200 40557 "https://sqarextechnologies.com/contact.php" "Mozilla/5.0 (Windows NT 10.0.0; Win64; x64; ) AppleWebKit/537.36 (KHTML, like Gecko) Chrome/124.0.6367.61 Chrome/124.0.6367.61 Not-A.Brand/99 Safari/537.36"
185.147.125.21 - - [21/Dec/2024:14:10:42 +0530] "GET / HTTP/1.0" 200 163502 "https://sqarextechnologies.com/" "Mozilla/5.0 (Windows NT 10.0.0; Win64; x64; ) AppleWebKit/537.36 (KHTML, like Gecko) Chrome/124.0.6367.119 Chrome/124.0.6367.119 Not-A.Brand/99 Safari/537.36"
185.147.125.21 - - [21/Dec/2024:14:21:02 +0530] "GET / HTTP/1.0" 200 163502 "https://sqarextechnologies.com/" "Mozilla/5.0 (Windows NT 10.0; Win64; x64) AppleWebKit/537.36 (KHTML, like Gecko) Chrome/124.0.0.0 Safari/537.36"
185.147.125.21 - - [21/Dec/2024:14:21:02 +0530] "POST /contact.php HTTP/1.0" 200 40557 "https://sqarextechnologies.com/contact.php" "Mozilla/5.0 (Windows NT 10.0; Win64; x64) AppleWebKit/537.36 (KHTML, like Gecko) Chrome/124.0.0.0 Safari/537.36"
137.184.35.97 - - [21/Dec/2024:14:18:44 +0530] "GET / HTTP/1.1" 200 34674 "-" "Mozilla/5.0 (X11; Linux x86_64; rv:83.0) Gecko/20100101 Firefox/83.0"
185.147.125.21 - - [21/Dec/2024:15:11:35 +0530] "GET / HTTP/1.0" 200 163502 "https://sqarextechnologies.com/" "Mozilla/5.0 (Windows NT 15.0.0; Win64; x64; ) AppleWebKit/537.36 (KHTML, like Gecko) Chrome/124.0.6367.119 Chrome/124.0.6367.119 Not-A.Brand/99 Safari/537.36"
185.147.125.21 - - [21/Dec/2024:15:11:35 +0530] "GET /contact.php HTTP/1.0" 200 40299 "https://sqarextechnologies.com/contact.php" "Mozilla/5.0 (Windows NT 15.0.0; Win64; x64; ) AppleWebKit/537.36 (KHTML, like Gecko) Chrome/124.0.6367.119 Chrome/124.0.6367.119 Not-A.Brand/99 Safari/537.36"
185.147.125.21 - - [21/Dec/2024:15:11:21 +0530] "POST /contact.php HTTP/1.0" 200 40557 "https://sqarextechnologies.com/contact.php" "Mozilla/5.0 (Windows NT 10.0.0; Win64; x64; ) AppleWebKit/537.36 (KHTML, like Gecko) Chrome/124.0.6367.78 Chrome/124.0.6367.78 Not-A.Brand/99 Safari/537.36"
185.147.125.21 - - [21/Dec/2024:14:21:02 +0530] "GET /contact.php HTTP/1.0" 200 40299 "https://sqarextechnologies.com/contact.php" "Mozilla/5.0 (Windows NT 10.0; Win64; x64) AppleWebKit/537.36 (KHTML, like Gecko) Chrome/124.0.0.0 Safari/537.36"
51.222.253.10 - - [21/Dec/2024:14:31:03 +0530] "GET /manufacturing.php HTTP/2" 200 7667 "-" "Mozilla/5.0 (compatible; AhrefsBot/7.0; +http://ahrefs.com/robot/)"
185.147.125.21 - - [21/Dec/2024:15:11:20 +0530] "GET / HTTP/1.0" 200 163502 "https://sqarextechnologies.com/" "Mozilla/5.0 (Windows NT 10.0.0; Win64; x64; ) AppleWebKit/537.36 (KHTML, like Gecko) Chrome/124.0.6367.78 Chrome/124.0.6367.78 Not-A.Brand/99 Safari/537.36"
185.147.125.21 - - [21/Dec/2024:15:11:21 +0530] "GET /contact.php HTTP/1.0" 200 40299 "https://sqarextechnologies.com/contact.php" "Mozilla/5.0 (Windows NT 10.0.0; Win64; x64; ) AppleWebKit/537.36 (KHTML, like Gecko) Chrome/124.0.6367.78 Chrome/124.0.6367.78 Not-A.Brand/99 Safari/537.36"
185.147.125.21 - - [21/Dec/2024:15:11:35 +0530] "POST /contact.php HTTP/1.0" 200 40557 "https://sqarextechnologies.com/contact.php" "Mozilla/5.0 (Windows NT 15.0.0; Win64; x64; ) AppleWebKit/537.36 (KHTML, like Gecko) Chrome/124.0.6367.119 Chrome/124.0.6367.119 Not-A.Brand/99 Safari/537.36"
185.147.125.23 - - [21/Dec/2024:15:54:43 +0530] "POST /contact.php HTTP/1.0" 200 40557 "https://sqarextechnologies.com/contact.php" "Mozilla/5.0 (Windows NT 10.0.0; Win64; x64; ) AppleWebKit/537.36 (KHTML, like Gecko) Chrome/124.0.6367.62 Chrome/124.0.6367.62 Not-A.Brand/99 Safari/537.36"
185.147.125.22 - - [21/Dec/2024:15:57:12 +0530] "GET /contact.php HTTP/1.0" 200 40299 "https://sqarextechnologies.com/contact.php" "Mozilla/5.0 (Windows NT 10.0; Win64; x64) AppleWebKit/537.36 (KHTML, like Gecko) Chrome/124.0.6367.92 Safari/537.36"
185.147.125.22 - - [21/Dec/2024:15:49:42 +0530] "GET / HTTP/1.0" 200 163502 "https://sqarextechnologies.com/" "Mozilla/5.0 (Windows NT 10.0.0; Win64; x64; ) AppleWebKit/537.36 (KHTML, like Gecko) Chrome/124.0.6367.119 Chrome/124.0.6367.119 Not-A.Brand/99 Safari/537.36"
185.147.125.22 - - [21/Dec/2024:15:49:43 +0530] "GET /contact.php HTTP/1.0" 200 40299 "https://sqarextechnologies.com/contact.php" "Mozilla/5.0 (Windows NT 10.0.0; Win64; x64; ) AppleWebKit/537.36 (KHTML, like Gecko) Chrome/124.0.6367.119 Chrome/124.0.6367.119 Not-A.Brand/99 Safari/537.36"
185.147.125.22 - - [21/Dec/2024:15:49:43 +0530] "POST /contact.php HTTP/1.0" 200 40557 "https://sqarextechnologies.com/contact.php" "Mozilla/5.0 (Windows NT 10.0.0; Win64; x64; ) AppleWebKit/537.36 (KHTML, like Gecko) Chrome/124.0.6367.119 Chrome/124.0.6367.119 Not-A.Brand/99 Safari/537.36"
51.222.253.12 - - [21/Dec/2024:15:25:41 +0530] "GET /email-appending-services.php HTTP/2" 200 8245 "-" "Mozilla/5.0 (compatible; AhrefsBot/7.0; +http://ahrefs.com/robot/)"
185.147.125.22 - - [21/Dec/2024:15:31:22 +0530] "GET /contact.php HTTP/1.0" 200 40299 "https://sqarextechnologies.com/contact.php" "Mozilla/5.0 (Windows NT 10.0.0; Win64; x64; ) AppleWebKit/537.36 (KHTML, like Gecko) Chrome/124.0.6367.60 Chrome/124.0.6367.60 Not-A.Brand/99 Safari/537.36"
185.147.125.22 - - [21/Dec/2024:15:31:22 +0530] "POST /contact.php HTTP/1.0" 200 40557 "https://sqarextechnologies.com/contact.php" "Mozilla/5.0 (Windows NT 10.0.0; Win64; x64; ) AppleWebKit/537.36 (KHTML, like Gecko) Chrome/124.0.6367.60 Chrome/124.0.6367.60 Not-A.Brand/99 Safari/537.36"
185.147.125.23 - - [21/Dec/2024:15:54:42 +0530] "GET / HTTP/1.0" 200 163502 "https://sqarextechnologies.com/" "Mozilla/5.0 (Windows NT 10.0.0; Win64; x64; ) AppleWebKit/537.36 (KHTML, like Gecko) Chrome/124.0.6367.62 Chrome/124.0.6367.62 Not-A.Brand/99 Safari/537.36"
185.147.125.23 - - [21/Dec/2024:15:54:42 +0530] "GET /contact.php HTTP/1.0" 200 40299 "https://sqarextechnologies.com/contact.php" "Mozilla/5.0 (Windows NT 10.0.0; Win64; x64; ) AppleWebKit/537.36 (KHTML, like Gecko) Chrome/124.0.6367.62 Chrome/124.0.6367.62 Not-A.Brand/99 Safari/537.36"
185.147.125.22 - - [21/Dec/2024:15:57:13 +0530] "POST /contact.php HTTP/1.0" 200 40557 "https://sqarextechnologies.com/contact.php" "Mozilla/5.0 (Windows NT 10.0; Win64; x64) AppleWebKit/537.36 (KHTML, like Gecko) Chrome/124.0.6367.92 Safari/537.36"
185.147.125.22 - - [21/Dec/2024:15:31:22 +0530] "GET / HTTP/1.0" 200 163502 "https://sqarextechnologies.com/" "Mozilla/5.0 (Windows NT 10.0.0; Win64; x64; ) AppleWebKit/537.36 (KHTML, like Gecko) Chrome/124.0.6367.60 Chrome/124.0.6367.60 Not-A.Brand/99 Safari/537.36"
185.147.125.22 - - [21/Dec/2024:15:57:12 +0530] "GET / HTTP/1.0" 200 163502 "https://sqarextechnologies.com/" "Mozilla/5.0 (Windows NT 10.0; Win64; x64) AppleWebKit/537.36 (KHTML, like Gecko) Chrome/124.0.6367.92 Safari/537.36"
185.147.125.21 - - [21/Dec/2024:16:11:11 +0530] "POST /contact.php HTTP/1.0" 200 40557 "https://sqarextechnologies.com/contact.php" "Mozilla/5.0 (Windows NT 10.0.0; Win64; x64; ) AppleWebKit/537.36 (KHTML, like Gecko) Chrome/124.0.6367.61 Chrome/124.0.6367.61 Not-A.Brand/99 Safari/537.36"
185.147.125.21 - - [21/Dec/2024:16:01:30 +0530] "GET /contact.php HTTP/1.0" 200 40299 "https://sqarextechnologies.com/contact.php" "Mozilla/5.0 (Windows NT 10.0.0; Win64; x64; ) AppleWebKit/537.36 (KHTML, like Gecko) Chrome/124.0.6367.60 Chrome/124.0.6367.60 Not-A.Brand/99 Safari/537.36"
185.147.125.21 - - [21/Dec/2024:16:01:29 +0530] "GET / HTTP/1.0" 200 163502 "https://sqarextechnologies.com/" "Mozilla/5.0 (Windows NT 10.0.0; Win64; x64; ) AppleWebKit/537.36 (KHTML, like Gecko) Chrome/124.0.6367.60 Chrome/124.0.6367.60 Not-A.Brand/99 Safari/537.36"
185.147.125.21 - - [21/Dec/2024:16:01:30 +0530] "POST /contact.php HTTP/1.0" 200 40557 "https://sqarextechnologies.com/contact.php" "Mozilla/5.0 (Windows NT 10.0.0; Win64; x64; ) AppleWebKit/537.36 (KHTML, like Gecko) Chrome/124.0.6367.60 Chrome/124.0.6367.60 Not-A.Brand/99 Safari/537.36"
185.147.125.22 - - [21/Dec/2024:16:09:33 +0530] "GET / HTTP/1.0" 200 163502 "https://sqarextechnologies.com/" "Mozilla/5.0 (Windows NT 10.0.0; Win64; x64; ) AppleWebKit/537.36 (KHTML, like Gecko) Chrome/124.0.6367.78 Chrome/124.0.6367.78 Not-A.Brand/99 Safari/537.36"
185.147.125.22 - - [21/Dec/2024:16:09:38 +0530] "GET /contact.php HTTP/1.0" 200 40299 "https://sqarextechnologies.com/contact.php" "Mozilla/5.0 (Windows NT 10.0.0; Win64; x64; ) AppleWebKit/537.36 (KHTML, like Gecko) Chrome/124.0.6367.78 Chrome/124.0.6367.78 Not-A.Brand/99 Safari/537.36"
185.147.125.22 - - [21/Dec/2024:16:09:38 +0530] "POST /contact.php HTTP/1.0" 200 40557 "https://sqarextechnologies.com/contact.php" "Mozilla/5.0 (Windows NT 10.0.0; Win64; x64; ) AppleWebKit/537.36 (KHTML, like Gecko) Chrome/124.0.6367.78 Chrome/124.0.6367.78 Not-A.Brand/99 Safari/537.36"
20.42.10.182 - - [21/Dec/2024:16:10:39 +0530] "GET /robots.txt HTTP/2" 200 34674 "-" "Mozilla/5.0 AppleWebKit/537.36 (KHTML, like Gecko); compatible; OAI-SearchBot/1.0; +https://openai.com/searchbot"
185.147.125.21 - - [21/Dec/2024:16:11:10 +0530] "GET / HTTP/1.0" 200 163502 "https://sqarextechnologies.com/" "Mozilla/5.0 (Windows NT 10.0.0; Win64; x64; ) AppleWebKit/537.36 (KHTML, like Gecko) Chrome/124.0.6367.61 Chrome/124.0.6367.61 Not-A.Brand/99 Safari/537.36"
185.147.125.21 - - [21/Dec/2024:16:11:10 +0530] "GET /contact.php HTTP/1.0" 200 40299 "https://sqarextechnologies.com/contact.php" "Mozilla/5.0 (Windows NT 10.0.0; Win64; x64; ) AppleWebKit/537.36 (KHTML, like Gecko) Chrome/124.0.6367.61 Chrome/124.0.6367.61 Not-A.Brand/99 Safari/537.36"
185.147.125.22 - - [21/Dec/2024:16:14:12 +0530] "GET / HTTP/1.0" 200 163502 "https://sqarextechnologies.com/" "Mozilla/5.0 (Windows NT 10.0; Win64; x64; ) AppleWebKit/537.36 (KHTML, like Gecko) Chrome/124.0.6367.61 Chrome/124.0.6367.61 Not-A.Brand/99 Safari/537.36"
185.147.125.22 - - [21/Dec/2024:16:30:05 +0530] "GET / HTTP/1.0" 200 163502 "https://sqarextechnologies.com/" "Mozilla/5.0 (Windows NT 10.0.0; Win64; x64; ) AppleWebKit/537.36 (KHTML, like Gecko) Chrome/124.0.6367.78 Chrome/124.0.6367.78 Not-A.Brand/99 Safari/537.36"
157.55.39.61 - - [21/Dec/2024:16:32:24 +0530] "GET /images/data-management/travel4.png HTTP/2" 200 140094 "-" "Mozilla/5.0 AppleWebKit/537.36 (KHTML, like Gecko; compatible; bingbot/2.0; +http://www.bing.com/bingbot.htm) Chrome/116.0.1938.76 Safari/537.36"
51.222.253.14 - - [21/Dec/2024:16:29:50 +0530] "GET /data-verification.php HTTP/2" 200 8192 "-" "Mozilla/5.0 (compatible; AhrefsBot/7.0; +http://ahrefs.com/robot/)"
185.147.125.22 - - [21/Dec/2024:16:30:05 +0530] "GET /contact.php HTTP/1.0" 200 40299 "https://sqarextechnologies.com/contact.php" "Mozilla/5.0 (Windows NT 10.0.0; Win64; x64; ) AppleWebKit/537.36 (KHTML, like Gecko) Chrome/124.0.6367.78 Chrome/124.0.6367.78 Not-A.Brand/99 Safari/537.36"
185.147.125.22 - - [21/Dec/2024:16:30:06 +0530] "POST /contact.php HTTP/1.0" 200 40557 "https://sqarextechnologies.com/contact.php" "Mozilla/5.0 (Windows NT 10.0.0; Win64; x64; ) AppleWebKit/537.36 (KHTML, like Gecko) Chrome/124.0.6367.78 Chrome/124.0.6367.78 Not-A.Brand/99 Safari/537.36"
185.147.125.22 - - [21/Dec/2024:16:47:31 +0530] "GET / HTTP/1.0" 200 163502 "https://sqarextechnologies.com/" "Mozilla/5.0 (Windows NT 10.0.0; Win64; x64; ) AppleWebKit/537.36 (KHTML, like Gecko) Chrome/124.0.6367.119 Chrome/124.0.6367.119 Not-A.Brand/99 Safari/537.36"
185.147.125.22 - - [21/Dec/2024:16:47:32 +0530] "GET /contact.php HTTP/1.0" 200 40299 "https://sqarextechnologies.com/contact.php" "Mozilla/5.0 (Windows NT 10.0.0; Win64; x64; ) AppleWebKit/537.36 (KHTML, like Gecko) Chrome/124.0.6367.119 Chrome/124.0.6367.119 Not-A.Brand/99 Safari/537.36"
185.147.125.22 - - [21/Dec/2024:16:47:32 +0530] "POST /contact.php HTTP/1.0" 200 40557 "https://sqarextechnologies.com/contact.php" "Mozilla/5.0 (Windows NT 10.0.0; Win64; x64; ) AppleWebKit/537.36 (KHTML, like Gecko) Chrome/124.0.6367.119 Chrome/124.0.6367.119 Not-A.Brand/99 Safari/537.36"
185.147.125.21 - - [21/Dec/2024:17:11:09 +0530] "GET / HTTP/1.0" 200 163502 "https://sqarextechnologies.com/" "Mozilla/5.0 (Windows NT 10.0.0; Win64; x64; ) AppleWebKit/537.36 (KHTML, like Gecko) Chrome/124.0.6367.60 Chrome/124.0.6367.60 Not-A.Brand/99 Safari/537.36"
185.147.125.21 - - [21/Dec/2024:17:11:10 +0530] "POST /contact.php HTTP/1.0" 200 40557 "https://sqarextechnologies.com/contact.php" "Mozilla/5.0 (Windows NT 10.0.0; Win64; x64; ) AppleWebKit/537.36 (KHTML, like Gecko) Chrome/124.0.6367.60 Chrome/124.0.6367.60 Not-A.Brand/99 Safari/537.36"
185.147.125.22 - - [21/Dec/2024:17:12:10 +0530] "GET /contact.php HTTP/1.0" 200 40299 "https://sqarextechnologies.com/contact.php" "Mozilla/5.0 (Windows NT 10.0; Win64; x64) AppleWebKit/537.36 (KHTML, like Gecko) Chrome/124.0.0.0 Safari/537.36"
185.147.125.22 - - [21/Dec/2024:17:12:10 +0530] "POST /contact.php HTTP/1.0" 200 40557 "https://sqarextechnologies.com/contact.php" "Mozilla/5.0 (Windows NT 10.0; Win64; x64) AppleWebKit/537.36 (KHTML, like Gecko) Chrome/124.0.0.0 Safari/537.36"
185.147.125.21 - - [21/Dec/2024:17:11:18 +0530] "GET /contact.php HTTP/1.0" 200 40299 "https://sqarextechnologies.com/contact.php" "Mozilla/5.0 (Windows NT 10.0; Win64; x64; ) AppleWebKit/537.36 (KHTML, like Gecko) Chrome/124.0.6367.61 Chrome/124.0.6367.61 Not-A.Brand/99 Safari/537.36"
185.147.125.22 - - [21/Dec/2024:17:12:10 +0530] "GET / HTTP/1.0" 200 163502 "https://sqarextechnologies.com/" "Mozilla/5.0 (Windows NT 10.0; Win64; x64) AppleWebKit/537.36 (KHTML, like Gecko) Chrome/124.0.0.0 Safari/537.36"
185.147.125.22 - - [21/Dec/2024:17:14:53 +0530] "GET / HTTP/1.0" 200 163502 "https://sqarextechnologies.com/" "Mozilla/5.0 (Windows NT 10.0.0; Win64; x64; ) AppleWebKit/537.36 (KHTML, like Gecko) Chrome/124.0.6367.119 Chrome/124.0.6367.119 Not-A.Brand/99 Safari/537.36"
185.147.125.21 - - [21/Dec/2024:17:11:18 +0530] "GET / HTTP/1.0" 200 163502 "https://sqarextechnologies.com/" "Mozilla/5.0 (Windows NT 10.0; Win64; x64; ) AppleWebKit/537.36 (KHTML, like Gecko) Chrome/124.0.6367.61 Chrome/124.0.6367.61 Not-A.Brand/99 Safari/537.36"
185.147.125.22 - - [21/Dec/2024:17:14:54 +0530] "GET /contact.php HTTP/1.0" 200 40299 "https://sqarextechnologies.com/contact.php" "Mozilla/5.0 (Windows NT 10.0.0; Win64; x64; ) AppleWebKit/537.36 (KHTML, like Gecko) Chrome/124.0.6367.119 Chrome/124.0.6367.119 Not-A.Brand/99 Safari/537.36"
185.147.125.22 - - [21/Dec/2024:17:14:54 +0530] "POST /contact.php HTTP/1.0" 200 40557 "https://sqarextechnologies.com/contact.php" "Mozilla/5.0 (Windows NT 10.0.0; Win64; x64; ) AppleWebKit/537.36 (KHTML, like Gecko) Chrome/124.0.6367.119 Chrome/124.0.6367.119 Not-A.Brand/99 Safari/537.36"
185.147.125.21 - - [21/Dec/2024:17:11:09 +0530] "GET /contact.php HTTP/1.0" 200 40299 "https://sqarextechnologies.com/contact.php" "Mozilla/5.0 (Windows NT 10.0.0; Win64; x64; ) AppleWebKit/537.36 (KHTML, like Gecko) Chrome/124.0.6367.60 Chrome/124.0.6367.60 Not-A.Brand/99 Safari/537.36"
185.147.125.21 - - [21/Dec/2024:17:21:11 +0530] "GET /contact.php HTTP/1.0" 200 40299 "https://sqarextechnologies.com/contact.php" "Mozilla/5.0 (Windows NT 10.0.0; Win64; x64; ) AppleWebKit/537.36 (KHTML, like Gecko) Chrome/124.0.6367.61 Chrome/124.0.6367.61 Not-A.Brand/99 Safari/537.36"
185.147.125.21 - - [21/Dec/2024:17:21:11 +0530] "POST /contact.php HTTP/1.0" 200 40557 "https://sqarextechnologies.com/contact.php" "Mozilla/5.0 (Windows NT 10.0.0; Win64; x64; ) AppleWebKit/537.36 (KHTML, like Gecko) Chrome/124.0.6367.61 Chrome/124.0.6367.61 Not-A.Brand/99 Safari/537.36"
51.222.253.17 - - [21/Dec/2024:17:28:40 +0530] "GET /account-intelligence-services.php HTTP/2" 200 8536 "-" "Mozilla/5.0 (compatible; AhrefsBot/7.0; +http://ahrefs.com/robot/)"
185.147.125.21 - - [21/Dec/2024:17:21:10 +0530] "GET / HTTP/1.0" 200 163502 "https://sqarextechnologies.com/" "Mozilla/5.0 (Windows NT 10.0.0; Win64; x64; ) AppleWebKit/537.36 (KHTML, like Gecko) Chrome/124.0.6367.61 Chrome/124.0.6367.61 Not-A.Brand/99 Safari/537.36"
185.147.125.21 - - [21/Dec/2024:18:11:39 +0530] "GET / HTTP/1.0" 200 163502 "https://sqarextechnologies.com/" "Mozilla/5.0 (Windows NT 10.0.0; Win64; x64; ) AppleWebKit/537.36 (KHTML, like Gecko) Chrome/124.0.6367.63 Chrome/124.0.6367.63 Not-A.Brand/99 Safari/537.36"
185.147.125.21 - - [21/Dec/2024:18:11:39 +0530] "POST /contact.php HTTP/1.0" 200 40557 "https://sqarextechnologies.com/contact.php" "Mozilla/5.0 (Windows NT 10.0.0; Win64; x64; ) AppleWebKit/537.36 (KHTML, like Gecko) Chrome/124.0.6367.63 Chrome/124.0.6367.63 Not-A.Brand/99 Safari/537.36"
185.147.125.22 - - [21/Dec/2024:17:59:44 +0530] "GET /contact.php HTTP/1.0" 200 40299 "https://sqarextechnologies.com/contact.php" "Mozilla/5.0 (Windows NT 10.0; Win64; x64) AppleWebKit/537.36 (KHTML, like Gecko) Chrome/125.0.0.0 Safari/537.36"
185.147.125.22 - - [21/Dec/2024:17:47:48 +0530] "GET / HTTP/1.0" 200 163502 "https://sqarextechnologies.com/" "Mozilla/5.0 (Windows NT 10.0; Win64; x64) AppleWebKit/537.36 (KHTML, like Gecko) Chrome/124.0.0.0 Safari/537.36"
185.147.125.22 - - [21/Dec/2024:17:47:49 +0530] "POST /contact.php HTTP/1.0" 200 40557 "https://sqarextechnologies.com/contact.php" "Mozilla/5.0 (Windows NT 10.0; Win64; x64) AppleWebKit/537.36 (KHTML, like Gecko) Chrome/124.0.0.0 Safari/537.36"
185.147.125.21 - - [21/Dec/2024:18:04:16 +0530] "GET /contact.php HTTP/1.0" 200 40299 "https://sqarextechnologies.com/contact.php" "Mozilla/5.0 (Windows NT 10.0; Win64; x64) AppleWebKit/537.36 (KHTML, like Gecko) Chrome/124.0.0.0 Safari/537.36"
185.147.125.21 - - [21/Dec/2024:18:11:39 +0530] "GET /contact.php HTTP/1.0" 200 40299 "https://sqarextechnologies.com/contact.php" "Mozilla/5.0 (Windows NT 10.0.0; Win64; x64; ) AppleWebKit/537.36 (KHTML, like Gecko) Chrome/124.0.6367.63 Chrome/124.0.6367.63 Not-A.Brand/99 Safari/537.36"
185.147.125.22 - - [21/Dec/2024:18:14:02 +0530] "GET / HTTP/1.0" 200 163502 "https://sqarextechnologies.com/" "Mozilla/5.0 (Windows NT 10.0.0; Win64; x64; ) AppleWebKit/537.36 (KHTML, like Gecko) Chrome/124.0.6367.62 Chrome/124.0.6367.62 Not-A.Brand/99 Safari/537.36"
185.147.125.22 - - [21/Dec/2024:18:14:03 +0530] "POST /contact.php HTTP/1.0" 200 40557 "https://sqarextechnologies.com/contact.php" "Mozilla/5.0 (Windows NT 10.0.0; Win64; x64; ) AppleWebKit/537.36 (KHTML, like Gecko) Chrome/124.0.6367.62 Chrome/124.0.6367.62 Not-A.Brand/99 Safari/537.36"
185.147.125.22 - - [21/Dec/2024:17:47:48 +0530] "GET /contact.php HTTP/1.0" 200 40299 "https://sqarextechnologies.com/contact.php" "Mozilla/5.0 (Windows NT 10.0; Win64; x64) AppleWebKit/537.36 (KHTML, like Gecko) Chrome/124.0.0.0 Safari/537.36"
185.147.125.22 - - [21/Dec/2024:17:59:43 +0530] "GET / HTTP/1.0" 200 163502 "https://sqarextechnologies.com/" "Mozilla/5.0 (Windows NT 10.0; Win64; x64) AppleWebKit/537.36 (KHTML, like Gecko) Chrome/125.0.0.0 Safari/537.36"
185.147.125.22 - - [21/Dec/2024:17:59:44 +0530] "POST /contact.php HTTP/1.0" 200 40557 "https://sqarextechnologies.com/contact.php" "Mozilla/5.0 (Windows NT 10.0; Win64; x64) AppleWebKit/537.36 (KHTML, like Gecko) Chrome/125.0.0.0 Safari/537.36"
185.147.125.21 - - [21/Dec/2024:18:04:16 +0530] "GET / HTTP/1.0" 200 163502 "https://sqarextechnologies.com/" "Mozilla/5.0 (Windows NT 10.0; Win64; x64) AppleWebKit/537.36 (KHTML, like Gecko) Chrome/124.0.0.0 Safari/537.36"
185.147.125.21 - - [21/Dec/2024:18:04:16 +0530] "POST /contact.php HTTP/1.0" 200 40557 "https://sqarextechnologies.com/contact.php" "Mozilla/5.0 (Windows NT 10.0; Win64; x64) AppleWebKit/537.36 (KHTML, like Gecko) Chrome/124.0.0.0 Safari/537.36"
185.147.125.22 - - [21/Dec/2024:18:14:02 +0530] "GET /contact.php HTTP/1.0" 200 40299 "https://sqarextechnologies.com/contact.php" "Mozilla/5.0 (Windows NT 10.0.0; Win64; x64; ) AppleWebKit/537.36 (KHTML, like Gecko) Chrome/124.0.6367.62 Chrome/124.0.6367.62 Not-A.Brand/99 Safari/537.36"
51.222.253.5 - - [21/Dec/2024:18:25:47 +0530] "GET /marketing.php HTTP/2" 200 9851 "-" "Mozilla/5.0 (compatible; AhrefsBot/7.0; +http://ahrefs.com/robot/)"
185.147.125.22 - - [21/Dec/2024:18:56:45 +0530] "GET /contact.php HTTP/1.0" 200 40299 "https://sqarextechnologies.com/contact.php" "Mozilla/5.0 (Windows NT 10.0.0; Win64; x64; ) AppleWebKit/537.36 (KHTML, like Gecko) Chrome/124.0.6367.62 Chrome/124.0.6367.62 Not-A.Brand/99 Safari/537.36"
185.147.125.22 - - [21/Dec/2024:18:56:45 +0530] "POST /contact.php HTTP/1.0" 200 40557 "https://sqarextechnologies.com/contact.php" "Mozilla/5.0 (Windows NT 10.0.0; Win64; x64; ) AppleWebKit/537.36 (KHTML, like Gecko) Chrome/124.0.6367.62 Chrome/124.0.6367.62 Not-A.Brand/99 Safari/537.36"
185.147.125.22 - - [21/Dec/2024:18:57:38 +0530] "GET /contact.php HTTP/1.0" 200 40299 "https://sqarextechnologies.com/contact.php" "Mozilla/5.0 (Windows NT 15.0.0; Win64; x64; ) AppleWebKit/537.36 (KHTML, like Gecko) Chrome/124.0.6367.60 Chrome/124.0.6367.60 Not-A.Brand/99 Safari/537.36"
