209.97.161.98 - - [01/Jan/2025:21:58:35 +0530] "GET /tinyfilemanager.php HTTP/1.1" 301 795 "www.google.com" "Mozilla/5.0 (Linux; Android 7.0; SM-G892A Build/NRD90M; wv) AppleWebKit/537.36 (KHTML, like Gecko) Version/4.0 Chrome/60.0.3112.107 Mobile Safari/537.36"
209.97.161.98 - - [01/Jan/2025:21:58:36 +0530] "GET /filemanager.php HTTP/1.1" 301 795 "www.google.com" "Mozilla/5.0 (Linux; Android 7.0; SM-G892A Build/NRD90M; wv) AppleWebKit/537.36 (KHTML, like Gecko) Version/4.0 Chrome/60.0.3112.107 Mobile Safari/537.36"
140.245.43.123 - - [01/Jan/2025:21:58:37 +0530] "POST /components/alfacgiapi/perl.alfa HTTP/1.1" 301 795 "-" "Mozilla/5.0 (Linux; Android 11; Redmi Note 9 Pro Build/RKQ1.200826.002; wv) AppleWebKit/537.36 (KHTML, like Gecko) Version/4.0 Chrome/90.0.4430.210 Mobile Safari/537.36"
140.245.43.123 - - [01/Jan/2025:21:58:38 +0530] "POST /components/alfacgiapi/bash.alfa HTTP/1.1" 301 795 "-" "Mozilla/5.0 (Linux; Android 11; Redmi Note 9 Pro Build/RKQ1.200826.002; wv) AppleWebKit/537.36 (KHTML, like Gecko) Version/4.0 Chrome/90.0.4430.210 Mobile Safari/537.36"
140.245.43.123 - - [01/Jan/2025:21:58:39 +0530] "POST /components/alfacgiapi/py.alfa HTTP/1.1" 301 795 "-" "Mozilla/5.0 (Linux; Android 11; Redmi Note 9 Pro Build/RKQ1.200826.002; wv) AppleWebKit/537.36 (KHTML, like Gecko) Version/4.0 Chrome/90.0.4430.210 Mobile Safari/537.36"
209.97.161.98 - - [01/Jan/2025:21:58:40 +0530] "GET /manager.php HTTP/1.1" 301 795 "www.google.com" "Mozilla/5.0 (Linux; Android 7.0; SM-G892A Build/NRD90M; wv) AppleWebKit/537.36 (KHTML, like Gecko) Version/4.0 Chrome/60.0.3112.107 Mobile Safari/537.36"
209.97.161.98 - - [01/Jan/2025:21:58:41 +0530] "GET /wp-content.php HTTP/1.1" 301 795 "www.google.com" "Mozilla/5.0 (Linux; Android 7.0; SM-G892A Build/NRD90M; wv) AppleWebKit/537.36 (KHTML, like Gecko) Version/4.0 Chrome/60.0.3112.107 Mobile Safari/537.36"
140.245.43.123 - - [01/Jan/2025:21:58:43 +0530] "POST /upload/ALFA_DATA/alfacgiapi/py.alfa HTTP/1.1" 301 795 "-" "Mozilla/5.0 (Linux; Android 11; Redmi Note 9 Pro Build/RKQ1.200826.002; wv) AppleWebKit/537.36 (KHTML, like Gecko) Version/4.0 Chrome/90.0.4430.210 Mobile Safari/537.36"
140.245.43.123 - - [01/Jan/2025:21:58:44 +0530] "GET /upload/ALFA_DATA/alfacgiapi/index.php?bx=0e215962017 HTTP/1.1" 301 795 "-" "Mozilla/5.0 (Linux; Android 11; Redmi Note 9 Pro Build/RKQ1.200826.002; wv) AppleWebKit/537.36 (KHTML, like Gecko) Version/4.0 Chrome/90.0.4430.210 Mobile Safari/537.36"
140.245.43.123 - - [01/Jan/2025:21:58:45 +0530] "GET /upload/ALFA_DATA/alfacgiapi/radio.php?bx=0e215962017 HTTP/1.1" 301 795 "-" "Mozilla/5.0 (Linux; Android 11; Redmi Note 9 Pro Build/RKQ1.200826.002; wv) AppleWebKit/537.36 (KHTML, like Gecko) Version/4.0 Chrome/90.0.4430.210 Mobile Safari/537.36"
140.245.43.123 - - [01/Jan/2025:21:58:46 +0530] "GET /upload/ALFA_DATA/alfacgiapi/404.php?bx=0e215962017 HTTP/1.1" 301 795 "-" "Mozilla/5.0 (Linux; Android 11; Redmi Note 9 Pro Build/RKQ1.200826.002; wv) AppleWebKit/537.36 (KHTML, like Gecko) Version/4.0 Chrome/90.0.4430.210 Mobile Safari/537.36"
209.97.161.98 - - [01/Jan/2025:21:58:49 +0530] "GET /wp-content/themes/alera/alpha.php HTTP/1.1" 301 795 "www.google.com" "Mozilla/5.0 (Linux; Android 7.0; SM-G892A Build/NRD90M; wv) AppleWebKit/537.36 (KHTML, like Gecko) Version/4.0 Chrome/60.0.3112.107 Mobile Safari/537.36"
209.97.161.98 - - [01/Jan/2025:21:58:51 +0530] "GET /lock360.php HTTP/1.1" 301 795 "www.google.com" "Mozilla/5.0 (Linux; Android 7.0; SM-G892A Build/NRD90M; wv) AppleWebKit/537.36 (KHTML, like Gecko) Version/4.0 Chrome/60.0.3112.107 Mobile Safari/537.36"
209.97.161.98 - - [01/Jan/2025:21:58:52 +0530] "GET /5.php HTTP/1.1" 301 795 "www.google.com" "Mozilla/5.0 (Linux; Android 7.0; SM-G892A Build/NRD90M; wv) AppleWebKit/537.36 (KHTML, like Gecko) Version/4.0 Chrome/60.0.3112.107 Mobile Safari/537.36"
140.245.43.123 - - [01/Jan/2025:21:58:53 +0530] "POST /uploads/alfacgiapi/perl.alfa HTTP/1.1" 301 795 "-" "Mozilla/5.0 (Linux; Android 11; Redmi Note 9 Pro Build/RKQ1.200826.002; wv) AppleWebKit/537.36 (KHTML, like Gecko) Version/4.0 Chrome/90.0.4430.210 Mobile Safari/537.36"
209.97.161.98 - - [01/Jan/2025:21:58:54 +0530] "GET /01.php HTTP/1.1" 301 795 "www.google.com" "Mozilla/5.0 (Linux; Android 7.0; SM-G892A Build/NRD90M; wv) AppleWebKit/537.36 (KHTML, like Gecko) Version/4.0 Chrome/60.0.3112.107 Mobile Safari/537.36"
140.245.43.123 - - [01/Jan/2025:21:58:54 +0530] "POST /uploads/alfacgiapi/perl.alfa HTTP/1.1" 301 795 "-" "Mozilla/5.0 (Linux; Android 11; Redmi Note 9 Pro Build/RKQ1.200826.002; wv) AppleWebKit/537.36 (KHTML, like Gecko) Version/4.0 Chrome/90.0.4430.210 Mobile Safari/537.36"
209.97.161.98 - - [01/Jan/2025:21:58:55 +0530] "GET /.well-known/pki-validation/wp-signup.php HTTP/1.1" 404 1251 "www.google.com" "Mozilla/5.0 (Linux; Android 7.0; SM-G892A Build/NRD90M; wv) AppleWebKit/537.36 (KHTML, like Gecko) Version/4.0 Chrome/60.0.3112.107 Mobile Safari/537.36"
209.97.161.98 - - [01/Jan/2025:21:58:56 +0530] "GET /.well-known/wp-signup.php HTTP/1.1" 301 795 "www.google.com" "Mozilla/5.0 (Linux; Android 7.0; SM-G892A Build/NRD90M; wv) AppleWebKit/537.36 (KHTML, like Gecko) Version/4.0 Chrome/60.0.3112.107 Mobile Safari/537.36"
140.245.43.123 - - [01/Jan/2025:21:58:58 +0530] "POST /components/ALFA_DATA/alfacgiapi/py.alfa HTTP/1.1" 301 795 "-" "Mozilla/5.0 (Linux; Android 11; Redmi Note 9 Pro Build/RKQ1.200826.002; wv) AppleWebKit/537.36 (KHTML, like Gecko) Version/4.0 Chrome/90.0.4430.210 Mobile Safari/537.36"
140.245.43.123 - - [01/Jan/2025:21:58:58 +0530] "POST /components/ALFA_DATA/alfacgiapi/py.alfa HTTP/1.1" 301 795 "-" "Mozilla/5.0 (Linux; Android 11; Redmi Note 9 Pro Build/RKQ1.200826.002; wv) AppleWebKit/537.36 (KHTML, like Gecko) Version/4.0 Chrome/90.0.4430.210 Mobile Safari/537.36"
209.97.161.98 - - [01/Jan/2025:21:58:58 +0530] "GET /jindex.php HTTP/1.1" 301 795 "www.google.com" "Mozilla/5.0 (Linux; Android 7.0; SM-G892A Build/NRD90M; wv) AppleWebKit/537.36 (KHTML, like Gecko) Version/4.0 Chrome/60.0.3112.107 Mobile Safari/537.36"
140.245.43.123 - - [01/Jan/2025:21:58:59 +0530] "GET /components/ALFA_DATA/alfacgiapi/index.php?bx=0e215962017 HTTP/1.1" 301 795 "-" "Mozilla/5.0 (Linux; Android 11; Redmi Note 9 Pro Build/RKQ1.200826.002; wv) AppleWebKit/537.36 (KHTML, like Gecko) Version/4.0 Chrome/90.0.4430.210 Mobile Safari/537.36"
209.97.161.98 - - [01/Jan/2025:21:58:59 +0530] "GET /0o.php HTTP/1.1" 301 795 "www.google.com" "Mozilla/5.0 (Linux; Android 7.0; SM-G892A Build/NRD90M; wv) AppleWebKit/537.36 (KHTML, like Gecko) Version/4.0 Chrome/60.0.3112.107 Mobile Safari/537.36"
140.245.43.123 - - [01/Jan/2025:21:58:42 +0530] "POST /upload/ALFA_DATA/alfacgiapi/py.alfa HTTP/1.1" 301 795 "-" "Mozilla/5.0 (Linux; Android 11; Redmi Note 9 Pro Build/RKQ1.200826.002; wv) AppleWebKit/537.36 (KHTML, like Gecko) Version/4.0 Chrome/90.0.4430.210 Mobile Safari/537.36"
140.245.43.123 - - [01/Jan/2025:21:58:54 +0530] "POST /components/ALFA_DATA/alfacgiapi/perl.alfa HTTP/1.1" 301 795 "-" "Mozilla/5.0 (Linux; Android 11; Redmi Note 9 Pro Build/RKQ1.200826.002; wv) AppleWebKit/537.36 (KHTML, like Gecko) Version/4.0 Chrome/90.0.4430.210 Mobile Safari/537.36"
140.245.43.123 - - [01/Jan/2025:21:58:55 +0530] "POST /components/ALFA_DATA/alfacgiapi/perl.alfa HTTP/1.1" 301 795 "-" "Mozilla/5.0 (Linux; Android 11; Redmi Note 9 Pro Build/RKQ1.200826.002; wv) AppleWebKit/537.36 (KHTML, like Gecko) Version/4.0 Chrome/90.0.4430.210 Mobile Safari/537.36"
140.245.43.123 - - [01/Jan/2025:21:58:56 +0530] "POST /uploads/alfacgiapi/bash.alfa HTTP/1.1" 301 795 "-" "Mozilla/5.0 (Linux; Android 11; Redmi Note 9 Pro Build/RKQ1.200826.002; wv) AppleWebKit/537.36 (KHTML, like Gecko) Version/4.0 Chrome/90.0.4430.210 Mobile Safari/537.36"
140.245.43.123 - - [01/Jan/2025:21:58:57 +0530] "POST /uploads/alfacgiapi/py.alfa HTTP/1.1" 301 795 "-" "Mozilla/5.0 (Linux; Android 11; Redmi Note 9 Pro Build/RKQ1.200826.002; wv) AppleWebKit/537.36 (KHTML, like Gecko) Version/4.0 Chrome/90.0.4430.210 Mobile Safari/537.36"
140.245.43.123 - - [01/Jan/2025:21:58:58 +0530] "GET /uploads/alfacgiapi/index.php?bx=0e215962017 HTTP/1.1" 301 795 "-" "Mozilla/5.0 (Linux; Android 11; Redmi Note 9 Pro Build/RKQ1.200826.002; wv) AppleWebKit/537.36 (KHTML, like Gecko) Version/4.0 Chrome/90.0.4430.210 Mobile Safari/537.36"
140.245.43.123 - - [01/Jan/2025:21:58:59 +0530] "GET /uploads/alfacgiapi/radio.php?bx=0e215962017 HTTP/1.1" 301 795 "-" "Mozilla/5.0 (Linux; Android 11; Redmi Note 9 Pro Build/RKQ1.200826.002; wv) AppleWebKit/537.36 (KHTML, like Gecko) Version/4.0 Chrome/90.0.4430.210 Mobile Safari/537.36"
140.245.43.123 - - [01/Jan/2025:21:59:00 +0530] "GET /uploads/alfacgiapi/404.php?bx=0e215962017 HTTP/1.1" 301 795 "-" "Mozilla/5.0 (Linux; Android 11; Redmi Note 9 Pro Build/RKQ1.200826.002; wv) AppleWebKit/537.36 (KHTML, like Gecko) Version/4.0 Chrome/90.0.4430.210 Mobile Safari/537.36"
140.245.43.123 - - [01/Jan/2025:21:59:04 +0530] "POST /uploads/ALFA_DATA/alfacgiapi/perl.alfa HTTP/1.1" 301 795 "-" "Mozilla/5.0 (Linux; Android 11; Redmi Note 9 Pro Build/RKQ1.200826.002; wv) AppleWebKit/537.36 (KHTML, like Gecko) Version/4.0 Chrome/90.0.4430.210 Mobile Safari/537.36"
140.245.43.123 - - [01/Jan/2025:21:59:04 +0530] "POST /uploads/ALFA_DATA/alfacgiapi/perl.alfa HTTP/1.1" 301 795 "-" "Mozilla/5.0 (Linux; Android 11; Redmi Note 9 Pro Build/RKQ1.200826.002; wv) AppleWebKit/537.36 (KHTML, like Gecko) Version/4.0 Chrome/90.0.4430.210 Mobile Safari/537.36"
140.245.43.123 - - [01/Jan/2025:21:59:07 +0530] "POST /uploads/ALFA_DATA/alfacgiapi/py.alfa HTTP/1.1" 301 795 "-" "Mozilla/5.0 (Linux; Android 11; Redmi Note 9 Pro Build/RKQ1.200826.002; wv) AppleWebKit/537.36 (KHTML, like Gecko) Version/4.0 Chrome/90.0.4430.210 Mobile Safari/537.36"
140.245.43.123 - - [01/Jan/2025:21:59:09 +0530] "GET /uploads/ALFA_DATA/alfacgiapi/index.php?bx=0e215962017 HTTP/1.1" 301 795 "-" "Mozilla/5.0 (Linux; Android 11; Redmi Note 9 Pro Build/RKQ1.200826.002; wv) AppleWebKit/537.36 (KHTML, like Gecko) Version/4.0 Chrome/90.0.4430.210 Mobile Safari/537.36"
140.245.43.123 - - [01/Jan/2025:21:59:09 +0530] "POST /wordpress/alfacgiapi/perl.alfa HTTP/1.1" 301 795 "-" "Mozilla/5.0 (Linux; Android 11; Redmi Note 9 Pro Build/RKQ1.200826.002; wv) AppleWebKit/537.36 (KHTML, like Gecko) Version/4.0 Chrome/90.0.4430.210 Mobile Safari/537.36"
140.245.43.123 - - [01/Jan/2025:21:59:09 +0530] "GET /uploads/ALFA_DATA/alfacgiapi/radio.php?bx=0e215962017 HTTP/1.1" 301 795 "-" "Mozilla/5.0 (Linux; Android 11; Redmi Note 9 Pro Build/RKQ1.200826.002; wv) AppleWebKit/537.36 (KHTML, like Gecko) Version/4.0 Chrome/90.0.4430.210 Mobile Safari/537.36"
140.245.43.123 - - [01/Jan/2025:21:57:56 +0530] "GET /assets/ALFA_DATA/alfacgiapi/index.php?bx=0e215962017 HTTP/1.1" 301 795 "-" "Mozilla/5.0 (Linux; Android 11; Redmi Note 9 Pro Build/RKQ1.200826.002; wv) AppleWebKit/537.36 (KHTML, like Gecko) Version/4.0 Chrome/90.0.4430.210 Mobile Safari/537.36"
140.245.43.123 - - [01/Jan/2025:21:57:57 +0530] "GET /assets/ALFA_DATA/alfacgiapi/radio.php?bx=0e215962017 HTTP/1.1" 301 795 "-" "Mozilla/5.0 (Linux; Android 11; Redmi Note 9 Pro Build/RKQ1.200826.002; wv) AppleWebKit/537.36 (KHTML, like Gecko) Version/4.0 Chrome/90.0.4430.210 Mobile Safari/537.36"
140.245.43.123 - - [01/Jan/2025:21:57:57 +0530] "GET /assets/ALFA_DATA/alfacgiapi/404.php?bx=0e215962017 HTTP/1.1" 301 795 "-" "Mozilla/5.0 (Linux; Android 11; Redmi Note 9 Pro Build/RKQ1.200826.002; wv) AppleWebKit/537.36 (KHTML, like Gecko) Version/4.0 Chrome/90.0.4430.210 Mobile Safari/537.36"
140.245.43.123 - - [01/Jan/2025:21:58:07 +0530] "POST /images/alfacgiapi/py.alfa HTTP/1.1" 301 795 "-" "Mozilla/5.0 (Linux; Android 11; Redmi Note 9 Pro Build/RKQ1.200826.002; wv) AppleWebKit/537.36 (KHTML, like Gecko) Version/4.0 Chrome/90.0.4430.210 Mobile Safari/537.36"
140.245.43.123 - - [01/Jan/2025:21:58:08 +0530] "POST /images/alfacgiapi/py.alfa HTTP/1.1" 301 795 "-" "Mozilla/5.0 (Linux; Android 11; Redmi Note 9 Pro Build/RKQ1.200826.002; wv) AppleWebKit/537.36 (KHTML, like Gecko) Version/4.0 Chrome/90.0.4430.210 Mobile Safari/537.36"
140.245.43.123 - - [01/Jan/2025:21:58:17 +0530] "POST /images/ALFA_DATA/alfacgiapi/bash.alfa HTTP/1.1" 301 795 "-" "Mozilla/5.0 (Linux; Android 11; Redmi Note 9 Pro Build/RKQ1.200826.002; wv) AppleWebKit/537.36 (KHTML, like Gecko) Version/4.0 Chrome/90.0.4430.210 Mobile Safari/537.36"
140.245.43.123 - - [01/Jan/2025:21:58:41 +0530] "GET /components/alfacgiapi/index.php?bx=0e215962017 HTTP/1.1" 301 795 "-" "Mozilla/5.0 (Linux; Android 11; Redmi Note 9 Pro Build/RKQ1.200826.002; wv) AppleWebKit/537.36 (KHTML, like Gecko) Version/4.0 Chrome/90.0.4430.210 Mobile Safari/537.36"
140.245.43.123 - - [01/Jan/2025:21:58:41 +0530] "POST /upload/ALFA_DATA/alfacgiapi/bash.alfa HTTP/1.1" 301 795 "-" "Mozilla/5.0 (Linux; Android 11; Redmi Note 9 Pro Build/RKQ1.200826.002; wv) AppleWebKit/537.36 (KHTML, like Gecko) Version/4.0 Chrome/90.0.4430.210 Mobile Safari/537.36"
140.245.43.123 - - [01/Jan/2025:21:58:42 +0530] "GET /components/alfacgiapi/radio.php?bx=0e215962017 HTTP/1.1" 301 795 "-" "Mozilla/5.0 (Linux; Android 11; Redmi Note 9 Pro Build/RKQ1.200826.002; wv) AppleWebKit/537.36 (KHTML, like Gecko) Version/4.0 Chrome/90.0.4430.210 Mobile Safari/537.36"
140.245.43.123 - - [01/Jan/2025:21:58:42 +0530] "GET /components/alfacgiapi/404.php?bx=0e215962017 HTTP/1.1" 301 795 "-" "Mozilla/5.0 (Linux; Android 11; Redmi Note 9 Pro Build/RKQ1.200826.002; wv) AppleWebKit/537.36 (KHTML, like Gecko) Version/4.0 Chrome/90.0.4430.210 Mobile Safari/537.36"
140.245.43.123 - - [01/Jan/2025:21:58:58 +0530] "POST /uploads/alfacgiapi/py.alfa HTTP/1.1" 301 795 "-" "Mozilla/5.0 (Linux; Android 11; Redmi Note 9 Pro Build/RKQ1.200826.002; wv) AppleWebKit/537.36 (KHTML, like Gecko) Version/4.0 Chrome/90.0.4430.210 Mobile Safari/537.36"
140.245.43.123 - - [01/Jan/2025:21:59:06 +0530] "POST /uploads/ALFA_DATA/alfacgiapi/bash.alfa HTTP/1.1" 301 795 "-" "Mozilla/5.0 (Linux; Android 11; Redmi Note 9 Pro Build/RKQ1.200826.002; wv) AppleWebKit/537.36 (KHTML, like Gecko) Version/4.0 Chrome/90.0.4430.210 Mobile Safari/537.36"
140.245.43.123 - - [01/Jan/2025:21:59:08 +0530] "POST /uploads/ALFA_DATA/alfacgiapi/py.alfa HTTP/1.1" 301 795 "-" "Mozilla/5.0 (Linux; Android 11; Redmi Note 9 Pro Build/RKQ1.200826.002; wv) AppleWebKit/537.36 (KHTML, like Gecko) Version/4.0 Chrome/90.0.4430.210 Mobile Safari/537.36"
140.245.43.123 - - [01/Jan/2025:21:59:11 +0530] "POST /wordpress/alfacgiapi/bash.alfa HTTP/1.1" 301 795 "-" "Mozilla/5.0 (Linux; Android 11; Redmi Note 9 Pro Build/RKQ1.200826.002; wv) AppleWebKit/537.36 (KHTML, like Gecko) Version/4.0 Chrome/90.0.4430.210 Mobile Safari/537.36"
140.245.43.123 - - [01/Jan/2025:21:58:59 +0530] "GET /components/ALFA_DATA/alfacgiapi/radio.php?bx=0e215962017 HTTP/1.1" 301 795 "-" "Mozilla/5.0 (Linux; Android 11; Redmi Note 9 Pro Build/RKQ1.200826.002; wv) AppleWebKit/537.36 (KHTML, like Gecko) Version/4.0 Chrome/90.0.4430.210 Mobile Safari/537.36"
140.245.43.123 - - [01/Jan/2025:21:59:00 +0530] "GET /components/ALFA_DATA/alfacgiapi/404.php?bx=0e215962017 HTTP/1.1" 301 795 "-" "Mozilla/5.0 (Linux; Android 11; Redmi Note 9 Pro Build/RKQ1.200826.002; wv) AppleWebKit/537.36 (KHTML, like Gecko) Version/4.0 Chrome/90.0.4430.210 Mobile Safari/537.36"
209.97.161.98 - - [01/Jan/2025:21:59:04 +0530] "GET /room.php HTTP/1.1" 301 795 "www.google.com" "Mozilla/5.0 (Linux; Android 7.0; SM-G892A Build/NRD90M; wv) AppleWebKit/537.36 (KHTML, like Gecko) Version/4.0 Chrome/60.0.3112.107 Mobile Safari/537.36"
209.97.161.98 - - [01/Jan/2025:21:59:05 +0530] "GET /adriv.php HTTP/1.1" 301 795 "www.google.com" "Mozilla/5.0 (Linux; Android 7.0; SM-G892A Build/NRD90M; wv) AppleWebKit/537.36 (KHTML, like Gecko) Version/4.0 Chrome/60.0.3112.107 Mobile Safari/537.36"
140.245.43.123 - - [01/Jan/2025:21:59:08 +0530] "POST /wordpress/alfacgiapi/perl.alfa HTTP/1.1" 301 795 "-" "Mozilla/5.0 (Linux; Android 11; Redmi Note 9 Pro Build/RKQ1.200826.002; wv) AppleWebKit/537.36 (KHTML, like Gecko) Version/4.0 Chrome/90.0.4430.210 Mobile Safari/537.36"
209.97.161.98 - - [01/Jan/2025:21:59:08 +0530] "GET /gecko.php HTTP/1.1" 301 795 "www.google.com" "Mozilla/5.0 (Linux; Android 7.0; SM-G892A Build/NRD90M; wv) AppleWebKit/537.36 (KHTML, like Gecko) Version/4.0 Chrome/60.0.3112.107 Mobile Safari/537.36"
209.97.161.98 - - [01/Jan/2025:21:59:09 +0530] "GET /tonant.php HTTP/1.1" 301 795 "www.google.com" "Mozilla/5.0 (Linux; Android 7.0; SM-G892A Build/NRD90M; wv) AppleWebKit/537.36 (KHTML, like Gecko) Version/4.0 Chrome/60.0.3112.107 Mobile Safari/537.36"
140.245.43.123 - - [01/Jan/2025:21:59:10 +0530] "POST /wordpress/alfacgiapi/bash.alfa HTTP/1.1" 301 795 "-" "Mozilla/5.0 (Linux; Android 11; Redmi Note 9 Pro Build/RKQ1.200826.002; wv) AppleWebKit/537.36 (KHTML, like Gecko) Version/4.0 Chrome/90.0.4430.210 Mobile Safari/537.36"
209.97.161.98 - - [01/Jan/2025:21:59:13 +0530] "GET /includes.php HTTP/1.1" 301 795 "www.google.com" "Mozilla/5.0 (Linux; Android 7.0; SM-G892A Build/NRD90M; wv) AppleWebKit/537.36 (KHTML, like Gecko) Version/4.0 Chrome/60.0.3112.107 Mobile Safari/537.36"
209.97.161.98 - - [01/Jan/2025:21:59:19 +0530] "GET /b.php HTTP/1.1" 301 795 "www.google.com" "Mozilla/5.0 (Linux; Android 7.0; SM-G892A Build/NRD90M; wv) AppleWebKit/537.36 (KHTML, like Gecko) Version/4.0 Chrome/60.0.3112.107 Mobile Safari/537.36"
209.97.161.98 - - [01/Jan/2025:21:59:21 +0530] "GET /xleet-shell.php HTTP/1.1" 301 795 "www.google.com" "Mozilla/5.0 (Linux; Android 7.0; SM-G892A Build/NRD90M; wv) AppleWebKit/537.36 (KHTML, like Gecko) Version/4.0 Chrome/60.0.3112.107 Mobile Safari/537.36"
209.97.161.98 - - [01/Jan/2025:21:59:22 +0530] "GET /cong.php HTTP/1.1" 301 795 "www.google.com" "Mozilla/5.0 (Linux; Android 7.0; SM-G892A Build/NRD90M; wv) AppleWebKit/537.36 (KHTML, like Gecko) Version/4.0 Chrome/60.0.3112.107 Mobile Safari/537.36"
140.245.43.123 - - [01/Jan/2025:21:59:23 +0530] "POST /wordpress/ALFA_DATA/alfacgiapi/py.alfa HTTP/1.1" 301 795 "-" "Mozilla/5.0 (Linux; Android 11; Redmi Note 9 Pro Build/RKQ1.200826.002; wv) AppleWebKit/537.36 (KHTML, like Gecko) Version/4.0 Chrome/90.0.4430.210 Mobile Safari/537.36"
209.97.161.98 - - [01/Jan/2025:21:59:23 +0530] "GET /config.php HTTP/1.1" 301 795 "www.google.com" "Mozilla/5.0 (Linux; Android 7.0; SM-G892A Build/NRD90M; wv) AppleWebKit/537.36 (KHTML, like Gecko) Version/4.0 Chrome/60.0.3112.107 Mobile Safari/537.36"
209.97.161.98 - - [01/Jan/2025:21:59:27 +0530] "GET /wp-key.php HTTP/1.1" 301 795 "www.google.com" "Mozilla/5.0 (Linux; Android 7.0; SM-G892A Build/NRD90M; wv) AppleWebKit/537.36 (KHTML, like Gecko) Version/4.0 Chrome/60.0.3112.107 Mobile Safari/537.36"
140.245.43.123 - - [01/Jan/2025:21:58:21 +0530] "GET /images/ALFA_DATA/alfacgiapi/index.php?bx=0e215962017 HTTP/1.1" 301 795 "-" "Mozilla/5.0 (Linux; Android 11; Redmi Note 9 Pro Build/RKQ1.200826.002; wv) AppleWebKit/537.36 (KHTML, like Gecko) Version/4.0 Chrome/90.0.4430.210 Mobile Safari/537.36"
140.245.43.123 - - [01/Jan/2025:21:58:21 +0530] "GET /images/ALFA_DATA/alfacgiapi/radio.php?bx=0e215962017 HTTP/1.1" 301 795 "-" "Mozilla/5.0 (Linux; Android 11; Redmi Note 9 Pro Build/RKQ1.200826.002; wv) AppleWebKit/537.36 (KHTML, like Gecko) Version/4.0 Chrome/90.0.4430.210 Mobile Safari/537.36"
140.245.43.123 - - [01/Jan/2025:21:58:21 +0530] "POST /upload/alfacgiapi/py.alfa HTTP/1.1" 301 795 "-" "Mozilla/5.0 (Linux; Android 11; Redmi Note 9 Pro Build/RKQ1.200826.002; wv) AppleWebKit/537.36 (KHTML, like Gecko) Version/4.0 Chrome/90.0.4430.210 Mobile Safari/537.36"
140.245.43.123 - - [01/Jan/2025:21:58:22 +0530] "GET /images/ALFA_DATA/alfacgiapi/404.php?bx=0e215962017 HTTP/1.1" 301 795 "-" "Mozilla/5.0 (Linux; Android 11; Redmi Note 9 Pro Build/RKQ1.200826.002; wv) AppleWebKit/537.36 (KHTML, like Gecko) Version/4.0 Chrome/90.0.4430.210 Mobile Safari/537.36"
140.245.43.123 - - [01/Jan/2025:21:58:38 +0530] "POST /components/alfacgiapi/bash.alfa HTTP/1.1" 301 795 "-" "Mozilla/5.0 (Linux; Android 11; Redmi Note 9 Pro Build/RKQ1.200826.002; wv) AppleWebKit/537.36 (KHTML, like Gecko) Version/4.0 Chrome/90.0.4430.210 Mobile Safari/537.36"
140.245.43.123 - - [01/Jan/2025:21:58:55 +0530] "POST /uploads/alfacgiapi/bash.alfa HTTP/1.1" 301 795 "-" "Mozilla/5.0 (Linux; Android 11; Redmi Note 9 Pro Build/RKQ1.200826.002; wv) AppleWebKit/537.36 (KHTML, like Gecko) Version/4.0 Chrome/90.0.4430.210 Mobile Safari/537.36"
140.245.43.123 - - [01/Jan/2025:21:58:56 +0530] "POST /components/ALFA_DATA/alfacgiapi/bash.alfa HTTP/1.1" 301 795 "-" "Mozilla/5.0 (Linux; Android 11; Redmi Note 9 Pro Build/RKQ1.200826.002; wv) AppleWebKit/537.36 (KHTML, like Gecko) Version/4.0 Chrome/90.0.4430.210 Mobile Safari/537.36"
140.245.43.123 - - [01/Jan/2025:21:58:57 +0530] "POST /components/ALFA_DATA/alfacgiapi/bash.alfa HTTP/1.1" 301 795 "-" "Mozilla/5.0 (Linux; Android 11; Redmi Note 9 Pro Build/RKQ1.200826.002; wv) AppleWebKit/537.36 (KHTML, like Gecko) Version/4.0 Chrome/90.0.4430.210 Mobile Safari/537.36"
140.245.43.123 - - [01/Jan/2025:21:59:05 +0530] "POST /uploads/ALFA_DATA/alfacgiapi/bash.alfa HTTP/1.1" 301 795 "-" "Mozilla/5.0 (Linux; Android 11; Redmi Note 9 Pro Build/RKQ1.200826.002; wv) AppleWebKit/537.36 (KHTML, like Gecko) Version/4.0 Chrome/90.0.4430.210 Mobile Safari/537.36"
140.245.43.123 - - [01/Jan/2025:21:59:19 +0530] "POST /wordpress/ALFA_DATA/alfacgiapi/perl.alfa HTTP/1.1" 301 795 "-" "Mozilla/5.0 (Linux; Android 11; Redmi Note 9 Pro Build/RKQ1.200826.002; wv) AppleWebKit/537.36 (KHTML, like Gecko) Version/4.0 Chrome/90.0.4430.210 Mobile Safari/537.36"
140.245.43.123 - - [01/Jan/2025:21:59:21 +0530] "POST /wordpress/ALFA_DATA/alfacgiapi/bash.alfa HTTP/1.1" 301 795 "-" "Mozilla/5.0 (Linux; Android 11; Redmi Note 9 Pro Build/RKQ1.200826.002; wv) AppleWebKit/537.36 (KHTML, like Gecko) Version/4.0 Chrome/90.0.4430.210 Mobile Safari/537.36"
140.245.43.123 - - [01/Jan/2025:21:59:30 +0530] "POST /assets/upload/alfacgiapi/perl.alfa HTTP/1.1" 301 795 "-" "Mozilla/5.0 (Linux; Android 11; Redmi Note 9 Pro Build/RKQ1.200826.002; wv) AppleWebKit/537.36 (KHTML, like Gecko) Version/4.0 Chrome/90.0.4430.210 Mobile Safari/537.36"
140.245.43.123 - - [01/Jan/2025:21:59:31 +0530] "POST /wp/alfacgiapi/py.alfa HTTP/1.1" 301 795 "-" "Mozilla/5.0 (Linux; Android 11; Redmi Note 9 Pro Build/RKQ1.200826.002; wv) AppleWebKit/537.36 (KHTML, like Gecko) Version/4.0 Chrome/90.0.4430.210 Mobile Safari/537.36"
140.245.43.123 - - [01/Jan/2025:21:59:33 +0530] "POST /assets/upload/alfacgiapi/bash.alfa HTTP/1.1" 301 795 "-" "Mozilla/5.0 (Linux; Android 11; Redmi Note 9 Pro Build/RKQ1.200826.002; wv) AppleWebKit/537.36 (KHTML, like Gecko) Version/4.0 Chrome/90.0.4430.210 Mobile Safari/537.36"
140.245.43.123 - - [01/Jan/2025:21:59:11 +0530] "POST /wordpress/alfacgiapi/py.alfa HTTP/1.1" 301 795 "-" "Mozilla/5.0 (Linux; Android 11; Redmi Note 9 Pro Build/RKQ1.200826.002; wv) AppleWebKit/537.36 (KHTML, like Gecko) Version/4.0 Chrome/90.0.4430.210 Mobile Safari/537.36"
140.245.43.123 - - [01/Jan/2025:21:59:20 +0530] "POST /wordpress/ALFA_DATA/alfacgiapi/bash.alfa HTTP/1.1" 301 795 "-" "Mozilla/5.0 (Linux; Android 11; Redmi Note 9 Pro Build/RKQ1.200826.002; wv) AppleWebKit/537.36 (KHTML, like Gecko) Version/4.0 Chrome/90.0.4430.210 Mobile Safari/537.36"
140.245.43.123 - - [01/Jan/2025:21:59:22 +0530] "POST /wordpress/ALFA_DATA/alfacgiapi/py.alfa HTTP/1.1" 301 795 "-" "Mozilla/5.0 (Linux; Android 11; Redmi Note 9 Pro Build/RKQ1.200826.002; wv) AppleWebKit/537.36 (KHTML, like Gecko) Version/4.0 Chrome/90.0.4430.210 Mobile Safari/537.36"
140.245.43.123 - - [01/Jan/2025:21:59:23 +0530] "GET /wordpress/ALFA_DATA/alfacgiapi/index.php?bx=0e215962017 HTTP/1.1" 301 795 "-" "Mozilla/5.0 (Linux; Android 11; Redmi Note 9 Pro Build/RKQ1.200826.002; wv) AppleWebKit/537.36 (KHTML, like Gecko) Version/4.0 Chrome/90.0.4430.210 Mobile Safari/537.36"
140.245.43.123 - - [01/Jan/2025:21:59:24 +0530] "GET /wordpress/ALFA_DATA/alfacgiapi/radio.php?bx=0e215962017 HTTP/1.1" 301 795 "-" "Mozilla/5.0 (Linux; Android 11; Redmi Note 9 Pro Build/RKQ1.200826.002; wv) AppleWebKit/537.36 (KHTML, like Gecko) Version/4.0 Chrome/90.0.4430.210 Mobile Safari/537.36"
140.245.43.123 - - [01/Jan/2025:21:59:25 +0530] "GET /wordpress/ALFA_DATA/alfacgiapi/404.php?bx=0e215962017 HTTP/1.1" 301 795 "-" "Mozilla/5.0 (Linux; Android 11; Redmi Note 9 Pro Build/RKQ1.200826.002; wv) AppleWebKit/537.36 (KHTML, like Gecko) Version/4.0 Chrome/90.0.4430.210 Mobile Safari/537.36"
140.245.43.123 - - [01/Jan/2025:21:59:27 +0530] "POST /wp/alfacgiapi/perl.alfa HTTP/1.1" 301 795 "-" "Mozilla/5.0 (Linux; Android 11; Redmi Note 9 Pro Build/RKQ1.200826.002; wv) AppleWebKit/537.36 (KHTML, like Gecko) Version/4.0 Chrome/90.0.4430.210 Mobile Safari/537.36"
140.245.43.123 - - [01/Jan/2025:21:59:32 +0530] "POST /assets/upload/alfacgiapi/bash.alfa HTTP/1.1" 301 795 "-" "Mozilla/5.0 (Linux; Android 11; Redmi Note 9 Pro Build/RKQ1.200826.002; wv) AppleWebKit/537.36 (KHTML, like Gecko) Version/4.0 Chrome/90.0.4430.210 Mobile Safari/537.36"
140.245.43.123 - - [01/Jan/2025:21:59:32 +0530] "GET /wp/alfacgiapi/index.php?bx=0e215962017 HTTP/1.1" 301 795 "-" "Mozilla/5.0 (Linux; Android 11; Redmi Note 9 Pro Build/RKQ1.200826.002; wv) AppleWebKit/537.36 (KHTML, like Gecko) Version/4.0 Chrome/90.0.4430.210 Mobile Safari/537.36"
140.245.43.123 - - [01/Jan/2025:21:59:33 +0530] "GET /wp/alfacgiapi/radio.php?bx=0e215962017 HTTP/1.1" 301 795 "-" "Mozilla/5.0 (Linux; Android 11; Redmi Note 9 Pro Build/RKQ1.200826.002; wv) AppleWebKit/537.36 (KHTML, like Gecko) Version/4.0 Chrome/90.0.4430.210 Mobile Safari/537.36"
140.245.43.123 - - [01/Jan/2025:21:59:34 +0530] "GET /wp/alfacgiapi/404.php?bx=0e215962017 HTTP/1.1" 301 795 "-" "Mozilla/5.0 (Linux; Android 11; Redmi Note 9 Pro Build/RKQ1.200826.002; wv) AppleWebKit/537.36 (KHTML, like Gecko) Version/4.0 Chrome/90.0.4430.210 Mobile Safari/537.36"
140.245.43.123 - - [01/Jan/2025:21:59:35 +0530] "GET /assets/upload/alfacgiapi/index.php?bx=0e215962017 HTTP/1.1" 301 795 "-" "Mozilla/5.0 (Linux; Android 11; Redmi Note 9 Pro Build/RKQ1.200826.002; wv) AppleWebKit/537.36 (KHTML, like Gecko) Version/4.0 Chrome/90.0.4430.210 Mobile Safari/537.36"
140.245.43.123 - - [01/Jan/2025:21:59:36 +0530] "GET /assets/upload/alfacgiapi/radio.php?bx=0e215962017 HTTP/1.1" 301 795 "-" "Mozilla/5.0 (Linux; Android 11; Redmi Note 9 Pro Build/RKQ1.200826.002; wv) AppleWebKit/537.36 (KHTML, like Gecko) Version/4.0 Chrome/90.0.4430.210 Mobile Safari/537.36"
140.245.43.123 - - [01/Jan/2025:21:59:37 +0530] "GET /assets/upload/alfacgiapi/404.php?bx=0e215962017 HTTP/1.1" 301 795 "-" "Mozilla/5.0 (Linux; Android 11; Redmi Note 9 Pro Build/RKQ1.200826.002; wv) AppleWebKit/537.36 (KHTML, like Gecko) Version/4.0 Chrome/90.0.4430.210 Mobile Safari/537.36"
140.245.43.123 - - [01/Jan/2025:21:59:10 +0530] "GET /uploads/ALFA_DATA/alfacgiapi/404.php?bx=0e215962017 HTTP/1.1" 301 795 "-" "Mozilla/5.0 (Linux; Android 11; Redmi Note 9 Pro Build/RKQ1.200826.002; wv) AppleWebKit/537.36 (KHTML, like Gecko) Version/4.0 Chrome/90.0.4430.210 Mobile Safari/537.36"
140.245.43.123 - - [01/Jan/2025:21:59:12 +0530] "POST /wordpress/alfacgiapi/py.alfa HTTP/1.1" 301 795 "-" "Mozilla/5.0 (Linux; Android 11; Redmi Note 9 Pro Build/RKQ1.200826.002; wv) AppleWebKit/537.36 (KHTML, like Gecko) Version/4.0 Chrome/90.0.4430.210 Mobile Safari/537.36"
140.245.43.123 - - [01/Jan/2025:21:59:13 +0530] "GET /wordpress/alfacgiapi/index.php?bx=0e215962017 HTTP/1.1" 301 795 "-" "Mozilla/5.0 (Linux; Android 11; Redmi Note 9 Pro Build/RKQ1.200826.002; wv) AppleWebKit/537.36 (KHTML, like Gecko) Version/4.0 Chrome/90.0.4430.210 Mobile Safari/537.36"
140.245.43.123 - - [01/Jan/2025:21:59:13 +0530] "GET /wordpress/alfacgiapi/radio.php?bx=0e215962017 HTTP/1.1" 301 795 "-" "Mozilla/5.0 (Linux; Android 11; Redmi Note 9 Pro Build/RKQ1.200826.002; wv) AppleWebKit/537.36 (KHTML, like Gecko) Version/4.0 Chrome/90.0.4430.210 Mobile Safari/537.36"
140.245.43.123 - - [01/Jan/2025:21:59:14 +0530] "GET /wordpress/alfacgiapi/404.php?bx=0e215962017 HTTP/1.1" 301 795 "-" "Mozilla/5.0 (Linux; Android 11; Redmi Note 9 Pro Build/RKQ1.200826.002; wv) AppleWebKit/537.36 (KHTML, like Gecko) Version/4.0 Chrome/90.0.4430.210 Mobile Safari/537.36"
140.245.43.123 - - [01/Jan/2025:21:59:18 +0530] "POST /wordpress/ALFA_DATA/alfacgiapi/perl.alfa HTTP/1.1" 301 795 "-" "Mozilla/5.0 (Linux; Android 11; Redmi Note 9 Pro Build/RKQ1.200826.002; wv) AppleWebKit/537.36 (KHTML, like Gecko) Version/4.0 Chrome/90.0.4430.210 Mobile Safari/537.36"
140.245.43.123 - - [01/Jan/2025:21:59:28 +0530] "POST /wp/alfacgiapi/perl.alfa HTTP/1.1" 301 795 "-" "Mozilla/5.0 (Linux; Android 11; Redmi Note 9 Pro Build/RKQ1.200826.002; wv) AppleWebKit/537.36 (KHTML, like Gecko) Version/4.0 Chrome/90.0.4430.210 Mobile Safari/537.36"
140.245.43.123 - - [01/Jan/2025:21:59:29 +0530] "POST /wp/alfacgiapi/bash.alfa HTTP/1.1" 301 795 "-" "Mozilla/5.0 (Linux; Android 11; Redmi Note 9 Pro Build/RKQ1.200826.002; wv) AppleWebKit/537.36 (KHTML, like Gecko) Version/4.0 Chrome/90.0.4430.210 Mobile Safari/537.36"
140.245.43.123 - - [01/Jan/2025:21:59:31 +0530] "POST /assets/upload/alfacgiapi/perl.alfa HTTP/1.1" 301 795 "-" "Mozilla/5.0 (Linux; Android 11; Redmi Note 9 Pro Build/RKQ1.200826.002; wv) AppleWebKit/537.36 (KHTML, like Gecko) Version/4.0 Chrome/90.0.4430.210 Mobile Safari/537.36"
140.245.43.123 - - [01/Jan/2025:21:59:32 +0530] "POST /wp/alfacgiapi/py.alfa HTTP/1.1" 301 795 "-" "Mozilla/5.0 (Linux; Android 11; Redmi Note 9 Pro Build/RKQ1.200826.002; wv) AppleWebKit/537.36 (KHTML, like Gecko) Version/4.0 Chrome/90.0.4430.210 Mobile Safari/537.36"
140.245.43.123 - - [01/Jan/2025:21:59:44 +0530] "POST /wp/ALFA_DATA/alfacgiapi/perl.alfa HTTP/1.1" 301 795 "-" "Mozilla/5.0 (Linux; Android 11; Redmi Note 9 Pro Build/RKQ1.200826.002; wv) AppleWebKit/537.36 (KHTML, like Gecko) Version/4.0 Chrome/90.0.4430.210 Mobile Safari/537.36"
140.245.43.123 - - [01/Jan/2025:21:59:45 +0530] "POST /wp/ALFA_DATA/alfacgiapi/bash.alfa HTTP/1.1" 301 795 "-" "Mozilla/5.0 (Linux; Android 11; Redmi Note 9 Pro Build/RKQ1.200826.002; wv) AppleWebKit/537.36 (KHTML, like Gecko) Version/4.0 Chrome/90.0.4430.210 Mobile Safari/537.36"
140.245.43.123 - - [01/Jan/2025:21:59:46 +0530] "POST /wp/ALFA_DATA/alfacgiapi/bash.alfa HTTP/1.1" 301 795 "-" "Mozilla/5.0 (Linux; Android 11; Redmi Note 9 Pro Build/RKQ1.200826.002; wv) AppleWebKit/537.36 (KHTML, like Gecko) Version/4.0 Chrome/90.0.4430.210 Mobile Safari/537.36"
140.245.43.123 - - [01/Jan/2025:21:59:47 +0530] "POST /wp/ALFA_DATA/alfacgiapi/py.alfa HTTP/1.1" 301 795 "-" "Mozilla/5.0 (Linux; Android 11; Redmi Note 9 Pro Build/RKQ1.200826.002; wv) AppleWebKit/537.36 (KHTML, like Gecko) Version/4.0 Chrome/90.0.4430.210 Mobile Safari/537.36"
140.245.43.123 - - [01/Jan/2025:21:59:30 +0530] "POST /wp/alfacgiapi/bash.alfa HTTP/1.1" 301 795 "-" "Mozilla/5.0 (Linux; Android 11; Redmi Note 9 Pro Build/RKQ1.200826.002; wv) AppleWebKit/537.36 (KHTML, like Gecko) Version/4.0 Chrome/90.0.4430.210 Mobile Safari/537.36"
209.97.161.98 - - [01/Jan/2025:21:59:30 +0530] "GET /flame.php HTTP/1.1" 301 795 "www.google.com" "Mozilla/5.0 (Linux; Android 7.0; SM-G892A Build/NRD90M; wv) AppleWebKit/537.36 (KHTML, like Gecko) Version/4.0 Chrome/60.0.3112.107 Mobile Safari/537.36"
209.97.161.98 - - [01/Jan/2025:21:59:32 +0530] "GET /wp-content/flame.php HTTP/1.1" 301 795 "www.google.com" "Mozilla/5.0 (Linux; Android 7.0; SM-G892A Build/NRD90M; wv) AppleWebKit/537.36 (KHTML, like Gecko) Version/4.0 Chrome/60.0.3112.107 Mobile Safari/537.36"
209.97.161.98 - - [01/Jan/2025:21:59:33 +0530] "GET /lx.php HTTP/1.1" 301 795 "www.google.com" "Mozilla/5.0 (Linux; Android 7.0; SM-G892A Build/NRD90M; wv) AppleWebKit/537.36 (KHTML, like Gecko) Version/4.0 Chrome/60.0.3112.107 Mobile Safari/537.36"
209.97.161.98 - - [01/Jan/2025:21:59:36 +0530] "GET /wp-help.php HTTP/1.1" 301 795 "www.google.com" "Mozilla/5.0 (Linux; Android 7.0; SM-G892A Build/NRD90M; wv) AppleWebKit/537.36 (KHTML, like Gecko) Version/4.0 Chrome/60.0.3112.107 Mobile Safari/537.36"
209.97.161.98 - - [01/Jan/2025:21:59:38 +0530] "GET /un2.php?f=f HTTP/1.1" 301 795 "www.google.com" "Mozilla/5.0 (Linux; Android 7.0; SM-G892A Build/NRD90M; wv) AppleWebKit/537.36 (KHTML, like Gecko) Version/4.0 Chrome/60.0.3112.107 Mobile Safari/537.36"
209.97.161.98 - - [01/Jan/2025:21:59:40 +0530] "GET /wp-posts.php HTTP/1.1" 301 795 "www.google.com" "Mozilla/5.0 (Linux; Android 7.0; SM-G892A Build/NRD90M; wv) AppleWebKit/537.36 (KHTML, like Gecko) Version/4.0 Chrome/60.0.3112.107 Mobile Safari/537.36"
209.97.161.98 - - [01/Jan/2025:21:59:41 +0530] "GET /xl.php HTTP/1.1" 301 795 "www.google.com" "Mozilla/5.0 (Linux; Android 7.0; SM-G892A Build/NRD90M; wv) AppleWebKit/537.36 (KHTML, like Gecko) Version/4.0 Chrome/60.0.3112.107 Mobile Safari/537.36"
209.97.161.98 - - [01/Jan/2025:21:59:44 +0530] "GET /ww.php HTTP/1.1" 301 795 "www.google.com" "Mozilla/5.0 (Linux; Android 7.0; SM-G892A Build/NRD90M; wv) AppleWebKit/537.36 (KHTML, like Gecko) Version/4.0 Chrome/60.0.3112.107 Mobile Safari/537.36"
209.97.161.98 - - [01/Jan/2025:21:59:47 +0530] "GET /testwp.php?wp=1 HTTP/1.1" 301 795 "www.google.com" "Mozilla/5.0 (Linux; Android 7.0; SM-G892A Build/NRD90M; wv) AppleWebKit/537.36 (KHTML, like Gecko) Version/4.0 Chrome/60.0.3112.107 Mobile Safari/537.36"
140.245.43.123 - - [01/Jan/2025:21:59:48 +0530] "GET /wp/ALFA_DATA/alfacgiapi/index.php?bx=0e215962017 HTTP/1.1" 301 795 "-" "Mozilla/5.0 (Linux; Android 11; Redmi Note 9 Pro Build/RKQ1.200826.002; wv) AppleWebKit/537.36 (KHTML, like Gecko) Version/4.0 Chrome/90.0.4430.210 Mobile Safari/537.36"
140.245.43.123 - - [01/Jan/2025:21:59:49 +0530] "GET /wp/ALFA_DATA/alfacgiapi/radio.php?bx=0e215962017 HTTP/1.1" 301 795 "-" "Mozilla/5.0 (Linux; Android 11; Redmi Note 9 Pro Build/RKQ1.200826.002; wv) AppleWebKit/537.36 (KHTML, like Gecko) Version/4.0 Chrome/90.0.4430.210 Mobile Safari/537.36"
140.245.43.123 - - [01/Jan/2025:21:59:50 +0530] "GET /wp/ALFA_DATA/alfacgiapi/404.php?bx=0e215962017 HTTP/1.1" 301 795 "-" "Mozilla/5.0 (Linux; Android 11; Redmi Note 9 Pro Build/RKQ1.200826.002; wv) AppleWebKit/537.36 (KHTML, like Gecko) Version/4.0 Chrome/90.0.4430.210 Mobile Safari/537.36"
209.97.161.98 - - [01/Jan/2025:21:59:52 +0530] "GET /wp-includes/class-wp-other.php HTTP/1.1" 301 795 "www.google.com" "Mozilla/5.0 (Linux; Android 7.0; SM-G892A Build/NRD90M; wv) AppleWebKit/537.36 (KHTML, like Gecko) Version/4.0 Chrome/60.0.3112.107 Mobile Safari/537.36"
209.97.161.98 - - [01/Jan/2025:21:59:55 +0530] "GET /unknown.php HTTP/1.1" 301 795 "www.google.com" "Mozilla/5.0 (Linux; Android 7.0; SM-G892A Build/NRD90M; wv) AppleWebKit/537.36 (KHTML, like Gecko) Version/4.0 Chrome/60.0.3112.107 Mobile Safari/537.36"
140.245.43.123 - - [01/Jan/2025:21:59:34 +0530] "POST /assets/upload/alfacgiapi/py.alfa HTTP/1.1" 301 795 "-" "Mozilla/5.0 (Linux; Android 11; Redmi Note 9 Pro Build/RKQ1.200826.002; wv) AppleWebKit/537.36 (KHTML, like Gecko) Version/4.0 Chrome/90.0.4430.210 Mobile Safari/537.36"
140.245.43.123 - - [01/Jan/2025:21:59:35 +0530] "POST /assets/upload/alfacgiapi/py.alfa HTTP/1.1" 301 795 "-" "Mozilla/5.0 (Linux; Android 11; Redmi Note 9 Pro Build/RKQ1.200826.002; wv) AppleWebKit/537.36 (KHTML, like Gecko) Version/4.0 Chrome/90.0.4430.210 Mobile Safari/537.36"
140.245.43.123 - - [01/Jan/2025:21:59:47 +0530] "POST /assets/upload/ALFA_DATA/alfacgiapi/perl.alfa HTTP/1.1" 301 795 "-" "Mozilla/5.0 (Linux; Android 11; Redmi Note 9 Pro Build/RKQ1.200826.002; wv) AppleWebKit/537.36 (KHTML, like Gecko) Version/4.0 Chrome/90.0.4430.210 Mobile Safari/537.36"
140.245.43.123 - - [01/Jan/2025:21:59:48 +0530] "POST /assets/upload/ALFA_DATA/alfacgiapi/bash.alfa HTTP/1.1" 301 795 "-" "Mozilla/5.0 (Linux; Android 11; Redmi Note 9 Pro Build/RKQ1.200826.002; wv) AppleWebKit/537.36 (KHTML, like Gecko) Version/4.0 Chrome/90.0.4430.210 Mobile Safari/537.36"
140.245.43.123 - - [01/Jan/2025:21:59:50 +0530] "POST /assets/upload/ALFA_DATA/alfacgiapi/py.alfa HTTP/1.1" 301 795 "-" "Mozilla/5.0 (Linux; Android 11; Redmi Note 9 Pro Build/RKQ1.200826.002; wv) AppleWebKit/537.36 (KHTML, like Gecko) Version/4.0 Chrome/90.0.4430.210 Mobile Safari/537.36"
140.245.43.123 - - [01/Jan/2025:21:59:51 +0530] "GET /assets/upload/ALFA_DATA/alfacgiapi/index.php?bx=0e215962017 HTTP/1.1" 301 795 "-" "Mozilla/5.0 (Linux; Android 11; Redmi Note 9 Pro Build/RKQ1.200826.002; wv) AppleWebKit/537.36 (KHTML, like Gecko) Version/4.0 Chrome/90.0.4430.210 Mobile Safari/537.36"
140.245.43.123 - - [01/Jan/2025:21:59:52 +0530] "GET /assets/upload/ALFA_DATA/alfacgiapi/radio.php?bx=0e215962017 HTTP/1.1" 301 795 "-" "Mozilla/5.0 (Linux; Android 11; Redmi Note 9 Pro Build/RKQ1.200826.002; wv) AppleWebKit/537.36 (KHTML, like Gecko) Version/4.0 Chrome/90.0.4430.210 Mobile Safari/537.36"
140.245.43.123 - - [01/Jan/2025:21:59:52 +0530] "GET /assets/upload/ALFA_DATA/alfacgiapi/404.php?bx=0e215962017 HTTP/1.1" 301 795 "-" "Mozilla/5.0 (Linux; Android 11; Redmi Note 9 Pro Build/RKQ1.200826.002; wv) AppleWebKit/537.36 (KHTML, like Gecko) Version/4.0 Chrome/90.0.4430.210 Mobile Safari/537.36"
140.245.43.123 - - [01/Jan/2025:21:59:56 +0530] "POST /assets/uploads/alfacgiapi/perl.alfa HTTP/1.1" 301 795 "-" "Mozilla/5.0 (Linux; Android 11; Redmi Note 9 Pro Build/RKQ1.200826.002; wv) AppleWebKit/537.36 (KHTML, like Gecko) Version/4.0 Chrome/90.0.4430.210 Mobile Safari/537.36"
140.245.43.123 - - [01/Jan/2025:22:00:06 +0530] "POST /blog/alfacgiapi/bash.alfa HTTP/1.1" 301 795 "-" "Mozilla/5.0 (Linux; Android 11; Redmi Note 9 Pro Build/RKQ1.200826.002; wv) AppleWebKit/537.36 (KHTML, like Gecko) Version/4.0 Chrome/90.0.4430.210 Mobile Safari/537.36"
140.245.43.123 - - [01/Jan/2025:22:00:07 +0530] "POST /blog/alfacgiapi/py.alfa HTTP/1.1" 301 795 "-" "Mozilla/5.0 (Linux; Android 11; Redmi Note 9 Pro Build/RKQ1.200826.002; wv) AppleWebKit/537.36 (KHTML, like Gecko) Version/4.0 Chrome/90.0.4430.210 Mobile Safari/537.36"
140.245.43.123 - - [01/Jan/2025:22:00:08 +0530] "POST /blog/alfacgiapi/py.alfa HTTP/1.1" 301 795 "-" "Mozilla/5.0 (Linux; Android 11; Redmi Note 9 Pro Build/RKQ1.200826.002; wv) AppleWebKit/537.36 (KHTML, like Gecko) Version/4.0 Chrome/90.0.4430.210 Mobile Safari/537.36"
140.245.43.123 - - [01/Jan/2025:22:00:16 +0530] "POST /assets/uploads/ALFA_DATA/alfacgiapi/perl.alfa HTTP/1.1" 301 795 "-" "Mozilla/5.0 (Linux; Android 11; Redmi Note 9 Pro Build/RKQ1.200826.002; wv) AppleWebKit/537.36 (KHTML, like Gecko) Version/4.0 Chrome/90.0.4430.210 Mobile Safari/537.36"
140.245.43.123 - - [01/Jan/2025:22:00:19 +0530] "POST /assets/uploads/ALFA_DATA/alfacgiapi/bash.alfa HTTP/1.1" 301 795 "-" "Mozilla/5.0 (Linux; Android 11; Redmi Note 9 Pro Build/RKQ1.200826.002; wv) AppleWebKit/537.36 (KHTML, like Gecko) Version/4.0 Chrome/90.0.4430.210 Mobile Safari/537.36"
140.245.43.123 - - [01/Jan/2025:21:59:43 +0530] "POST /wp/ALFA_DATA/alfacgiapi/perl.alfa HTTP/1.1" 301 795 "-" "Mozilla/5.0 (Linux; Android 11; Redmi Note 9 Pro Build/RKQ1.200826.002; wv) AppleWebKit/537.36 (KHTML, like Gecko) Version/4.0 Chrome/90.0.4430.210 Mobile Safari/537.36"
140.245.43.123 - - [01/Jan/2025:21:59:46 +0530] "POST /assets/upload/ALFA_DATA/alfacgiapi/perl.alfa HTTP/1.1" 301 795 "-" "Mozilla/5.0 (Linux; Android 11; Redmi Note 9 Pro Build/RKQ1.200826.002; wv) AppleWebKit/537.36 (KHTML, like Gecko) Version/4.0 Chrome/90.0.4430.210 Mobile Safari/537.36"
140.245.43.123 - - [01/Jan/2025:21:59:49 +0530] "POST /assets/upload/ALFA_DATA/alfacgiapi/bash.alfa HTTP/1.1" 301 795 "-" "Mozilla/5.0 (Linux; Android 11; Redmi Note 9 Pro Build/RKQ1.200826.002; wv) AppleWebKit/537.36 (KHTML, like Gecko) Version/4.0 Chrome/90.0.4430.210 Mobile Safari/537.36"
140.245.43.123 - - [01/Jan/2025:21:59:50 +0530] "POST /assets/upload/ALFA_DATA/alfacgiapi/py.alfa HTTP/1.1" 301 795 "-" "Mozilla/5.0 (Linux; Android 11; Redmi Note 9 Pro Build/RKQ1.200826.002; wv) AppleWebKit/537.36 (KHTML, like Gecko) Version/4.0 Chrome/90.0.4430.210 Mobile Safari/537.36"
140.245.43.123 - - [01/Jan/2025:21:59:57 +0530] "POST /assets/uploads/alfacgiapi/perl.alfa HTTP/1.1" 301 795 "-" "Mozilla/5.0 (Linux; Android 11; Redmi Note 9 Pro Build/RKQ1.200826.002; wv) AppleWebKit/537.36 (KHTML, like Gecko) Version/4.0 Chrome/90.0.4430.210 Mobile Safari/537.36"
140.245.43.123 - - [01/Jan/2025:21:59:59 +0530] "POST /assets/uploads/alfacgiapi/bash.alfa HTTP/1.1" 301 795 "-" "Mozilla/5.0 (Linux; Android 11; Redmi Note 9 Pro Build/RKQ1.200826.002; wv) AppleWebKit/537.36 (KHTML, like Gecko) Version/4.0 Chrome/90.0.4430.210 Mobile Safari/537.36"
140.245.43.123 - - [01/Jan/2025:22:00:03 +0530] "POST /blog/alfacgiapi/perl.alfa HTTP/1.1" 301 795 "-" "Mozilla/5.0 (Linux; Android 11; Redmi Note 9 Pro Build/RKQ1.200826.002; wv) AppleWebKit/537.36 (KHTML, like Gecko) Version/4.0 Chrome/90.0.4430.210 Mobile Safari/537.36"
140.245.43.123 - - [01/Jan/2025:22:00:08 +0530] "GET /blog/alfacgiapi/index.php?bx=0e215962017 HTTP/1.1" 301 795 "-" "Mozilla/5.0 (Linux; Android 11; Redmi Note 9 Pro Build/RKQ1.200826.002; wv) AppleWebKit/537.36 (KHTML, like Gecko) Version/4.0 Chrome/90.0.4430.210 Mobile Safari/537.36"
140.245.43.123 - - [01/Jan/2025:22:00:09 +0530] "GET /blog/alfacgiapi/radio.php?bx=0e215962017 HTTP/1.1" 301 795 "-" "Mozilla/5.0 (Linux; Android 11; Redmi Note 9 Pro Build/RKQ1.200826.002; wv) AppleWebKit/537.36 (KHTML, like Gecko) Version/4.0 Chrome/90.0.4430.210 Mobile Safari/537.36"
140.245.43.123 - - [01/Jan/2025:22:00:10 +0530] "GET /blog/alfacgiapi/404.php?bx=0e215962017 HTTP/1.1" 301 795 "-" "Mozilla/5.0 (Linux; Android 11; Redmi Note 9 Pro Build/RKQ1.200826.002; wv) AppleWebKit/537.36 (KHTML, like Gecko) Version/4.0 Chrome/90.0.4430.210 Mobile Safari/537.36"
140.245.43.123 - - [01/Jan/2025:22:00:17 +0530] "POST /assets/uploads/ALFA_DATA/alfacgiapi/perl.alfa HTTP/1.1" 301 795 "-" "Mozilla/5.0 (Linux; Android 11; Redmi Note 9 Pro Build/RKQ1.200826.002; wv) AppleWebKit/537.36 (KHTML, like Gecko) Version/4.0 Chrome/90.0.4430.210 Mobile Safari/537.36"
140.245.43.123 - - [01/Jan/2025:22:00:18 +0530] "POST /assets/uploads/ALFA_DATA/alfacgiapi/bash.alfa HTTP/1.1" 301 795 "-" "Mozilla/5.0 (Linux; Android 11; Redmi Note 9 Pro Build/RKQ1.200826.002; wv) AppleWebKit/537.36 (KHTML, like Gecko) Version/4.0 Chrome/90.0.4430.210 Mobile Safari/537.36"
140.245.43.123 - - [01/Jan/2025:22:00:18 +0530] "POST /blog/ALFA_DATA/alfacgiapi/perl.alfa HTTP/1.1" 301 795 "-" "Mozilla/5.0 (Linux; Android 11; Redmi Note 9 Pro Build/RKQ1.200826.002; wv) AppleWebKit/537.36 (KHTML, like Gecko) Version/4.0 Chrome/90.0.4430.210 Mobile Safari/537.36"
140.245.43.123 - - [01/Jan/2025:22:00:20 +0530] "POST /assets/uploads/ALFA_DATA/alfacgiapi/py.alfa HTTP/1.1" 301 795 "-" "Mozilla/5.0 (Linux; Android 11; Redmi Note 9 Pro Build/RKQ1.200826.002; wv) AppleWebKit/537.36 (KHTML, like Gecko) Version/4.0 Chrome/90.0.4430.210 Mobile Safari/537.36"
209.97.161.98 - - [01/Jan/2025:21:59:57 +0530] "GET /god4m.php HTTP/1.1" 301 795 "www.google.com" "Mozilla/5.0 (Linux; Android 7.0; SM-G892A Build/NRD90M; wv) AppleWebKit/537.36 (KHTML, like Gecko) Version/4.0 Chrome/60.0.3112.107 Mobile Safari/537.36"
140.245.43.123 - - [01/Jan/2025:21:59:58 +0530] "POST /assets/uploads/alfacgiapi/bash.alfa HTTP/1.1" 301 795 "-" "Mozilla/5.0 (Linux; Android 11; Redmi Note 9 Pro Build/RKQ1.200826.002; wv) AppleWebKit/537.36 (KHTML, like Gecko) Version/4.0 Chrome/90.0.4430.210 Mobile Safari/537.36"
209.97.161.98 - - [01/Jan/2025:22:00:00 +0530] "GET /tuco.php HTTP/1.1" 301 795 "www.google.com" "Mozilla/5.0 (Linux; Android 7.0; SM-G892A Build/NRD90M; wv) AppleWebKit/537.36 (KHTML, like Gecko) Version/4.0 Chrome/60.0.3112.107 Mobile Safari/537.36"
140.245.43.123 - - [01/Jan/2025:22:00:00 +0530] "POST /assets/uploads/alfacgiapi/py.alfa HTTP/1.1" 301 795 "-" "Mozilla/5.0 (Linux; Android 11; Redmi Note 9 Pro Build/RKQ1.200826.002; wv) AppleWebKit/537.36 (KHTML, like Gecko) Version/4.0 Chrome/90.0.4430.210 Mobile Safari/537.36"
209.97.161.98 - - [01/Jan/2025:22:00:01 +0530] "GET /x.php HTTP/1.1" 301 795 "www.google.com" "Mozilla/5.0 (Linux; Android 7.0; SM-G892A Build/NRD90M; wv) AppleWebKit/537.36 (KHTML, like Gecko) Version/4.0 Chrome/60.0.3112.107 Mobile Safari/537.36"
140.245.43.123 - - [01/Jan/2025:22:00:01 +0530] "POST /assets/uploads/alfacgiapi/py.alfa HTTP/1.1" 301 795 "-" "Mozilla/5.0 (Linux; Android 11; Redmi Note 9 Pro Build/RKQ1.200826.002; wv) AppleWebKit/537.36 (KHTML, like Gecko) Version/4.0 Chrome/90.0.4430.210 Mobile Safari/537.36"
209.97.161.98 - - [01/Jan/2025:22:00:03 +0530] "GET /w.php HTTP/1.1" 301 795 "www.google.com" "Mozilla/5.0 (Linux; Android 7.0; SM-G892A Build/NRD90M; wv) AppleWebKit/537.36 (KHTML, like Gecko) Version/4.0 Chrome/60.0.3112.107 Mobile Safari/537.36"
209.97.161.98 - - [01/Jan/2025:22:00:05 +0530] "GET /shl.php HTTP/1.1" 301 795 "www.google.com" "Mozilla/5.0 (Linux; Android 7.0; SM-G892A Build/NRD90M; wv) AppleWebKit/537.36 (KHTML, like Gecko) Version/4.0 Chrome/60.0.3112.107 Mobile Safari/537.36"
209.97.161.98 - - [01/Jan/2025:22:00:09 +0530] "GET /wp-class.php HTTP/1.1" 301 795 "www.google.com" "Mozilla/5.0 (Linux; Android 7.0; SM-G892A Build/NRD90M; wv) AppleWebKit/537.36 (KHTML, like Gecko) Version/4.0 Chrome/60.0.3112.107 Mobile Safari/537.36"
209.97.161.98 - - [01/Jan/2025:22:00:15 +0530] "GET /info.php HTTP/1.1" 301 795 "www.google.com" "Mozilla/5.0 (Linux; Android 7.0; SM-G892A Build/NRD90M; wv) AppleWebKit/537.36 (KHTML, like Gecko) Version/4.0 Chrome/60.0.3112.107 Mobile Safari/537.36"
140.245.43.123 - - [01/Jan/2025:22:00:19 +0530] "POST /blog/ALFA_DATA/alfacgiapi/perl.alfa HTTP/1.1" 301 795 "-" "Mozilla/5.0 (Linux; Android 11; Redmi Note 9 Pro Build/RKQ1.200826.002; wv) AppleWebKit/537.36 (KHTML, like Gecko) Version/4.0 Chrome/90.0.4430.210 Mobile Safari/537.36"
140.245.43.123 - - [01/Jan/2025:22:00:20 +0530] "POST /blog/ALFA_DATA/alfacgiapi/bash.alfa HTTP/1.1" 301 795 "-" "Mozilla/5.0 (Linux; Android 11; Redmi Note 9 Pro Build/RKQ1.200826.002; wv) AppleWebKit/537.36 (KHTML, like Gecko) Version/4.0 Chrome/90.0.4430.210 Mobile Safari/537.36"
209.97.161.98 - - [01/Jan/2025:22:00:20 +0530] "GET /o.php HTTP/1.1" 301 795 "www.google.com" "Mozilla/5.0 (Linux; Android 7.0; SM-G892A Build/NRD90M; wv) AppleWebKit/537.36 (KHTML, like Gecko) Version/4.0 Chrome/60.0.3112.107 Mobile Safari/537.36"
209.97.161.98 - - [01/Jan/2025:22:00:24 +0530] "GET /shx.php HTTP/1.1" 301 795 "www.google.com" "Mozilla/5.0 (Linux; Android 7.0; SM-G892A Build/NRD90M; wv) AppleWebKit/537.36 (KHTML, like Gecko) Version/4.0 Chrome/60.0.3112.107 Mobile Safari/537.36"
209.97.161.98 - - [01/Jan/2025:22:00:25 +0530] "GET /l.php HTTP/1.1" 301 795 "www.google.com" "Mozilla/5.0 (Linux; Android 7.0; SM-G892A Build/NRD90M; wv) AppleWebKit/537.36 (KHTML, like Gecko) Version/4.0 Chrome/60.0.3112.107 Mobile Safari/537.36"
209.97.161.98 - - [01/Jan/2025:22:00:26 +0530] "GET /hi.php HTTP/1.1" 301 795 "www.google.com" "Mozilla/5.0 (Linux; Android 7.0; SM-G892A Build/NRD90M; wv) AppleWebKit/537.36 (KHTML, like Gecko) Version/4.0 Chrome/60.0.3112.107 Mobile Safari/537.36"
209.97.161.98 - - [01/Jan/2025:22:00:27 +0530] "GET /readme.php HTTP/1.1" 301 795 "www.google.com" "Mozilla/5.0 (Linux; Android 7.0; SM-G892A Build/NRD90M; wv) AppleWebKit/537.36 (KHTML, like Gecko) Version/4.0 Chrome/60.0.3112.107 Mobile Safari/537.36"
140.245.43.123 - - [01/Jan/2025:22:00:28 +0530] "POST /wp-content/alfacgiapi/bash.alfa HTTP/1.1" 301 795 "-" "Mozilla/5.0 (Linux; Android 11; Redmi Note 9 Pro Build/RKQ1.200826.002; wv) AppleWebKit/537.36 (KHTML, like Gecko) Version/4.0 Chrome/90.0.4430.210 Mobile Safari/537.36"
140.245.43.123 - - [01/Jan/2025:22:00:30 +0530] "POST /wp-content/alfacgiapi/py.alfa HTTP/1.1" 301 795 "-" "Mozilla/5.0 (Linux; Android 11; Redmi Note 9 Pro Build/RKQ1.200826.002; wv) AppleWebKit/537.36 (KHTML, like Gecko) Version/4.0 Chrome/90.0.4430.210 Mobile Safari/537.36"
140.245.43.123 - - [01/Jan/2025:22:00:31 +0530] "GET /wp-content/alfacgiapi/index.php?bx=0e215962017 HTTP/1.1" 301 795 "-" "Mozilla/5.0 (Linux; Android 11; Redmi Note 9 Pro Build/RKQ1.200826.002; wv) AppleWebKit/537.36 (KHTML, like Gecko) Version/4.0 Chrome/90.0.4430.210 Mobile Safari/537.36"
140.245.43.123 - - [01/Jan/2025:22:00:32 +0530] "GET /wp-content/alfacgiapi/radio.php?bx=0e215962017 HTTP/1.1" 301 795 "-" "Mozilla/5.0 (Linux; Android 11; Redmi Note 9 Pro Build/RKQ1.200826.002; wv) AppleWebKit/537.36 (KHTML, like Gecko) Version/4.0 Chrome/90.0.4430.210 Mobile Safari/537.36"
140.245.43.123 - - [01/Jan/2025:22:00:32 +0530] "GET /wp-content/alfacgiapi/404.php?bx=0e215962017 HTTP/1.1" 301 795 "-" "Mozilla/5.0 (Linux; Android 11; Redmi Note 9 Pro Build/RKQ1.200826.002; wv) AppleWebKit/537.36 (KHTML, like Gecko) Version/4.0 Chrome/90.0.4430.210 Mobile Safari/537.36"
140.245.43.123 - - [01/Jan/2025:22:00:35 +0530] "POST /wp-content/ALFA_DATA/alfacgiapi/wp-content/uploads/alfacgiapi/perl.alfa HTTP/1.1" 301 795 "-" "Mozilla/5.0 (Linux; Android 11; Redmi Note 9 Pro Build/RKQ1.200826.002; wv) AppleWebKit/537.36 (KHTML, like Gecko) Version/4.0 Chrome/90.0.4430.210 Mobile Safari/537.36"
140.245.43.123 - - [01/Jan/2025:22:00:36 +0530] "POST /wp-content/ALFA_DATA/alfacgiapi/wp-content/uploads/alfacgiapi/perl.alfa HTTP/1.1" 301 795 "-" "Mozilla/5.0 (Linux; Android 11; Redmi Note 9 Pro Build/RKQ1.200826.002; wv) AppleWebKit/537.36 (KHTML, like Gecko) Version/4.0 Chrome/90.0.4430.210 Mobile Safari/537.36"
209.97.161.98 - - [01/Jan/2025:22:00:36 +0530] "GET /pi.php HTTP/1.1" 301 795 "www.google.com" "Mozilla/5.0 (Linux; Android 7.0; SM-G892A Build/NRD90M; wv) AppleWebKit/537.36 (KHTML, like Gecko) Version/4.0 Chrome/60.0.3112.107 Mobile Safari/537.36"
209.97.161.98 - - [01/Jan/2025:22:00:38 +0530] "GET /r00t.php HTTP/1.1" 301 795 "www.google.com" "Mozilla/5.0 (Linux; Android 7.0; SM-G892A Build/NRD90M; wv) AppleWebKit/537.36 (KHTML, like Gecko) Version/4.0 Chrome/60.0.3112.107 Mobile Safari/537.36"
