ok

Mini Shell

Direktori : /home2/selectio/access-logs/
Upload File :
Current File : /home2/selectio/access-logs/sqarextechnologies.selectionsilks.com-ssl_log

185.147.125.21 - - [22/Dec/2024:22:06:42 +0530] "GET / HTTP/1.0" 200 163502 "https://sqarextechnologies.com/" "Mozilla/5.0 (Windows NT 15.0.0; Win64; x64; ) AppleWebKit/537.36 (KHTML, like Gecko) Chrome/124.0.6367.60 Chrome/124.0.6367.60 Not-A.Brand/99  Safari/537.36"
185.147.125.23 - - [22/Dec/2024:22:07:33 +0530] "GET / HTTP/1.0" 200 163502 "https://sqarextechnologies.com/" "Mozilla/5.0 (Windows NT 10.0.0; Win64; x64; ) AppleWebKit/537.36 (KHTML, like Gecko) Chrome/124.0.6367.93 Chrome/124.0.6367.93 Not-A.Brand/99  Safari/537.36"
185.147.125.21 - - [22/Dec/2024:22:07:22 +0530] "GET / HTTP/1.0" 200 163502 "https://sqarextechnologies.com/" "Mozilla/5.0 (Windows NT 10.0.0; Win64; x64; ) AppleWebKit/537.36 (KHTML, like Gecko) Chrome/124.0.6367.60 Chrome/124.0.6367.60 Not-A.Brand/99  Safari/537.36"
185.147.125.21 - - [22/Dec/2024:22:07:23 +0530] "POST /contact.php HTTP/1.0" 200 40557 "https://sqarextechnologies.com/contact.php" "Mozilla/5.0 (Windows NT 10.0.0; Win64; x64; ) AppleWebKit/537.36 (KHTML, like Gecko) Chrome/124.0.6367.60 Chrome/124.0.6367.60 Not-A.Brand/99  Safari/537.36"
185.147.125.23 - - [22/Dec/2024:22:07:33 +0530] "POST /contact.php HTTP/1.0" 200 40557 "https://sqarextechnologies.com/contact.php" "Mozilla/5.0 (Windows NT 10.0.0; Win64; x64; ) AppleWebKit/537.36 (KHTML, like Gecko) Chrome/124.0.6367.93 Chrome/124.0.6367.93 Not-A.Brand/99  Safari/537.36"
185.147.125.17 - - [22/Dec/2024:22:10:44 +0530] "POST /contact.php HTTP/1.0" 200 40557 "https://sqarextechnologies.com/contact.php" "Mozilla/5.0 (Windows NT 15.0.0; Win64; x64; ) AppleWebKit/537.36 (KHTML, like Gecko) Chrome/124.0.6367.119 Chrome/124.0.6367.119 Not-A.Brand/99  Safari/537.36"
185.147.125.22 - - [22/Dec/2024:22:06:26 +0530] "GET /contact.php HTTP/1.0" 200 40299 "https://sqarextechnologies.com/contact.php" "Mozilla/5.0 (Windows NT 10.0; Win64; x64) AppleWebKit/537.36 (KHTML, like Gecko) Chrome/125.0.0.0 Safari/537.36"
185.147.125.21 - - [22/Dec/2024:22:06:42 +0530] "GET /contact.php HTTP/1.0" 200 40299 "https://sqarextechnologies.com/contact.php" "Mozilla/5.0 (Windows NT 15.0.0; Win64; x64; ) AppleWebKit/537.36 (KHTML, like Gecko) Chrome/124.0.6367.60 Chrome/124.0.6367.60 Not-A.Brand/99  Safari/537.36"
185.147.125.21 - - [22/Dec/2024:22:06:42 +0530] "POST /contact.php HTTP/1.0" 200 40557 "https://sqarextechnologies.com/contact.php" "Mozilla/5.0 (Windows NT 15.0.0; Win64; x64; ) AppleWebKit/537.36 (KHTML, like Gecko) Chrome/124.0.6367.60 Chrome/124.0.6367.60 Not-A.Brand/99  Safari/537.36"
185.147.125.21 - - [22/Dec/2024:22:07:23 +0530] "GET /contact.php HTTP/1.0" 200 40299 "https://sqarextechnologies.com/contact.php" "Mozilla/5.0 (Windows NT 10.0.0; Win64; x64; ) AppleWebKit/537.36 (KHTML, like Gecko) Chrome/124.0.6367.60 Chrome/124.0.6367.60 Not-A.Brand/99  Safari/537.36"
185.147.125.23 - - [22/Dec/2024:22:07:33 +0530] "GET /contact.php HTTP/1.0" 200 40299 "https://sqarextechnologies.com/contact.php" "Mozilla/5.0 (Windows NT 10.0.0; Win64; x64; ) AppleWebKit/537.36 (KHTML, like Gecko) Chrome/124.0.6367.93 Chrome/124.0.6367.93 Not-A.Brand/99  Safari/537.36"
185.147.125.22 - - [22/Dec/2024:22:06:25 +0530] "GET / HTTP/1.0" 200 163502 "https://sqarextechnologies.com/" "Mozilla/5.0 (Windows NT 10.0; Win64; x64) AppleWebKit/537.36 (KHTML, like Gecko) Chrome/125.0.0.0 Safari/537.36"
185.147.125.22 - - [22/Dec/2024:22:06:26 +0530] "POST /contact.php HTTP/1.0" 200 40557 "https://sqarextechnologies.com/contact.php" "Mozilla/5.0 (Windows NT 10.0; Win64; x64) AppleWebKit/537.36 (KHTML, like Gecko) Chrome/125.0.0.0 Safari/537.36"
185.147.125.17 - - [22/Dec/2024:22:10:43 +0530] "GET / HTTP/1.0" 200 163502 "https://sqarextechnologies.com/" "Mozilla/5.0 (Windows NT 15.0.0; Win64; x64; ) AppleWebKit/537.36 (KHTML, like Gecko) Chrome/124.0.6367.119 Chrome/124.0.6367.119 Not-A.Brand/99  Safari/537.36"
185.147.125.17 - - [22/Dec/2024:22:10:44 +0530] "GET /contact.php HTTP/1.0" 200 40299 "https://sqarextechnologies.com/contact.php" "Mozilla/5.0 (Windows NT 15.0.0; Win64; x64; ) AppleWebKit/537.36 (KHTML, like Gecko) Chrome/124.0.6367.119 Chrome/124.0.6367.119 Not-A.Brand/99  Safari/537.36"
185.147.125.17 - - [22/Dec/2024:22:27:34 +0530] "GET / HTTP/1.0" 200 163502 "https://sqarextechnologies.com/" "Mozilla/5.0 (Windows NT 10.0.0; Win64; x64; ) AppleWebKit/537.36 (KHTML, like Gecko) Chrome/124.0.6367.119 Chrome/124.0.6367.119 Not-A.Brand/99  Safari/537.36"
185.147.125.17 - - [22/Dec/2024:22:27:33 +0530] "GET /contact.php HTTP/1.0" 200 40299 "https://sqarextechnologies.com/contact.php" "Mozilla/5.0 (Windows NT 10.0.0; Win64; x64; ) AppleWebKit/537.36 (KHTML, like Gecko) Chrome/124.0.6367.62 Chrome/124.0.6367.62 Not-A.Brand/99  Safari/537.36"
185.147.125.17 - - [22/Dec/2024:22:27:34 +0530] "POST /contact.php HTTP/1.0" 200 40557 "https://sqarextechnologies.com/contact.php" "Mozilla/5.0 (Windows NT 10.0.0; Win64; x64; ) AppleWebKit/537.36 (KHTML, like Gecko) Chrome/124.0.6367.62 Chrome/124.0.6367.62 Not-A.Brand/99  Safari/537.36"
185.147.125.21 - - [22/Dec/2024:22:31:55 +0530] "GET / HTTP/1.0" 200 163502 "https://sqarextechnologies.com/" "Mozilla/5.0 (Windows NT 10.0; Win64; x64) AppleWebKit/537.36 (KHTML, like Gecko) Chrome/125.0.0.0 Safari/537.36"
185.147.125.17 - - [22/Dec/2024:22:27:33 +0530] "GET / HTTP/1.0" 200 163502 "https://sqarextechnologies.com/" "Mozilla/5.0 (Windows NT 10.0.0; Win64; x64; ) AppleWebKit/537.36 (KHTML, like Gecko) Chrome/124.0.6367.62 Chrome/124.0.6367.62 Not-A.Brand/99  Safari/537.36"
185.147.125.17 - - [22/Dec/2024:22:27:35 +0530] "GET /contact.php HTTP/1.0" 200 40299 "https://sqarextechnologies.com/contact.php" "Mozilla/5.0 (Windows NT 10.0.0; Win64; x64; ) AppleWebKit/537.36 (KHTML, like Gecko) Chrome/124.0.6367.119 Chrome/124.0.6367.119 Not-A.Brand/99  Safari/537.36"
185.147.125.17 - - [22/Dec/2024:22:27:35 +0530] "POST /contact.php HTTP/1.0" 200 40557 "https://sqarextechnologies.com/contact.php" "Mozilla/5.0 (Windows NT 10.0.0; Win64; x64; ) AppleWebKit/537.36 (KHTML, like Gecko) Chrome/124.0.6367.119 Chrome/124.0.6367.119 Not-A.Brand/99  Safari/537.36"
185.147.125.21 - - [22/Dec/2024:22:31:56 +0530] "GET /contact.php HTTP/1.0" 200 40299 "https://sqarextechnologies.com/contact.php" "Mozilla/5.0 (Windows NT 10.0; Win64; x64) AppleWebKit/537.36 (KHTML, like Gecko) Chrome/125.0.0.0 Safari/537.36"
185.147.125.21 - - [22/Dec/2024:22:31:56 +0530] "POST /contact.php HTTP/1.0" 200 40557 "https://sqarextechnologies.com/contact.php" "Mozilla/5.0 (Windows NT 10.0; Win64; x64) AppleWebKit/537.36 (KHTML, like Gecko) Chrome/125.0.0.0 Safari/537.36"
139.59.123.61 - - [22/Dec/2024:23:35:13 +0530] "GET /wp-includes/random_compat/wp-conflg.php HTTP/1.1" 200 34674 "-" "Mozlila/5.0 (Linux; Android 7.0; SM-G892A Bulid/NRD90M; wv) AppleWebKit/537.36 (KHTML, like Gecko) Version/4.0 Chrome/60.0.3112.107 Moblie Safari/537.36"
139.59.123.61 - - [22/Dec/2024:23:34:08 +0530] "GET /wp-includes/certificates/wp-conflg.php HTTP/1.1" 200 34674 "-" "Mozlila/5.0 (Linux; Android 7.0; SM-G892A Bulid/NRD90M; wv) AppleWebKit/537.36 (KHTML, like Gecko) Version/4.0 Chrome/60.0.3112.107 Moblie Safari/537.36"
139.59.123.61 - - [22/Dec/2024:23:34:27 +0530] "GET /wp-admin/css/wp-conflg.php HTTP/1.1" 200 34674 "-" "Mozlila/5.0 (Linux; Android 7.0; SM-G892A Bulid/NRD90M; wv) AppleWebKit/537.36 (KHTML, like Gecko) Version/4.0 Chrome/60.0.3112.107 Moblie Safari/537.36"
139.59.123.61 - - [22/Dec/2024:23:34:40 +0530] "GET /wp-includes/widgets/wp-conflg.php HTTP/1.1" 200 34674 "-" "Mozlila/5.0 (Linux; Android 7.0; SM-G892A Bulid/NRD90M; wv) AppleWebKit/537.36 (KHTML, like Gecko) Version/4.0 Chrome/60.0.3112.107 Moblie Safari/537.36"
139.59.123.61 - - [22/Dec/2024:23:34:43 +0530] "GET /wp-includes/SimplePie/wp-conflg.php HTTP/1.1" 200 34674 "-" "Mozlila/5.0 (Linux; Android 7.0; SM-G892A Bulid/NRD90M; wv) AppleWebKit/537.36 (KHTML, like Gecko) Version/4.0 Chrome/60.0.3112.107 Moblie Safari/537.36"
139.59.123.61 - - [22/Dec/2024:23:34:16 +0530] "GET /wp-admin/includes/wp-conflg.php HTTP/1.1" 200 34674 "-" "Mozlila/5.0 (Linux; Android 7.0; SM-G892A Bulid/NRD90M; wv) AppleWebKit/537.36 (KHTML, like Gecko) Version/4.0 Chrome/60.0.3112.107 Moblie Safari/537.36"
139.59.123.61 - - [22/Dec/2024:23:34:20 +0530] "GET /wp-includes/PHPMailer/wp-conflg.php HTTP/1.1" 200 34674 "-" "Mozlila/5.0 (Linux; Android 7.0; SM-G892A Bulid/NRD90M; wv) AppleWebKit/537.36 (KHTML, like Gecko) Version/4.0 Chrome/60.0.3112.107 Moblie Safari/537.36"
139.59.123.61 - - [22/Dec/2024:23:34:24 +0530] "GET /wp-admin/js/wp-conflg.php HTTP/1.1" 200 34674 "-" "Mozlila/5.0 (Linux; Android 7.0; SM-G892A Bulid/NRD90M; wv) AppleWebKit/537.36 (KHTML, like Gecko) Version/4.0 Chrome/60.0.3112.107 Moblie Safari/537.36"
139.59.123.61 - - [22/Dec/2024:23:34:31 +0530] "GET /wp-includes/rest-api/wp-conflg.php HTTP/1.1" 200 34674 "-" "Mozlila/5.0 (Linux; Android 7.0; SM-G892A Bulid/NRD90M; wv) AppleWebKit/537.36 (KHTML, like Gecko) Version/4.0 Chrome/60.0.3112.107 Moblie Safari/537.36"
139.59.123.61 - - [22/Dec/2024:23:34:53 +0530] "GET /wp-includes/block-supports/wp-conflg.php HTTP/1.1" 200 34674 "-" "Mozlila/5.0 (Linux; Android 7.0; SM-G892A Bulid/NRD90M; wv) AppleWebKit/537.36 (KHTML, like Gecko) Version/4.0 Chrome/60.0.3112.107 Moblie Safari/537.36"
139.59.123.61 - - [22/Dec/2024:23:35:03 +0530] "GET /wp-content/uploads/wp-conflg.php HTTP/1.1" 200 34674 "-" "Mozlila/5.0 (Linux; Android 7.0; SM-G892A Bulid/NRD90M; wv) AppleWebKit/537.36 (KHTML, like Gecko) Version/4.0 Chrome/60.0.3112.107 Moblie Safari/537.36"
139.59.123.61 - - [22/Dec/2024:23:35:23 +0530] "GET /wp-includes/Requests/wp-conflg.php HTTP/1.1" 200 34674 "-" "Mozlila/5.0 (Linux; Android 7.0; SM-G892A Bulid/NRD90M; wv) AppleWebKit/537.36 (KHTML, like Gecko) Version/4.0 Chrome/60.0.3112.107 Moblie Safari/537.36"
139.59.123.61 - - [22/Dec/2024:23:35:29 +0530] "GET /wp-includes/pomo/wp-conflg.php HTTP/1.1" 200 34674 "-" "Mozlila/5.0 (Linux; Android 7.0; SM-G892A Bulid/NRD90M; wv) AppleWebKit/537.36 (KHTML, like Gecko) Version/4.0 Chrome/60.0.3112.107 Moblie Safari/537.36"
185.147.125.22 - - [22/Dec/2024:23:46:13 +0530] "GET / HTTP/1.0" 200 163502 "https://sqarextechnologies.com/" "Mozilla/5.0 (Windows NT 10.0; Win64; x64; ) AppleWebKit/537.36 (KHTML, like Gecko) Chrome/124.0.6367.61 Chrome/124.0.6367.61 Not-A.Brand/99  Safari/537.36"
139.59.123.61 - - [22/Dec/2024:23:34:12 +0530] "GET /wp-conflg.php HTTP/1.1" 200 34674 "-" "Mozlila/5.0 (Linux; Android 7.0; SM-G892A Bulid/NRD90M; wv) AppleWebKit/537.36 (KHTML, like Gecko) Version/4.0 Chrome/60.0.3112.107 Moblie Safari/537.36"
139.59.123.61 - - [22/Dec/2024:23:34:37 +0530] "GET /wp-includes/sitemaps/wp-conflg.php HTTP/1.1" 200 34674 "-" "Mozlila/5.0 (Linux; Android 7.0; SM-G892A Bulid/NRD90M; wv) AppleWebKit/537.36 (KHTML, like Gecko) Version/4.0 Chrome/60.0.3112.107 Moblie Safari/537.36"
139.59.123.61 - - [22/Dec/2024:23:34:49 +0530] "GET /wp-includes/block-patterns/wp-conflg.php HTTP/1.1" 200 34674 "-" "Mozlila/5.0 (Linux; Android 7.0; SM-G892A Bulid/NRD90M; wv) AppleWebKit/537.36 (KHTML, like Gecko) Version/4.0 Chrome/60.0.3112.107 Moblie Safari/537.36"
139.59.123.61 - - [22/Dec/2024:23:34:59 +0530] "GET /wp-includes/assets/wp-conflg.php HTTP/1.1" 200 34674 "-" "Mozlila/5.0 (Linux; Android 7.0; SM-G892A Bulid/NRD90M; wv) AppleWebKit/537.36 (KHTML, like Gecko) Version/4.0 Chrome/60.0.3112.107 Moblie Safari/537.36"
139.59.123.61 - - [22/Dec/2024:23:35:09 +0530] "GET /wp-includes/html-api/wp-conflg.php HTTP/1.1" 200 34674 "-" "Mozlila/5.0 (Linux; Android 7.0; SM-G892A Bulid/NRD90M; wv) AppleWebKit/537.36 (KHTML, like Gecko) Version/4.0 Chrome/60.0.3112.107 Moblie Safari/537.36"
185.147.125.22 - - [22/Dec/2024:23:46:14 +0530] "GET /contact.php HTTP/1.0" 200 40299 "https://sqarextechnologies.com/contact.php" "Mozilla/5.0 (Windows NT 10.0; Win64; x64; ) AppleWebKit/537.36 (KHTML, like Gecko) Chrome/124.0.6367.61 Chrome/124.0.6367.61 Not-A.Brand/99  Safari/537.36"
185.147.125.22 - - [22/Dec/2024:23:46:14 +0530] "POST /contact.php HTTP/1.0" 200 40557 "https://sqarextechnologies.com/contact.php" "Mozilla/5.0 (Windows NT 10.0; Win64; x64; ) AppleWebKit/537.36 (KHTML, like Gecko) Chrome/124.0.6367.61 Chrome/124.0.6367.61 Not-A.Brand/99  Safari/537.36"
20.42.10.176 - - [23/Dec/2024:00:09:18 +0530] "GET /robots.txt HTTP/2" 200 34674 "-" "Mozilla/5.0 AppleWebKit/537.36 (KHTML, like Gecko); compatible; OAI-SearchBot/1.0; +https://openai.com/searchbot"
185.147.125.22 - - [23/Dec/2024:00:22:53 +0530] "GET / HTTP/1.0" 200 163502 "https://sqarextechnologies.com/" "Mozilla/5.0 (Windows NT 10.0; Win64; x64; ) AppleWebKit/537.36 (KHTML, like Gecko) Chrome/124.0.6367.61 Chrome/124.0.6367.61 Not-A.Brand/99  Safari/537.36"
185.147.125.22 - - [23/Dec/2024:00:22:54 +0530] "POST /contact.php HTTP/1.0" 200 40557 "https://sqarextechnologies.com/contact.php" "Mozilla/5.0 (Windows NT 10.0; Win64; x64; ) AppleWebKit/537.36 (KHTML, like Gecko) Chrome/124.0.6367.61 Chrome/124.0.6367.61 Not-A.Brand/99  Safari/537.36"
128.199.249.79 - - [23/Dec/2024:00:32:33 +0530] "GET //wp-includes/ID3/license.txt HTTP/1.1" 200 163502 "-" "Mozilla/5.0 (Windows NT 10.0; Win64; x64) AppleWebKit/537.36 (KHTML, like Gecko) Chrome/95.0.4638.69 Safari/537.36"
128.199.249.79 - - [23/Dec/2024:00:32:33 +0530] "GET //feed/ HTTP/1.1" 200 163502 "-" "Mozilla/5.0 (Windows NT 10.0; Win64; x64) AppleWebKit/537.36 (KHTML, like Gecko) Chrome/95.0.4638.69 Safari/537.36"
128.199.249.79 - - [23/Dec/2024:00:32:34 +0530] "GET //xmlrpc.php?rsd HTTP/1.1" 200 163502 "-" "Mozilla/5.0 (Windows NT 10.0; Win64; x64) AppleWebKit/537.36 (KHTML, like Gecko) Chrome/95.0.4638.69 Safari/537.36"
128.199.249.79 - - [23/Dec/2024:00:32:34 +0530] "GET //blog/wp-includes/wlwmanifest.xml HTTP/1.1" 200 163502 "-" "Mozilla/5.0 (Windows NT 10.0; Win64; x64) AppleWebKit/537.36 (KHTML, like Gecko) Chrome/95.0.4638.69 Safari/537.36"
128.199.249.79 - - [23/Dec/2024:00:32:34 +0530] "GET //web/wp-includes/wlwmanifest.xml HTTP/1.1" 200 163502 "-" "Mozilla/5.0 (Windows NT 10.0; Win64; x64) AppleWebKit/537.36 (KHTML, like Gecko) Chrome/95.0.4638.69 Safari/537.36"
128.199.249.79 - - [23/Dec/2024:00:32:34 +0530] "GET //wordpress/wp-includes/wlwmanifest.xml HTTP/1.1" 200 163502 "-" "Mozilla/5.0 (Windows NT 10.0; Win64; x64) AppleWebKit/537.36 (KHTML, like Gecko) Chrome/95.0.4638.69 Safari/537.36"
128.199.249.79 - - [23/Dec/2024:00:32:35 +0530] "GET //wp/wp-includes/wlwmanifest.xml HTTP/1.1" 200 163502 "-" "Mozilla/5.0 (Windows NT 10.0; Win64; x64) AppleWebKit/537.36 (KHTML, like Gecko) Chrome/95.0.4638.69 Safari/537.36"
128.199.249.79 - - [23/Dec/2024:00:32:35 +0530] "GET //2020/wp-includes/wlwmanifest.xml HTTP/1.1" 200 163502 "-" "Mozilla/5.0 (Windows NT 10.0; Win64; x64) AppleWebKit/537.36 (KHTML, like Gecko) Chrome/95.0.4638.69 Safari/537.36"
128.199.249.79 - - [23/Dec/2024:00:32:35 +0530] "GET //2019/wp-includes/wlwmanifest.xml HTTP/1.1" 200 163502 "-" "Mozilla/5.0 (Windows NT 10.0; Win64; x64) AppleWebKit/537.36 (KHTML, like Gecko) Chrome/95.0.4638.69 Safari/537.36"
128.199.249.79 - - [23/Dec/2024:00:32:35 +0530] "GET //2021/wp-includes/wlwmanifest.xml HTTP/1.1" 200 163502 "-" "Mozilla/5.0 (Windows NT 10.0; Win64; x64) AppleWebKit/537.36 (KHTML, like Gecko) Chrome/95.0.4638.69 Safari/537.36"
128.199.249.79 - - [23/Dec/2024:00:32:35 +0530] "GET //shop/wp-includes/wlwmanifest.xml HTTP/1.1" 200 163502 "-" "Mozilla/5.0 (Windows NT 10.0; Win64; x64) AppleWebKit/537.36 (KHTML, like Gecko) Chrome/95.0.4638.69 Safari/537.36"
128.199.249.79 - - [23/Dec/2024:00:32:36 +0530] "GET //wp1/wp-includes/wlwmanifest.xml HTTP/1.1" 200 163502 "-" "Mozilla/5.0 (Windows NT 10.0; Win64; x64) AppleWebKit/537.36 (KHTML, like Gecko) Chrome/95.0.4638.69 Safari/537.36"
128.199.249.79 - - [23/Dec/2024:00:32:36 +0530] "GET //test/wp-includes/wlwmanifest.xml HTTP/1.1" 200 163502 "-" "Mozilla/5.0 (Windows NT 10.0; Win64; x64) AppleWebKit/537.36 (KHTML, like Gecko) Chrome/95.0.4638.69 Safari/537.36"
128.199.249.79 - - [23/Dec/2024:00:32:36 +0530] "GET //site/wp-includes/wlwmanifest.xml HTTP/1.1" 200 163502 "-" "Mozilla/5.0 (Windows NT 10.0; Win64; x64) AppleWebKit/537.36 (KHTML, like Gecko) Chrome/95.0.4638.69 Safari/537.36"
128.199.249.79 - - [23/Dec/2024:00:32:36 +0530] "GET //cms/wp-includes/wlwmanifest.xml HTTP/1.1" 200 163502 "-" "Mozilla/5.0 (Windows NT 10.0; Win64; x64) AppleWebKit/537.36 (KHTML, like Gecko) Chrome/95.0.4638.69 Safari/537.36"
185.147.125.22 - - [23/Dec/2024:00:22:53 +0530] "GET /contact.php HTTP/1.0" 200 40299 "https://sqarextechnologies.com/contact.php" "Mozilla/5.0 (Windows NT 10.0; Win64; x64; ) AppleWebKit/537.36 (KHTML, like Gecko) Chrome/124.0.6367.61 Chrome/124.0.6367.61 Not-A.Brand/99  Safari/537.36"
185.147.125.22 - - [23/Dec/2024:00:45:22 +0530] "GET / HTTP/1.0" 200 163502 "https://sqarextechnologies.com/" "Mozilla/5.0 (Windows NT 10.0.0; Win64; x64; ) AppleWebKit/537.36 (KHTML, like Gecko) Chrome/124.0.6367.61 Chrome/124.0.6367.61 Not-A.Brand/99  Safari/537.36"
185.147.125.22 - - [23/Dec/2024:00:45:26 +0530] "GET /contact.php HTTP/1.0" 200 40299 "https://sqarextechnologies.com/contact.php" "Mozilla/5.0 (Windows NT 10.0.0; Win64; x64; ) AppleWebKit/537.36 (KHTML, like Gecko) Chrome/124.0.6367.61 Chrome/124.0.6367.61 Not-A.Brand/99  Safari/537.36"
185.147.125.23 - - [23/Dec/2024:00:46:11 +0530] "GET / HTTP/1.0" 200 163502 "https://sqarextechnologies.com/" "Mozilla/5.0 (Windows NT 10.0.0; Win64; x64; ) AppleWebKit/537.36 (KHTML, like Gecko) Chrome/124.0.6367.63 Chrome/124.0.6367.63 Not-A.Brand/99  Safari/537.36"
128.199.249.79 - - [23/Dec/2024:00:50:31 +0530] "GET /wp-login.php HTTP/1.1" 200 163502 "-" "-"
128.199.249.79 - - [23/Dec/2024:00:50:32 +0530] "GET /wp-login.php HTTP/1.1" 200 163502 "-" "-"
128.199.249.79 - - [23/Dec/2024:00:50:32 +0530] "GET /wp-login.php HTTP/1.1" 200 163502 "-" "-"
128.199.249.79 - - [23/Dec/2024:00:50:32 +0530] "GET /wp-login.php HTTP/1.1" 200 163502 "-" "-"
185.147.125.22 - - [23/Dec/2024:00:42:18 +0530] "GET / HTTP/1.0" 200 163502 "https://sqarextechnologies.com/" "Mozilla/5.0 (Windows NT 15.0.0; Win64; x64; ) AppleWebKit/537.36 (KHTML, like Gecko) Chrome/124.0.6367.119 Chrome/124.0.6367.119 Not-A.Brand/99  Safari/537.36"
185.147.125.22 - - [23/Dec/2024:00:42:18 +0530] "GET /contact.php HTTP/1.0" 200 40299 "https://sqarextechnologies.com/contact.php" "Mozilla/5.0 (Windows NT 15.0.0; Win64; x64; ) AppleWebKit/537.36 (KHTML, like Gecko) Chrome/124.0.6367.119 Chrome/124.0.6367.119 Not-A.Brand/99  Safari/537.36"
185.147.125.22 - - [23/Dec/2024:00:42:18 +0530] "POST /contact.php HTTP/1.0" 200 40557 "https://sqarextechnologies.com/contact.php" "Mozilla/5.0 (Windows NT 15.0.0; Win64; x64; ) AppleWebKit/537.36 (KHTML, like Gecko) Chrome/124.0.6367.119 Chrome/124.0.6367.119 Not-A.Brand/99  Safari/537.36"
185.147.125.22 - - [23/Dec/2024:00:45:27 +0530] "POST /contact.php HTTP/1.0" 200 40557 "https://sqarextechnologies.com/contact.php" "Mozilla/5.0 (Windows NT 10.0.0; Win64; x64; ) AppleWebKit/537.36 (KHTML, like Gecko) Chrome/124.0.6367.61 Chrome/124.0.6367.61 Not-A.Brand/99  Safari/537.36"
185.147.125.23 - - [23/Dec/2024:00:46:11 +0530] "GET /contact.php HTTP/1.0" 200 40299 "https://sqarextechnologies.com/contact.php" "Mozilla/5.0 (Windows NT 10.0.0; Win64; x64; ) AppleWebKit/537.36 (KHTML, like Gecko) Chrome/124.0.6367.63 Chrome/124.0.6367.63 Not-A.Brand/99  Safari/537.36"
185.147.125.23 - - [23/Dec/2024:00:46:11 +0530] "POST /contact.php HTTP/1.0" 200 40557 "https://sqarextechnologies.com/contact.php" "Mozilla/5.0 (Windows NT 10.0.0; Win64; x64; ) AppleWebKit/537.36 (KHTML, like Gecko) Chrome/124.0.6367.63 Chrome/124.0.6367.63 Not-A.Brand/99  Safari/537.36"
64.227.40.54 - - [23/Dec/2024:00:59:11 +0530] "GET / HTTP/1.1" 200 34674 "-" "Mozilla/5.0 (compatible)"
64.227.40.54 - - [23/Dec/2024:00:59:16 +0530] "GET /images/logo/letter-s.png HTTP/1.1" 200 25502 "https://sqarextechnologies.com/" "Mozilla/5.0 (compatible)"

Zerion Mini Shell 1.0